{"id":7402,"date":"2022-12-19T22:05:51","date_gmt":"2022-12-19T21:05:51","guid":{"rendered":"https:\/\/noaksark.org\/stockholm\/?page_id=7402"},"modified":"2026-02-18T15:32:50","modified_gmt":"2026-02-18T14:32:50","slug":"personuppgiftspolicy","status":"publish","type":"page","link":"https:\/\/noaksark.org\/stockholm\/om-oss\/personuppgiftspolicy\/","title":{"rendered":"Personuppgiftspolicy"},"content":{"rendered":"\n<h2 class=\"wp-block-heading\" id=\"h-behandling-av-personuppgifter\">Behandling av personuppgifter<\/h2>\n\n\n\n<p>Noaks Ark Stockholm v\u00e4rnar om din personliga integritet. H\u00e4r kan du l\u00e4sa om hur vi behandlar personuppgifter inom v\u00e5r verksamhet \u2013 b\u00e5de inom den allm\u00e4na organisationen i stort och p\u00e5 testmottagningen. Vilken policy som g\u00e4ller beror p\u00e5 din kontakt med oss.<\/p>\n\n\n\n<div style=\"height:61px\" aria-hidden=\"true\" class=\"wp-block-spacer\"><\/div>\n\n\n\n<h4 class=\"wp-block-heading\" id=\"h-allman-personuppgiftspolicy\">Allm\u00e4n personuppgiftspolicy<\/h4>\n\n\n\n<p>F\u00f6r medlemmar, webbplatsbes\u00f6kare, utbildningsdeltagare, givare och prenumeranter.<\/p>\n\n\n\n\n<a href=\"https:\/\/noaksark.org\/stockholm\/wp-content\/uploads\/sites\/2\/2026\/02\/Personuppgiftspolicy-Noaks-Ark-Stockholm-Allman.pdf\" target=\"_blank\" class=\"filebox-block\">\n    <i class=\"fal fs-4 me-3 fa-file-pdf\"><\/i>\n    <span class=\"filebox-text-content\">\n        <span class=\"filebox-title\">Allm\u00e4n personuppgiftspolicy<\/span>\n        <span class=\"filebox-meta\"><small><i>Personuppgiftspolicy-Noaks-Ark-Stockholm-Allman.pdf<\/i><\/small><\/span>\n    <\/span>\n    <i class=\"download-icon fa-regular fa-cloud-arrow-down\"><\/i>\n<\/a>\n\n\n\n\n<div style=\"height:36px\" aria-hidden=\"true\" class=\"wp-block-spacer\"><\/div>\n\n\n\n<h4 class=\"wp-block-heading\" id=\"h-personuppgiftspolicy-for-vardverksamhet\">Personuppgiftspolicy f\u00f6r v\u00e5rdverksamhet<\/h4>\n\n\n\n<p>F\u00f6r dig som \u00e4r bes\u00f6kare p\u00e5 testverksamheten, eller andra delar kopplade till v\u00e5rdverksamheten som bes\u00f6k f\u00f6r sexuell h\u00e4lsa, terapi eller familjer\u00e5dgivning.<\/p>\n\n\n\n\n<a href=\"https:\/\/noaksark.org\/stockholm\/wp-content\/uploads\/sites\/2\/2026\/02\/Personuppgiftspolicy-Noaks-Ark-Stockholm-vardverksamhet.pdf\" target=\"_blank\" class=\"filebox-block\">\n    <i class=\"fal fs-4 me-3 fa-file-pdf\"><\/i>\n    <span class=\"filebox-text-content\">\n        <span class=\"filebox-title\">Personuppgiftspolicy v\u00e5rdverksamhet<\/span>\n        <span class=\"filebox-meta\"><small><i>Personuppgiftspolicy-Noaks-Ark-Stockholm-vardverksamhet.pdf<\/i><\/small><\/span>\n    <\/span>\n    <i class=\"download-icon fa-regular fa-cloud-arrow-down\"><\/i>\n<\/a>\n\n\n\n\n<div style=\"height:60px\" aria-hidden=\"true\" class=\"wp-block-spacer\"><\/div>\n\n\n\n<h3 class=\"wp-block-heading\" id=\"h-kontakta-oss\">Kontakta oss<\/h3>\n\n\n\n<p>Om du har fr\u00e5gor om hur vi behandlar dina personuppgifter, eller om du vill ut\u00f6va n\u00e5gon av dina r\u00e4ttigheter enligt denna policy, \u00e4r du v\u00e4lkommen att kontakta oss. Du n\u00e5r oss enklast via e\u2011post p\u00e5 <a href=\"mailto:info.stockholm@noaksark.org\">info.stockholm@noaksark.org<\/a>, s\u00e5 \u00e5terkommer vi s\u00e5 snart som m\u00f6jligt.<\/p>\n","protected":false},"excerpt":{"rendered":"<p>Behandling av personuppgifter Noaks Ark Stockholm v\u00e4rnar om din personliga integritet. H\u00e4r kan du l\u00e4sa om hur vi behandlar personuppgifter inom v\u00e5r verksamhet \u2013 b\u00e5de inom den allm\u00e4na organisationen i stort och p\u00e5 testmottagningen. Vilken&#8230;<\/p>\n","protected":false},"author":27,"featured_media":0,"parent":48,"menu_order":8,"comment_status":"closed","ping_status":"closed","template":"","meta":{"_acf_changed":false,"footnotes":""},"class_list":["post-7402","page","type-page","status-publish","hentry"],"acf":[],"yoast_head":"<!-- This site is optimized with the Yoast SEO Premium plugin v27.4 (Yoast SEO v27.4) - https:\/\/yoast.com\/product\/yoast-seo-premium-wordpress\/ -->\n<title>Noaks Ark Stockholm<\/title>\n<meta name=\"robots\" content=\"index, follow, max-snippet:-1, max-image-preview:large, max-video-preview:-1\" \/>\n<link rel=\"canonical\" href=\"https:\/\/noaksark.org\/stockholm\/om-oss\/personuppgiftspolicy\/\" \/>\n<meta property=\"og:locale\" content=\"sv_SE\" \/>\n<meta property=\"og:type\" content=\"article\" \/>\n<meta property=\"og:title\" content=\"Personuppgiftspolicy\" \/>\n<meta property=\"og:description\" content=\"Behandling av personuppgifter Noaks Ark Stockholm v\u00e4rnar om din personliga integritet. H\u00e4r kan du l\u00e4sa om hur vi behandlar personuppgifter inom v\u00e5r verksamhet \u2013 b\u00e5de inom den allm\u00e4na organisationen i stort och p\u00e5 testmottagningen. Vilken...\" \/>\n<meta property=\"og:url\" content=\"https:\/\/noaksark.org\/stockholm\/om-oss\/personuppgiftspolicy\/\" \/>\n<meta property=\"og:site_name\" content=\"Noaks Ark Stockholm\" \/>\n<meta property=\"article:publisher\" content=\"https:\/\/www.facebook.com\/noaksarkstockholm\" \/>\n<meta property=\"article:modified_time\" content=\"2026-02-18T14:32:50+00:00\" \/>\n<meta name=\"twitter:card\" content=\"summary_large_image\" \/>\n<meta name=\"twitter:label1\" content=\"Ber\u00e4knad l\u00e4stid\" \/>\n\t<meta name=\"twitter:data1\" content=\"1 minut\" \/>\n<script type=\"application\/ld+json\" class=\"yoast-schema-graph\">{\"@context\":\"https:\\\/\\\/schema.org\",\"@graph\":[{\"@type\":\"WebPage\",\"@id\":\"https:\\\/\\\/noaksark.org\\\/stockholm\\\/om-oss\\\/personuppgiftspolicy\\\/\",\"url\":\"https:\\\/\\\/noaksark.org\\\/stockholm\\\/om-oss\\\/personuppgiftspolicy\\\/\",\"name\":\"\",\"isPartOf\":{\"@id\":\"https:\\\/\\\/noaksark.org\\\/stockholm\\\/#website\"},\"datePublished\":\"2022-12-19T21:05:51+00:00\",\"dateModified\":\"2026-02-18T14:32:50+00:00\",\"breadcrumb\":{\"@id\":\"https:\\\/\\\/noaksark.org\\\/stockholm\\\/om-oss\\\/personuppgiftspolicy\\\/#breadcrumb\"},\"inLanguage\":\"sv-SE\",\"potentialAction\":[{\"@type\":\"ReadAction\",\"target\":[\"https:\\\/\\\/noaksark.org\\\/stockholm\\\/om-oss\\\/personuppgiftspolicy\\\/\"]}]},{\"@type\":\"BreadcrumbList\",\"@id\":\"https:\\\/\\\/noaksark.org\\\/stockholm\\\/om-oss\\\/personuppgiftspolicy\\\/#breadcrumb\",\"itemListElement\":[{\"@type\":\"ListItem\",\"position\":1,\"name\":\"Home\",\"item\":\"https:\\\/\\\/noaksark.org\\\/stockholm\\\/\"},{\"@type\":\"ListItem\",\"position\":2,\"name\":\"Om oss\",\"item\":\"https:\\\/\\\/noaksark.org\\\/stockholm\\\/om-oss\\\/\"},{\"@type\":\"ListItem\",\"position\":3,\"name\":\"Personuppgiftspolicy\"}]},{\"@type\":\"WebSite\",\"@id\":\"https:\\\/\\\/noaksark.org\\\/stockholm\\\/#website\",\"url\":\"https:\\\/\\\/noaksark.org\\\/stockholm\\\/\",\"name\":\"Noaks Ark Stockholm\",\"description\":\"\",\"publisher\":{\"@id\":\"https:\\\/\\\/noaksark.org\\\/stockholm\\\/#organization\"},\"potentialAction\":[{\"@type\":\"SearchAction\",\"target\":{\"@type\":\"EntryPoint\",\"urlTemplate\":\"https:\\\/\\\/noaksark.org\\\/stockholm\\\/?s={search_term_string}\"},\"query-input\":{\"@type\":\"PropertyValueSpecification\",\"valueRequired\":true,\"valueName\":\"search_term_string\"}}],\"inLanguage\":\"sv-SE\"},{\"@type\":\"Organization\",\"@id\":\"https:\\\/\\\/noaksark.org\\\/stockholm\\\/#organization\",\"name\":\"Noaks Ark Stockholm\",\"url\":\"https:\\\/\\\/noaksark.org\\\/stockholm\\\/\",\"logo\":{\"@type\":\"ImageObject\",\"inLanguage\":\"sv-SE\",\"@id\":\"https:\\\/\\\/noaksark.org\\\/stockholm\\\/#\\\/schema\\\/logo\\\/image\\\/\",\"url\":\"https:\\\/\\\/noaksark.org\\\/stockholm\\\/wp-content\\\/uploads\\\/sites\\\/2\\\/2022\\\/08\\\/noaks-ark-nyheter-vad-betyder-noaks-ark-for-dig.jpg\",\"contentUrl\":\"https:\\\/\\\/noaksark.org\\\/stockholm\\\/wp-content\\\/uploads\\\/sites\\\/2\\\/2022\\\/08\\\/noaks-ark-nyheter-vad-betyder-noaks-ark-for-dig.jpg\",\"width\":1000,\"height\":1000,\"caption\":\"Noaks Ark Stockholm\"},\"image\":{\"@id\":\"https:\\\/\\\/noaksark.org\\\/stockholm\\\/#\\\/schema\\\/logo\\\/image\\\/\"},\"sameAs\":[\"https:\\\/\\\/www.facebook.com\\\/noaksarkstockholm\",\"https:\\\/\\\/www.instagram.com\\\/noaksarkstockholm\\\/\",\"https:\\\/\\\/se.linkedin.com\\\/company\\\/noaks-ark-stockholm\"]}]}<\/script>\n<!-- \/ Yoast SEO Premium plugin. -->","yoast_head_json":{"title":"Noaks Ark Stockholm","robots":{"index":"index","follow":"follow","max-snippet":"max-snippet:-1","max-image-preview":"max-image-preview:large","max-video-preview":"max-video-preview:-1"},"canonical":"https:\/\/noaksark.org\/stockholm\/om-oss\/personuppgiftspolicy\/","og_locale":"sv_SE","og_type":"article","og_title":"Personuppgiftspolicy","og_description":"Behandling av personuppgifter Noaks Ark Stockholm v\u00e4rnar om din personliga integritet. H\u00e4r kan du l\u00e4sa om hur vi behandlar personuppgifter inom v\u00e5r verksamhet \u2013 b\u00e5de inom den allm\u00e4na organisationen i stort och p\u00e5 testmottagningen. Vilken...","og_url":"https:\/\/noaksark.org\/stockholm\/om-oss\/personuppgiftspolicy\/","og_site_name":"Noaks Ark Stockholm","article_publisher":"https:\/\/www.facebook.com\/noaksarkstockholm","article_modified_time":"2026-02-18T14:32:50+00:00","twitter_card":"summary_large_image","twitter_misc":{"Ber\u00e4knad l\u00e4stid":"1 minut"},"schema":{"@context":"https:\/\/schema.org","@graph":[{"@type":"WebPage","@id":"https:\/\/noaksark.org\/stockholm\/om-oss\/personuppgiftspolicy\/","url":"https:\/\/noaksark.org\/stockholm\/om-oss\/personuppgiftspolicy\/","name":"","isPartOf":{"@id":"https:\/\/noaksark.org\/stockholm\/#website"},"datePublished":"2022-12-19T21:05:51+00:00","dateModified":"2026-02-18T14:32:50+00:00","breadcrumb":{"@id":"https:\/\/noaksark.org\/stockholm\/om-oss\/personuppgiftspolicy\/#breadcrumb"},"inLanguage":"sv-SE","potentialAction":[{"@type":"ReadAction","target":["https:\/\/noaksark.org\/stockholm\/om-oss\/personuppgiftspolicy\/"]}]},{"@type":"BreadcrumbList","@id":"https:\/\/noaksark.org\/stockholm\/om-oss\/personuppgiftspolicy\/#breadcrumb","itemListElement":[{"@type":"ListItem","position":1,"name":"Home","item":"https:\/\/noaksark.org\/stockholm\/"},{"@type":"ListItem","position":2,"name":"Om oss","item":"https:\/\/noaksark.org\/stockholm\/om-oss\/"},{"@type":"ListItem","position":3,"name":"Personuppgiftspolicy"}]},{"@type":"WebSite","@id":"https:\/\/noaksark.org\/stockholm\/#website","url":"https:\/\/noaksark.org\/stockholm\/","name":"Noaks Ark Stockholm","description":"","publisher":{"@id":"https:\/\/noaksark.org\/stockholm\/#organization"},"potentialAction":[{"@type":"SearchAction","target":{"@type":"EntryPoint","urlTemplate":"https:\/\/noaksark.org\/stockholm\/?s={search_term_string}"},"query-input":{"@type":"PropertyValueSpecification","valueRequired":true,"valueName":"search_term_string"}}],"inLanguage":"sv-SE"},{"@type":"Organization","@id":"https:\/\/noaksark.org\/stockholm\/#organization","name":"Noaks Ark Stockholm","url":"https:\/\/noaksark.org\/stockholm\/","logo":{"@type":"ImageObject","inLanguage":"sv-SE","@id":"https:\/\/noaksark.org\/stockholm\/#\/schema\/logo\/image\/","url":"https:\/\/noaksark.org\/stockholm\/wp-content\/uploads\/sites\/2\/2022\/08\/noaks-ark-nyheter-vad-betyder-noaks-ark-for-dig.jpg","contentUrl":"https:\/\/noaksark.org\/stockholm\/wp-content\/uploads\/sites\/2\/2022\/08\/noaks-ark-nyheter-vad-betyder-noaks-ark-for-dig.jpg","width":1000,"height":1000,"caption":"Noaks Ark Stockholm"},"image":{"@id":"https:\/\/noaksark.org\/stockholm\/#\/schema\/logo\/image\/"},"sameAs":["https:\/\/www.facebook.com\/noaksarkstockholm","https:\/\/www.instagram.com\/noaksarkstockholm\/","https:\/\/se.linkedin.com\/company\/noaks-ark-stockholm"]}]}},"_links":{"self":[{"href":"https:\/\/noaksark.org\/stockholm\/wp-json\/wp\/v2\/pages\/7402","targetHints":{"allow":["GET"]}}],"collection":[{"href":"https:\/\/noaksark.org\/stockholm\/wp-json\/wp\/v2\/pages"}],"about":[{"href":"https:\/\/noaksark.org\/stockholm\/wp-json\/wp\/v2\/types\/page"}],"author":[{"embeddable":true,"href":"https:\/\/noaksark.org\/stockholm\/wp-json\/wp\/v2\/users\/27"}],"replies":[{"embeddable":true,"href":"https:\/\/noaksark.org\/stockholm\/wp-json\/wp\/v2\/comments?post=7402"}],"version-history":[{"count":17,"href":"https:\/\/noaksark.org\/stockholm\/wp-json\/wp\/v2\/pages\/7402\/revisions"}],"predecessor-version":[{"id":12791,"href":"https:\/\/noaksark.org\/stockholm\/wp-json\/wp\/v2\/pages\/7402\/revisions\/12791"}],"up":[{"embeddable":true,"href":"https:\/\/noaksark.org\/stockholm\/wp-json\/wp\/v2\/pages\/48"}],"wp:attachment":[{"href":"https:\/\/noaksark.org\/stockholm\/wp-json\/wp\/v2\/media?parent=7402"}],"curies":[{"name":"wp","href":"https:\/\/api.w.org\/{rel}","templated":true}]}}