{"id":46,"date":"2022-11-21T07:26:17","date_gmt":"2022-11-21T07:26:17","guid":{"rendered":"https:\/\/noaksark.test\/stockholm\/?page_id=46"},"modified":"2025-10-29T13:56:09","modified_gmt":"2025-10-29T12:56:09","slug":"hivtest","status":"publish","type":"page","link":"https:\/\/noaksark.org\/stockholm\/hivtest\/","title":{"rendered":"Hivtest"},"content":{"rendered":"\n<h2 class=\"wp-block-heading\" id=\"h-hivtest-i-stockholm-med-snabbsvar-drop-in-och-tidsbokade-besok\">Hivtest i Stockholm med snabbsvar | Drop- in och tidsbokade bes\u00f6k<\/h2>\n\n\n\n<p><strong>Alla \u00e4r v\u00e4lkomna<\/strong><\/p>\n\n\n\n<p>Det \u00e4r viktigt att tidigt f\u00e5 veta om man har hiv eftersom det ger m\u00f6jlighet till b\u00e4ttre v\u00e5rd och behandling och \u00e4ven bidrar till minskad smittspridning. Noaks Ark erbjuder d\u00e4rf\u00f6r hivtest i Stockholm och hos oss kan du hivtesta dig enkelt och kostnadsfritt med ett snabbtest. Efter ett stick i fingret f\u00e5r du ditt svar inom 20 minuter. I v\u00e4ntan p\u00e5 svaret finns m\u00f6jlighet att samtala och st\u00e4lla fr\u00e5gor om hiv och olika k\u00f6nssjukdomar. Erfaren personal finns med hela tiden och omfattas av sekretess, du kan vara anonym. Du kan \u00e4ven v\u00e4nda dig till <a href=\"https:\/\/temp.greatgraphics.se\/noaksark\/for-dig\/noaks-ark-direkt\/\">Noaks Ark Direkt<\/a> om du har fr\u00e5gor hiv eller andra sexuellt \u00f6verf\u00f6rbara och blodburna sjukdomar.<\/p>\n\n\n\n<p>Vi erbjuder hivtest i Stockholm b\u00e5de som drop in och genom bokade bes\u00f6k p\u00e5 helgfria vardagar centralt i Stockholm, Eriksbergsgatan 46. N\u00e4rmaste t-banestation \u00e4r R\u00e5dmansgatan. Vi kan ta emot bes\u00f6kare i mindre rullstol.<\/p>\n\n\n\n<div class=\"wp-block-columns mt-5 is-layout-flex wp-container-core-columns-is-layout-9d6595d7 wp-block-columns-is-layout-flex\">\n<div class=\"wp-block-column p-4 has-white-color has-text-color has-background is-layout-flow wp-block-column-is-layout-flow\" style=\"background-color:#84468d\">\n<i style=\"font-size:4em\" class=\"fa-thin fa-buildings mb-3\"><\/i>\n\n\n\n<h3 class=\"wp-block-heading\" id=\"h-drop-in-for-hivtest-hiv-test-drop-in-clinic\">Drop in f\u00f6r hivtest<br>HIV test \u2013 Drop in clinic<\/h3>\n\n\n\n<h3 class=\"wp-block-heading\" id=\"h-eriksbergsgatan-46-stockholm\">Eriksbergsgatan 46, Stockholm<\/h3>\n\n\n\n<p>Varje helgfri onsdag har vi drop in p\u00e5 v\u00e5r testmottagning f\u00f6r hivtestning med snabbsvar. <strong>Kom&nbsp;mellan klockan 16 och 20 till Eriksbergsgatan 46.<\/strong><\/p>\n\n\n\n<p>Every Wednesday we have drop in clinic for rapid HIV test. <strong>Visit us between 4 and 8 PM at Eriksbergsgatan 46, Stockholm.<\/strong><\/p>\n\n\n\n<h4 class=\"wp-block-heading\" id=\"h-varje-helgfri-onsdag-klockan-16-20\">Varje helgfri onsdag<br>klockan 16\u201320<\/h4>\n\n\n\n<h3 class=\"wp-block-heading\" id=\"h-valkommen\">V\u00e4lkommen!<\/h3>\n<\/div>\n\n\n\n<div class=\"wp-block-column p-4 has-white-color has-text-color has-background is-layout-flow wp-block-column-is-layout-flow\" style=\"background-color:#a41352\">\n<i style=\"font-size:4em\" class=\"fa-thin fa-calendar-days mb-3\"><\/i>\n\n\n\n<h3 class=\"wp-block-heading\" id=\"h-boka-tid-for-hivtest-book-an-appointment\">Boka tid f\u00f6r hivtest<br>Book an appointment<\/h3>\n\n\n\n<h3 class=\"wp-block-heading\" id=\"h-eriksbergsgatan-46-stockholm-0\"><strong>Eriksbergsgatan 46, Stockholm<\/strong><\/h3>\n\n\n\n<p>Vill du hellre boka en tid som passar dig? H\u00e4r kan du anv\u00e4nda v\u00e5r onlinebokning f\u00f6r att direkt se n\u00e4r det finns ledig tid.&nbsp;Tidsbokade bes\u00f6k kan bokas in helgfria vardagar, p\u00e5 onsdagar har vi kv\u00e4llstider.&nbsp;\u00c4r ni tv\u00e5 som vill testa er samtidigt? Boka en tid och kom tillsammans till den bokade tiden.<\/p>\n\n\n\n<p>Do you prefer to book an appointment? Use our online booking.<\/p>\n\n\n\n<h3 class=\"wp-block-heading\" id=\"h-helgfria-vardagar\">Helgfria vardagar<\/h3>\n\n\n\n<div class=\"wp-block-buttons is-layout-flex wp-block-buttons-is-layout-flex\">\n<div class=\"wp-block-button mt-2\"><a class=\"wp-block-button__link has-white-background-color has-text-color has-background wp-element-button\" href=\"https:\/\/system.easypractice.net\/book\/noaks-ark-stockholm#choose-service\" style=\"color:#a41352\" target=\"_blank\" rel=\"noreferrer noopener\">Till onlinebokningen<\/a><\/div>\n<\/div>\n<\/div>\n<\/div>\n\n\n<div class=\"contact-cards\"><div class=\"row\">\n        <div class=\"col-12 mb-4 d-flex\">\n            <div class=\"contact-item contact-width-50\">\n                <div class=\"contact-content p-4 pe-7\">\n                    <h5>Kenneth Fj\u00e4llborg<\/h5>\n                    <h6>St\u00f6dperson, socionom. Vikarierande teamledare testmottagningen. <\/h6>\n                      \n                        <a href=\"tel:087004603\"><p><i class=\"fa-regular fa-mobile\"><\/i>08\u2013700 46 03<\/p><\/a>\n                                          \n                        <a href=\"mailto:\"><i class=\"fal fa-envelope\"><\/i>Send email<\/a>\n                                          \n                        <p><i class=\"fal fa-globe-europe\" style=\"color: #E30064\"><\/i> Svenska, English<\/p>\n                                        <div class=\"contact-image-wrapper\">\n                        <div class=\"contact-image\" style=\"background-image: url('https:\/\/noaksark.org\/stockholm\/wp-content\/uploads\/sites\/2\/2022\/11\/D869030-683x1024.jpg');\"><\/div>     \n                    <\/div> \n                <\/div>           \n            <\/div>\n        <\/div> \n        \n        <div class=\"col-12 mb-4 d-flex\">\n            <div class=\"contact-item contact-width-50\">\n                <div class=\"contact-content p-4 pe-7\">\n                    <h5>Lisa George-Svahn<\/h5>\n                    <h6>Projektledare upps\u00f6kande verksamhet, leg. sjuksk\u00f6terska. Medicinskt ansvarig sjuksk\u00f6terska. <\/h6>\n                                          \n                        <a href=\"mailto:\"><i class=\"fal fa-envelope\"><\/i>Send email<\/a>\n                                          \n                        <p><i class=\"fal fa-globe-europe\" style=\"color: #E30064\"><\/i> Svenska, English, Espa\u00f1ol<\/p>\n                                        <div class=\"contact-image-wrapper\">\n                        <div class=\"contact-image\" style=\"background-image: url('https:\/\/noaksark.org\/stockholm\/wp-content\/uploads\/sites\/2\/2024\/04\/MM11951-683x1024.jpg');\"><\/div>     \n                    <\/div> \n                <\/div>           \n            <\/div>\n        <\/div> \n        <\/div><\/div>\n\n\n<h3 class=\"wp-block-heading\" id=\"h-rapid-hiv-testning\">Rapid hiv testning<\/h3>\n\n\n\n<p>A rapid HIV test involves taking a small sample of blood from your finger and you will be given your results within 20 minutes. The test is free of charge and anonymous. While waiting for the result there is time for counseling and getting your questions answered.<\/p>\n\n\n\n<p>We offer drop in for HIV testing on Wednesdays at 4-8 PM, you can also book an appointment online on a time that suits you. Adress: Eriksbergsgatan 46, closest Metro is T-R\u00e5dmansgatan.<\/p>\n\n\n\n<h3 class=\"wp-block-heading\" id=\"h-sexuellt-vald\">Sexuellt v\u00e5ld<\/h3>\n\n\n\n<p>Du kan tryggt prata med personalen h\u00e4r om sexuellt v\u00e5ld och droger eller om du har sex p\u00e5 ett s\u00e4tt du inte m\u00e5r bra av. Vi samarbetar med sjukv\u00e5rden och andra organisationer som vi kan hj\u00e4lpa dig komma i kontakt med om du s\u00e5 \u00f6nskar. Vi har sj\u00e4lvklart tystnadsplikt.<\/p>\n\n\n\n<h3 class=\"wp-block-heading\" id=\"h-intyg\">Intyg <\/h3>\n\n\n\n<p>Vi utf\u00e4rdar intyg vid behov. Ett intyg \u00e4r en formell och personlig handling d\u00e4r leg. sjuksk\u00f6terska intygar i tj\u00e4nst aktuell testresultat f\u00f6r patienten. Patienten beh\u00f6ver d\u00e5 legitimera sig. Intyg ges ut f\u00f6r exempelvis visumans\u00f6kningar och h\u00e4lsounders\u00f6kningar som f\u00f6retag eller myndighet beg\u00e4r. Intyg ges ut mot en kostnad p\u00e5 400 kr som betalas via Swish i samband med testtillf\u00e4llet. Kopia av journalbladet \u00e4r alltid gratis.<\/p>\n\n\n\n<h3 class=\"wp-block-heading\" id=\"h-personal-testmottagningen\">Personal Testmottagningen<\/h3>\n\n\n\n<figure class=\"wp-block-table is-style-stripes has-small-font-size\"><table><tbody><tr><td>Ellen<\/td><\/tr><tr><td>Karin<\/td><\/tr><tr><td>Lena<\/td><\/tr><tr><td>Kajsa<\/td><\/tr><tr><td>Kenneth<\/td><\/tr><tr><td>Rebecka<\/td><\/tr><tr><td>Petra<\/td><\/tr><tr><td>Eeva-Maija<\/td><\/tr><tr><td>Alexandra<\/td><\/tr><\/tbody><\/table><\/figure>\n\n\n\n<h5 class=\"wp-block-heading\" id=\"h-medicinskt-ansvarig\">Medicinskt ansvarig<\/h5>\n\n\n\n<figure class=\"wp-block-table is-style-stripes has-small-font-size\"><table><tbody><tr><td>Lisa George Svahn<\/td><\/tr><tr><td><\/td><\/tr><\/tbody><\/table><\/figure>\n\n\n\n<h5 class=\"wp-block-heading\" id=\"h-verksamhetschef\">Verksamhetschef<\/h5>\n\n\n\n<figure class=\"wp-block-table is-style-stripes has-small-font-size\"><table><tbody><tr><td>Erica Kanon<\/td><\/tr><\/tbody><\/table><\/figure>\n\n\n\n<h5 class=\"wp-block-heading\" id=\"h-referenslaboratorium\">Referenslaboratorium<\/h5>\n\n\n\n<p>Karolinska Universitetslaboratoriet, kundansvarig tel: 08-517 749 92<\/p>\n","protected":false},"excerpt":{"rendered":"<p>Hivtest i Stockholm med snabbsvar | Drop- in och tidsbokade bes\u00f6k Alla \u00e4r v\u00e4lkomna Det \u00e4r viktigt att tidigt f\u00e5 veta om man har hiv eftersom det ger m\u00f6jlighet till b\u00e4ttre v\u00e5rd och behandling och&#8230;<\/p>\n","protected":false},"author":27,"featured_media":292,"parent":0,"menu_order":0,"comment_status":"closed","ping_status":"closed","template":"","meta":{"_acf_changed":false,"footnotes":""},"class_list":["post-46","page","type-page","status-publish","has-post-thumbnail","hentry"],"acf":[],"yoast_head":"<!-- This site is optimized with the Yoast SEO Premium plugin v27.4 (Yoast SEO v27.4) - https:\/\/yoast.com\/product\/yoast-seo-premium-wordpress\/ -->\n<title>Noaks Ark Stockholm - Hivtest Stockholm - Riksf\u00f6rbundet Noaks Ark<\/title>\n<meta name=\"description\" content=\"Hos oss kan du hivtesta dig enkelt, diskret &amp; gratis. Vi erbjuder hivtest med snabbsvar i Stockholm. L\u00e4s mer p\u00e5 Noaksark.org\" \/>\n<meta name=\"robots\" content=\"index, follow, max-snippet:-1, max-image-preview:large, max-video-preview:-1\" \/>\n<link rel=\"canonical\" href=\"https:\/\/noaksark.org\/stockholm\/hivtest\/\" \/>\n<meta property=\"og:locale\" content=\"sv_SE\" \/>\n<meta property=\"og:type\" content=\"article\" \/>\n<meta property=\"og:title\" content=\"Hivtest\" \/>\n<meta property=\"og:description\" content=\"Hos oss kan du hivtesta dig enkelt, diskret &amp; gratis. Vi erbjuder hivtest med snabbsvar i Stockholm. L\u00e4s mer p\u00e5 Noaksark.org\" \/>\n<meta property=\"og:url\" content=\"https:\/\/noaksark.org\/stockholm\/hivtest\/\" \/>\n<meta property=\"og:site_name\" content=\"Noaks Ark Stockholm\" \/>\n<meta property=\"article:publisher\" content=\"https:\/\/www.facebook.com\/noaksarkstockholm\" \/>\n<meta property=\"article:modified_time\" content=\"2025-10-29T12:56:09+00:00\" \/>\n<meta property=\"og:image\" content=\"https:\/\/noaksark.org\/stockholm\/wp-content\/uploads\/sites\/2\/2022\/12\/page-hero-stockholm-hivtest-noaks-ark-1.jpg\" \/>\n\t<meta property=\"og:image:width\" content=\"1500\" \/>\n\t<meta property=\"og:image:height\" content=\"648\" \/>\n\t<meta property=\"og:image:type\" content=\"image\/jpeg\" \/>\n<meta name=\"twitter:card\" content=\"summary_large_image\" \/>\n<meta name=\"twitter:label1\" content=\"Ber\u00e4knad l\u00e4stid\" \/>\n\t<meta name=\"twitter:data1\" content=\"3 minuter\" \/>\n<script type=\"application\/ld+json\" class=\"yoast-schema-graph\">{\"@context\":\"https:\\\/\\\/schema.org\",\"@graph\":[{\"@type\":\"WebPage\",\"@id\":\"https:\\\/\\\/noaksark.org\\\/stockholm\\\/hivtest\\\/\",\"url\":\"https:\\\/\\\/noaksark.org\\\/stockholm\\\/hivtest\\\/\",\"name\":\"Noaks Ark Stockholm - Hivtest Stockholm - Riksf\u00f6rbundet Noaks Ark\",\"isPartOf\":{\"@id\":\"https:\\\/\\\/noaksark.org\\\/stockholm\\\/#website\"},\"primaryImageOfPage\":{\"@id\":\"https:\\\/\\\/noaksark.org\\\/stockholm\\\/hivtest\\\/#primaryimage\"},\"image\":{\"@id\":\"https:\\\/\\\/noaksark.org\\\/stockholm\\\/hivtest\\\/#primaryimage\"},\"thumbnailUrl\":\"https:\\\/\\\/noaksark.org\\\/stockholm\\\/wp-content\\\/uploads\\\/sites\\\/2\\\/2022\\\/12\\\/page-hero-stockholm-hivtest-noaks-ark-1.jpg\",\"datePublished\":\"2022-11-21T07:26:17+00:00\",\"dateModified\":\"2025-10-29T12:56:09+00:00\",\"description\":\"Hos oss kan du hivtesta dig enkelt, diskret & gratis. Vi erbjuder hivtest med snabbsvar i Stockholm. L\u00e4s mer p\u00e5 Noaksark.org\",\"breadcrumb\":{\"@id\":\"https:\\\/\\\/noaksark.org\\\/stockholm\\\/hivtest\\\/#breadcrumb\"},\"inLanguage\":\"sv-SE\",\"potentialAction\":[{\"@type\":\"ReadAction\",\"target\":[\"https:\\\/\\\/noaksark.org\\\/stockholm\\\/hivtest\\\/\"]}]},{\"@type\":\"ImageObject\",\"inLanguage\":\"sv-SE\",\"@id\":\"https:\\\/\\\/noaksark.org\\\/stockholm\\\/hivtest\\\/#primaryimage\",\"url\":\"https:\\\/\\\/noaksark.org\\\/stockholm\\\/wp-content\\\/uploads\\\/sites\\\/2\\\/2022\\\/12\\\/page-hero-stockholm-hivtest-noaks-ark-1.jpg\",\"contentUrl\":\"https:\\\/\\\/noaksark.org\\\/stockholm\\\/wp-content\\\/uploads\\\/sites\\\/2\\\/2022\\\/12\\\/page-hero-stockholm-hivtest-noaks-ark-1.jpg\",\"width\":1500,\"height\":648,\"caption\":\"Noaks Ark Stockholm - Hivtest Stockholm - Riksf\u00f6rbundet Noaks Ark\"},{\"@type\":\"BreadcrumbList\",\"@id\":\"https:\\\/\\\/noaksark.org\\\/stockholm\\\/hivtest\\\/#breadcrumb\",\"itemListElement\":[{\"@type\":\"ListItem\",\"position\":1,\"name\":\"Home\",\"item\":\"https:\\\/\\\/noaksark.org\\\/stockholm\\\/\"},{\"@type\":\"ListItem\",\"position\":2,\"name\":\"Hivtest\"}]},{\"@type\":\"WebSite\",\"@id\":\"https:\\\/\\\/noaksark.org\\\/stockholm\\\/#website\",\"url\":\"https:\\\/\\\/noaksark.org\\\/stockholm\\\/\",\"name\":\"Noaks Ark Stockholm\",\"description\":\"\",\"publisher\":{\"@id\":\"https:\\\/\\\/noaksark.org\\\/stockholm\\\/#organization\"},\"potentialAction\":[{\"@type\":\"SearchAction\",\"target\":{\"@type\":\"EntryPoint\",\"urlTemplate\":\"https:\\\/\\\/noaksark.org\\\/stockholm\\\/?s={search_term_string}\"},\"query-input\":{\"@type\":\"PropertyValueSpecification\",\"valueRequired\":true,\"valueName\":\"search_term_string\"}}],\"inLanguage\":\"sv-SE\"},{\"@type\":\"Organization\",\"@id\":\"https:\\\/\\\/noaksark.org\\\/stockholm\\\/#organization\",\"name\":\"Noaks Ark Stockholm\",\"url\":\"https:\\\/\\\/noaksark.org\\\/stockholm\\\/\",\"logo\":{\"@type\":\"ImageObject\",\"inLanguage\":\"sv-SE\",\"@id\":\"https:\\\/\\\/noaksark.org\\\/stockholm\\\/#\\\/schema\\\/logo\\\/image\\\/\",\"url\":\"https:\\\/\\\/noaksark.org\\\/stockholm\\\/wp-content\\\/uploads\\\/sites\\\/2\\\/2022\\\/08\\\/noaks-ark-nyheter-vad-betyder-noaks-ark-for-dig.jpg\",\"contentUrl\":\"https:\\\/\\\/noaksark.org\\\/stockholm\\\/wp-content\\\/uploads\\\/sites\\\/2\\\/2022\\\/08\\\/noaks-ark-nyheter-vad-betyder-noaks-ark-for-dig.jpg\",\"width\":1000,\"height\":1000,\"caption\":\"Noaks Ark Stockholm\"},\"image\":{\"@id\":\"https:\\\/\\\/noaksark.org\\\/stockholm\\\/#\\\/schema\\\/logo\\\/image\\\/\"},\"sameAs\":[\"https:\\\/\\\/www.facebook.com\\\/noaksarkstockholm\",\"https:\\\/\\\/www.instagram.com\\\/noaksarkstockholm\\\/\",\"https:\\\/\\\/se.linkedin.com\\\/company\\\/noaks-ark-stockholm\"]}]}<\/script>\n<!-- \/ Yoast SEO Premium plugin. -->","yoast_head_json":{"title":"Noaks Ark Stockholm - Hivtest Stockholm - Riksf\u00f6rbundet Noaks Ark","description":"Hos oss kan du hivtesta dig enkelt, diskret & gratis. Vi erbjuder hivtest med snabbsvar i Stockholm. L\u00e4s mer p\u00e5 Noaksark.org","robots":{"index":"index","follow":"follow","max-snippet":"max-snippet:-1","max-image-preview":"max-image-preview:large","max-video-preview":"max-video-preview:-1"},"canonical":"https:\/\/noaksark.org\/stockholm\/hivtest\/","og_locale":"sv_SE","og_type":"article","og_title":"Hivtest","og_description":"Hos oss kan du hivtesta dig enkelt, diskret & gratis. Vi erbjuder hivtest med snabbsvar i Stockholm. L\u00e4s mer p\u00e5 Noaksark.org","og_url":"https:\/\/noaksark.org\/stockholm\/hivtest\/","og_site_name":"Noaks Ark Stockholm","article_publisher":"https:\/\/www.facebook.com\/noaksarkstockholm","article_modified_time":"2025-10-29T12:56:09+00:00","og_image":[{"width":1500,"height":648,"url":"https:\/\/noaksark.org\/stockholm\/wp-content\/uploads\/sites\/2\/2022\/12\/page-hero-stockholm-hivtest-noaks-ark-1.jpg","type":"image\/jpeg"}],"twitter_card":"summary_large_image","twitter_misc":{"Ber\u00e4knad l\u00e4stid":"3 minuter"},"schema":{"@context":"https:\/\/schema.org","@graph":[{"@type":"WebPage","@id":"https:\/\/noaksark.org\/stockholm\/hivtest\/","url":"https:\/\/noaksark.org\/stockholm\/hivtest\/","name":"Noaks Ark Stockholm - Hivtest Stockholm - Riksf\u00f6rbundet Noaks Ark","isPartOf":{"@id":"https:\/\/noaksark.org\/stockholm\/#website"},"primaryImageOfPage":{"@id":"https:\/\/noaksark.org\/stockholm\/hivtest\/#primaryimage"},"image":{"@id":"https:\/\/noaksark.org\/stockholm\/hivtest\/#primaryimage"},"thumbnailUrl":"https:\/\/noaksark.org\/stockholm\/wp-content\/uploads\/sites\/2\/2022\/12\/page-hero-stockholm-hivtest-noaks-ark-1.jpg","datePublished":"2022-11-21T07:26:17+00:00","dateModified":"2025-10-29T12:56:09+00:00","description":"Hos oss kan du hivtesta dig enkelt, diskret & gratis. Vi erbjuder hivtest med snabbsvar i Stockholm. L\u00e4s mer p\u00e5 Noaksark.org","breadcrumb":{"@id":"https:\/\/noaksark.org\/stockholm\/hivtest\/#breadcrumb"},"inLanguage":"sv-SE","potentialAction":[{"@type":"ReadAction","target":["https:\/\/noaksark.org\/stockholm\/hivtest\/"]}]},{"@type":"ImageObject","inLanguage":"sv-SE","@id":"https:\/\/noaksark.org\/stockholm\/hivtest\/#primaryimage","url":"https:\/\/noaksark.org\/stockholm\/wp-content\/uploads\/sites\/2\/2022\/12\/page-hero-stockholm-hivtest-noaks-ark-1.jpg","contentUrl":"https:\/\/noaksark.org\/stockholm\/wp-content\/uploads\/sites\/2\/2022\/12\/page-hero-stockholm-hivtest-noaks-ark-1.jpg","width":1500,"height":648,"caption":"Noaks Ark Stockholm - Hivtest Stockholm - Riksf\u00f6rbundet Noaks Ark"},{"@type":"BreadcrumbList","@id":"https:\/\/noaksark.org\/stockholm\/hivtest\/#breadcrumb","itemListElement":[{"@type":"ListItem","position":1,"name":"Home","item":"https:\/\/noaksark.org\/stockholm\/"},{"@type":"ListItem","position":2,"name":"Hivtest"}]},{"@type":"WebSite","@id":"https:\/\/noaksark.org\/stockholm\/#website","url":"https:\/\/noaksark.org\/stockholm\/","name":"Noaks Ark Stockholm","description":"","publisher":{"@id":"https:\/\/noaksark.org\/stockholm\/#organization"},"potentialAction":[{"@type":"SearchAction","target":{"@type":"EntryPoint","urlTemplate":"https:\/\/noaksark.org\/stockholm\/?s={search_term_string}"},"query-input":{"@type":"PropertyValueSpecification","valueRequired":true,"valueName":"search_term_string"}}],"inLanguage":"sv-SE"},{"@type":"Organization","@id":"https:\/\/noaksark.org\/stockholm\/#organization","name":"Noaks Ark Stockholm","url":"https:\/\/noaksark.org\/stockholm\/","logo":{"@type":"ImageObject","inLanguage":"sv-SE","@id":"https:\/\/noaksark.org\/stockholm\/#\/schema\/logo\/image\/","url":"https:\/\/noaksark.org\/stockholm\/wp-content\/uploads\/sites\/2\/2022\/08\/noaks-ark-nyheter-vad-betyder-noaks-ark-for-dig.jpg","contentUrl":"https:\/\/noaksark.org\/stockholm\/wp-content\/uploads\/sites\/2\/2022\/08\/noaks-ark-nyheter-vad-betyder-noaks-ark-for-dig.jpg","width":1000,"height":1000,"caption":"Noaks Ark Stockholm"},"image":{"@id":"https:\/\/noaksark.org\/stockholm\/#\/schema\/logo\/image\/"},"sameAs":["https:\/\/www.facebook.com\/noaksarkstockholm","https:\/\/www.instagram.com\/noaksarkstockholm\/","https:\/\/se.linkedin.com\/company\/noaks-ark-stockholm"]}]}},"_links":{"self":[{"href":"https:\/\/noaksark.org\/stockholm\/wp-json\/wp\/v2\/pages\/46","targetHints":{"allow":["GET"]}}],"collection":[{"href":"https:\/\/noaksark.org\/stockholm\/wp-json\/wp\/v2\/pages"}],"about":[{"href":"https:\/\/noaksark.org\/stockholm\/wp-json\/wp\/v2\/types\/page"}],"author":[{"embeddable":true,"href":"https:\/\/noaksark.org\/stockholm\/wp-json\/wp\/v2\/users\/27"}],"replies":[{"embeddable":true,"href":"https:\/\/noaksark.org\/stockholm\/wp-json\/wp\/v2\/comments?post=46"}],"version-history":[{"count":58,"href":"https:\/\/noaksark.org\/stockholm\/wp-json\/wp\/v2\/pages\/46\/revisions"}],"predecessor-version":[{"id":12074,"href":"https:\/\/noaksark.org\/stockholm\/wp-json\/wp\/v2\/pages\/46\/revisions\/12074"}],"wp:featuredmedia":[{"embeddable":true,"href":"https:\/\/noaksark.org\/stockholm\/wp-json\/wp\/v2\/media\/292"}],"wp:attachment":[{"href":"https:\/\/noaksark.org\/stockholm\/wp-json\/wp\/v2\/media?parent=46"}],"curies":[{"name":"wp","href":"https:\/\/api.w.org\/{rel}","templated":true}]}}