{"id":39,"date":"2022-11-21T07:21:35","date_gmt":"2022-11-21T07:21:35","guid":{"rendered":"https:\/\/noaksark.test\/stockholm\/?page_id=39"},"modified":"2025-11-10T11:27:06","modified_gmt":"2025-11-10T10:27:06","slug":"leva-med-hiv","status":"publish","type":"page","link":"https:\/\/noaksark.org\/stockholm\/leva-med-hiv\/","title":{"rendered":"Leva med hiv"},"content":{"rendered":"\n<div class=\"wp-block-cover is-light\"><span aria-hidden=\"true\" class=\"wp-block-cover__background has-background-dim\"><\/span><img loading=\"lazy\" decoding=\"async\" width=\"1024\" height=\"683\" class=\"wp-block-cover__image-background wp-image-8355\" alt=\"\" src=\"https:\/\/noaksark.org\/stockholm\/wp-content\/uploads\/sites\/2\/2022\/12\/D869513-1024x683.jpg\" data-object-fit=\"cover\" srcset=\"https:\/\/noaksark.org\/stockholm\/wp-content\/uploads\/sites\/2\/2022\/12\/D869513-1024x683.jpg 1024w, https:\/\/noaksark.org\/stockholm\/wp-content\/uploads\/sites\/2\/2022\/12\/D869513-300x200.jpg 300w, https:\/\/noaksark.org\/stockholm\/wp-content\/uploads\/sites\/2\/2022\/12\/D869513-768x512.jpg 768w, https:\/\/noaksark.org\/stockholm\/wp-content\/uploads\/sites\/2\/2022\/12\/D869513-1536x1024.jpg 1536w, https:\/\/noaksark.org\/stockholm\/wp-content\/uploads\/sites\/2\/2022\/12\/D869513-2048x1366.jpg 2048w, https:\/\/noaksark.org\/stockholm\/wp-content\/uploads\/sites\/2\/2022\/12\/D869513-150x100.jpg 150w, https:\/\/noaksark.org\/stockholm\/wp-content\/uploads\/sites\/2\/2022\/12\/D869513-1152x768.jpg 1152w\" sizes=\"auto, (max-width: 1024px) 100vw, 1024px\" \/><div class=\"wp-block-cover__inner-container is-layout-flow wp-block-cover-is-layout-flow\">\n<h2 class=\"wp-block-heading has-text-align-center has-large-font-size has-white-color has-text-color\">Gemenskap.<br \/>Kamratskap.<br \/>En s\u00e4ker plats.<\/h2>\n<\/div><\/div>\n\n\n\n<p>Att leva med hiv p\u00e5verkar oss alla olika \u2013 men m\u00e5nga erfarenheter delas. Behovet av st\u00f6d kan ocks\u00e5 f\u00f6r\u00e4ndras \u00f6ver tid. D\u00e4rf\u00f6r erbjuder vi en bredd av insatser f\u00f6r dig som lever med hiv, och ibland \u00e4ven f\u00f6r n\u00e4rst\u00e5ende.<\/p>\n\n\n\n<p>Hos oss arbetar personer med olika kompetenser \u2013 bland annat socionom, sexolog, legitimerad psykoterapeut och kamratst\u00f6djare \u2013 b\u00e5de med och utan egen erfarenhet av att leva med hiv.<\/p>\n\n\n\n<p>Vill du sj\u00e4lv bidra? Du kan engagera dig som volont\u00e4r eller kamratst\u00f6djare.<\/p>\n\n\n\n<p>Vi v\u00e4rnar om din trygghet. Alla anst\u00e4llda och volont\u00e4rer har tystnadsplikt, och tillsammans skapar vi en respektfull och s\u00e4ker milj\u00f6.<\/p>\n\n\n<aside class=\"testimonials sidebar position-relative\" aria-labelledby=\"testimonial-header\">\n    <div>\n        <div class=\"testimonials-content\">\n            <div class=\"swiper testimonial-block-slider\" id=\"testimonial-block-slider\">\n                <div class=\"swiper-wrapper\">\n                                                    <div class=\"swiper-slide\">\n                                    <div class=\"testimonial\">\n                                        <div class=\"testimonial-text\">\n                                            <i>&#8221;Jag \u00e4r bara s\u00e5 tacksam f\u00f6r att ni fanns d\u00e4r f\u00f6r mig n\u00e4r jag hade ingen och det \u00e4r n\u00e5got som jag aldrig kommer att gl\u00f6mma, tills jag d\u00f6r. Det \u00e4r sv\u00e5rt att beskriva det med ord, men det ni har gjort f\u00f6r mig och m\u00e5nga andra \u00e4r ov\u00e4rderlig. Ni \u00e4r ljuset f\u00f6r m\u00e5nga n\u00e4r det \u00e4r som m\u00f6rkast.&#8221;<\/i>\n                                        <\/div>\n                                        <h5 class=\"mt-4 mb-4\">Bes\u00f6kare st\u00f6dverksamheten<\/h5>\n                                    <\/div>\n                                <\/div>\n                                                            <div class=\"swiper-slide\">\n                                    <div class=\"testimonial\">\n                                        <div class=\"testimonial-text\">\n                                            <i>&#8221;The environment and services offered by Noaks Ark have a very big positive effect in my life in Sweden.&#8221;<\/i>\n                                        <\/div>\n                                        <h5 class=\"mt-4 mb-4\">Bes\u00f6kare st\u00f6dverksamheten<\/h5>\n                                    <\/div>\n                                <\/div>\n                                                            <div class=\"swiper-slide\">\n                                    <div class=\"testimonial\">\n                                        <div class=\"testimonial-text\">\n                                            <i>&#8221;St\u00f6dverksamheten har gett mig mycket v\u00e4nner, gemensamhet och trygghet.&#8221;<\/i>\n                                        <\/div>\n                                        <h5 class=\"mt-4 mb-4\">Bes\u00f6kare st\u00f6dverksamheten<\/h5>\n                                    <\/div>\n                                <\/div>\n                                                            <div class=\"swiper-slide\">\n                                    <div class=\"testimonial\">\n                                        <div class=\"testimonial-text\">\n                                            <i>&#8221;Bra att ni finns. Och alla jag har varit i kontakt med hos er har haft ett j\u00e4ttefint bem\u00f6tande.&#8221;<\/i>\n                                        <\/div>\n                                        <h5 class=\"mt-4 mb-4\">Bes\u00f6kare st\u00f6dverksamheten<\/h5>\n                                    <\/div>\n                                <\/div>\n                                            <\/div>\n                <div class=\"swiper-pagination pagination-block d-block d-md-none\"><\/div>\n            <\/div>\n        <\/div>\n    <\/div>\n<\/aside>\n\n\n\n<div style=\"height:44px\" aria-hidden=\"true\" class=\"wp-block-spacer\"><\/div>\n\n\n\n<h3 class=\"wp-block-heading\" id=\"h-vill-du-att-vi-ska-kontakta-dig\">Vill du att vi ska kontakta dig?<\/h3>\n\n\n\n<p>Fyll i dina kontaktuppgifter s\u00e5 \u00e5terkommer vi s\u00e5 fort vi kan.<\/p>\n\n\n\n<div class=\"wp-block-contact-form-7-contact-form-selector\">\n<div class=\"wpcf7 no-js\" id=\"wpcf7-f8536-o1\" lang=\"sv-SE\" dir=\"ltr\" data-wpcf7-id=\"8536\">\n<div class=\"screen-reader-response\"><p role=\"status\" aria-live=\"polite\" aria-atomic=\"true\"><\/p> <ul><\/ul><\/div>\n<form action=\"\/stockholm\/wp-json\/wp\/v2\/pages\/39#wpcf7-f8536-o1\" method=\"post\" class=\"wpcf7-form init\" aria-label=\"Kontaktformul\u00e4r\" novalidate=\"novalidate\" data-status=\"init\">\n<fieldset class=\"hidden-fields-container\"><input type=\"hidden\" name=\"_wpcf7\" value=\"8536\" \/><input type=\"hidden\" name=\"_wpcf7_version\" value=\"6.1.5\" \/><input type=\"hidden\" name=\"_wpcf7_locale\" value=\"sv_SE\" \/><input type=\"hidden\" name=\"_wpcf7_unit_tag\" value=\"wpcf7-f8536-o1\" \/><input type=\"hidden\" name=\"_wpcf7_container_post\" value=\"0\" \/><input type=\"hidden\" name=\"_wpcf7_posted_data_hash\" value=\"\" \/><input type=\"hidden\" name=\"_wpcf7_recaptcha_response\" value=\"\" \/>\n<\/fieldset>\n<div class=\"row\">\n\t<div class=\"col-12 col-lg-6\">\n\t\t<h6>Namn\n\t\t<\/h6>\n\t\t<p><span class=\"wpcf7-form-control-wrap\" data-name=\"your-name\"><input size=\"40\" maxlength=\"400\" class=\"wpcf7-form-control wpcf7-text wpcf7-validates-as-required form-control\" autocomplete=\"name\" aria-required=\"true\" aria-invalid=\"false\" value=\"\" type=\"text\" name=\"your-name\" \/><\/span>\n\t\t<\/p>\n\t<\/div>\n\t<div class=\"col-12 col-lg-6\">\n\t\t<h6>Din e-post\n\t\t<\/h6>\n\t\t<p><span class=\"wpcf7-form-control-wrap\" data-name=\"your-email\"><input size=\"40\" maxlength=\"400\" class=\"wpcf7-form-control wpcf7-email wpcf7-validates-as-required wpcf7-text wpcf7-validates-as-email form-control\" autocomplete=\"email\" aria-required=\"true\" aria-invalid=\"false\" value=\"\" type=\"email\" name=\"your-email\" \/><\/span>\n\t\t<\/p>\n\t<\/div>\n\t<div class=\"col-12\">\n\t\t<h6>Ditt meddelande\n\t\t<\/h6>\n\t\t<p><span class=\"wpcf7-form-control-wrap\" data-name=\"your-message\"><textarea cols=\"40\" rows=\"10\" maxlength=\"2000\" class=\"wpcf7-form-control wpcf7-textarea form-control\" aria-invalid=\"false\" name=\"your-message\"><\/textarea><\/span>\n\t\t<\/p>\n\t<\/div>\n\t<p><span class=\"wpcf7-form-control-wrap\" data-name=\"acceptance-41\"><span class=\"wpcf7-form-control wpcf7-acceptance\"><span class=\"wpcf7-list-item\"><label><input type=\"checkbox\" name=\"acceptance-41\" value=\"1\" aria-invalid=\"false\" \/><span class=\"wpcf7-list-item-label\">Jag godk\u00e4nner Noaks Arks <a href=\"https:\/\/noaksark.org\/stockholm\/om-oss\/personuppgiftspolicy\/\">behandling av mina personuppgifter.<\/a><\/span><\/label><\/span><\/span><\/span>\n\t<\/p>\n<\/div>\n<p><input class=\"wpcf7-form-control wpcf7-submit has-spinner\" type=\"submit\" value=\"Skicka\" \/>\n<\/p><div class=\"wpcf7-response-output\" aria-hidden=\"true\"><\/div>\n<\/form>\n<\/div>\n<\/div>\n","protected":false},"excerpt":{"rendered":"<p>Att leva med hiv p\u00e5verkar oss alla olika \u2013 men m\u00e5nga erfarenheter delas. Behovet av st\u00f6d kan ocks\u00e5 f\u00f6r\u00e4ndras \u00f6ver tid. D\u00e4rf\u00f6r erbjuder vi en bredd av insatser f\u00f6r dig som lever med hiv, och&#8230;<\/p>\n","protected":false},"author":27,"featured_media":0,"parent":0,"menu_order":0,"comment_status":"closed","ping_status":"closed","template":"_template-living-with-hiv.php","meta":{"_acf_changed":false,"footnotes":""},"class_list":["post-39","page","type-page","status-publish","hentry"],"acf":[],"yoast_head":"<!-- This site is optimized with the Yoast SEO Premium plugin v27.4 (Yoast SEO v27.4) - https:\/\/yoast.com\/product\/yoast-seo-premium-wordpress\/ -->\n<title>Noaks Ark Stockholm - Leva med hiv<\/title>\n<meta name=\"description\" content=\"Till Noaks Ark kommer m\u00e4nniskor som lever med hiv, n\u00e4rst\u00e5ende, familjer d\u00e4r n\u00e5gon har hiv och andra som beh\u00f6ver st\u00f6d. L\u00e4s mer p\u00e5 Noaksark.org\" \/>\n<meta name=\"robots\" content=\"index, follow, max-snippet:-1, max-image-preview:large, max-video-preview:-1\" \/>\n<link rel=\"canonical\" href=\"https:\/\/noaksark.org\/stockholm\/leva-med-hiv\/\" \/>\n<meta property=\"og:locale\" content=\"sv_SE\" \/>\n<meta property=\"og:type\" content=\"article\" \/>\n<meta property=\"og:title\" content=\"Leva med hiv\" \/>\n<meta property=\"og:description\" content=\"Till Noaks Ark kommer m\u00e4nniskor som lever med hiv, n\u00e4rst\u00e5ende, familjer d\u00e4r n\u00e5gon har hiv och andra som beh\u00f6ver st\u00f6d. L\u00e4s mer p\u00e5 Noaksark.org\" \/>\n<meta property=\"og:url\" content=\"https:\/\/noaksark.org\/stockholm\/leva-med-hiv\/\" \/>\n<meta property=\"og:site_name\" content=\"Noaks Ark Stockholm\" \/>\n<meta property=\"article:publisher\" content=\"https:\/\/www.facebook.com\/noaksarkstockholm\" \/>\n<meta property=\"article:modified_time\" content=\"2025-11-10T10:27:06+00:00\" \/>\n<meta name=\"twitter:card\" content=\"summary_large_image\" \/>\n<meta name=\"twitter:label1\" content=\"Ber\u00e4knad l\u00e4stid\" \/>\n\t<meta name=\"twitter:data1\" content=\"1 minut\" \/>\n<script type=\"application\/ld+json\" class=\"yoast-schema-graph\">{\"@context\":\"https:\\\/\\\/schema.org\",\"@graph\":[{\"@type\":\"WebPage\",\"@id\":\"https:\\\/\\\/noaksark.org\\\/stockholm\\\/leva-med-hiv\\\/\",\"url\":\"https:\\\/\\\/noaksark.org\\\/stockholm\\\/leva-med-hiv\\\/\",\"name\":\"Noaks Ark Stockholm - Leva med hiv\",\"isPartOf\":{\"@id\":\"https:\\\/\\\/noaksark.org\\\/stockholm\\\/#website\"},\"datePublished\":\"2022-11-21T07:21:35+00:00\",\"dateModified\":\"2025-11-10T10:27:06+00:00\",\"description\":\"Till Noaks Ark kommer m\u00e4nniskor som lever med hiv, n\u00e4rst\u00e5ende, familjer d\u00e4r n\u00e5gon har hiv och andra som beh\u00f6ver st\u00f6d. L\u00e4s mer p\u00e5 Noaksark.org\",\"breadcrumb\":{\"@id\":\"https:\\\/\\\/noaksark.org\\\/stockholm\\\/leva-med-hiv\\\/#breadcrumb\"},\"inLanguage\":\"sv-SE\",\"potentialAction\":[{\"@type\":\"ReadAction\",\"target\":[\"https:\\\/\\\/noaksark.org\\\/stockholm\\\/leva-med-hiv\\\/\"]}]},{\"@type\":\"BreadcrumbList\",\"@id\":\"https:\\\/\\\/noaksark.org\\\/stockholm\\\/leva-med-hiv\\\/#breadcrumb\",\"itemListElement\":[{\"@type\":\"ListItem\",\"position\":1,\"name\":\"Home\",\"item\":\"https:\\\/\\\/noaksark.org\\\/stockholm\\\/\"},{\"@type\":\"ListItem\",\"position\":2,\"name\":\"Leva med hiv\"}]},{\"@type\":\"WebSite\",\"@id\":\"https:\\\/\\\/noaksark.org\\\/stockholm\\\/#website\",\"url\":\"https:\\\/\\\/noaksark.org\\\/stockholm\\\/\",\"name\":\"Noaks Ark Stockholm\",\"description\":\"\",\"publisher\":{\"@id\":\"https:\\\/\\\/noaksark.org\\\/stockholm\\\/#organization\"},\"potentialAction\":[{\"@type\":\"SearchAction\",\"target\":{\"@type\":\"EntryPoint\",\"urlTemplate\":\"https:\\\/\\\/noaksark.org\\\/stockholm\\\/?s={search_term_string}\"},\"query-input\":{\"@type\":\"PropertyValueSpecification\",\"valueRequired\":true,\"valueName\":\"search_term_string\"}}],\"inLanguage\":\"sv-SE\"},{\"@type\":\"Organization\",\"@id\":\"https:\\\/\\\/noaksark.org\\\/stockholm\\\/#organization\",\"name\":\"Noaks Ark Stockholm\",\"url\":\"https:\\\/\\\/noaksark.org\\\/stockholm\\\/\",\"logo\":{\"@type\":\"ImageObject\",\"inLanguage\":\"sv-SE\",\"@id\":\"https:\\\/\\\/noaksark.org\\\/stockholm\\\/#\\\/schema\\\/logo\\\/image\\\/\",\"url\":\"https:\\\/\\\/noaksark.org\\\/stockholm\\\/wp-content\\\/uploads\\\/sites\\\/2\\\/2022\\\/08\\\/noaks-ark-nyheter-vad-betyder-noaks-ark-for-dig.jpg\",\"contentUrl\":\"https:\\\/\\\/noaksark.org\\\/stockholm\\\/wp-content\\\/uploads\\\/sites\\\/2\\\/2022\\\/08\\\/noaks-ark-nyheter-vad-betyder-noaks-ark-for-dig.jpg\",\"width\":1000,\"height\":1000,\"caption\":\"Noaks Ark Stockholm\"},\"image\":{\"@id\":\"https:\\\/\\\/noaksark.org\\\/stockholm\\\/#\\\/schema\\\/logo\\\/image\\\/\"},\"sameAs\":[\"https:\\\/\\\/www.facebook.com\\\/noaksarkstockholm\",\"https:\\\/\\\/www.instagram.com\\\/noaksarkstockholm\\\/\",\"https:\\\/\\\/se.linkedin.com\\\/company\\\/noaks-ark-stockholm\"]}]}<\/script>\n<!-- \/ Yoast SEO Premium plugin. -->","yoast_head_json":{"title":"Noaks Ark Stockholm - Leva med hiv","description":"Till Noaks Ark kommer m\u00e4nniskor som lever med hiv, n\u00e4rst\u00e5ende, familjer d\u00e4r n\u00e5gon har hiv och andra som beh\u00f6ver st\u00f6d. L\u00e4s mer p\u00e5 Noaksark.org","robots":{"index":"index","follow":"follow","max-snippet":"max-snippet:-1","max-image-preview":"max-image-preview:large","max-video-preview":"max-video-preview:-1"},"canonical":"https:\/\/noaksark.org\/stockholm\/leva-med-hiv\/","og_locale":"sv_SE","og_type":"article","og_title":"Leva med hiv","og_description":"Till Noaks Ark kommer m\u00e4nniskor som lever med hiv, n\u00e4rst\u00e5ende, familjer d\u00e4r n\u00e5gon har hiv och andra som beh\u00f6ver st\u00f6d. L\u00e4s mer p\u00e5 Noaksark.org","og_url":"https:\/\/noaksark.org\/stockholm\/leva-med-hiv\/","og_site_name":"Noaks Ark Stockholm","article_publisher":"https:\/\/www.facebook.com\/noaksarkstockholm","article_modified_time":"2025-11-10T10:27:06+00:00","twitter_card":"summary_large_image","twitter_misc":{"Ber\u00e4knad l\u00e4stid":"1 minut"},"schema":{"@context":"https:\/\/schema.org","@graph":[{"@type":"WebPage","@id":"https:\/\/noaksark.org\/stockholm\/leva-med-hiv\/","url":"https:\/\/noaksark.org\/stockholm\/leva-med-hiv\/","name":"Noaks Ark Stockholm - Leva med hiv","isPartOf":{"@id":"https:\/\/noaksark.org\/stockholm\/#website"},"datePublished":"2022-11-21T07:21:35+00:00","dateModified":"2025-11-10T10:27:06+00:00","description":"Till Noaks Ark kommer m\u00e4nniskor som lever med hiv, n\u00e4rst\u00e5ende, familjer d\u00e4r n\u00e5gon har hiv och andra som beh\u00f6ver st\u00f6d. L\u00e4s mer p\u00e5 Noaksark.org","breadcrumb":{"@id":"https:\/\/noaksark.org\/stockholm\/leva-med-hiv\/#breadcrumb"},"inLanguage":"sv-SE","potentialAction":[{"@type":"ReadAction","target":["https:\/\/noaksark.org\/stockholm\/leva-med-hiv\/"]}]},{"@type":"BreadcrumbList","@id":"https:\/\/noaksark.org\/stockholm\/leva-med-hiv\/#breadcrumb","itemListElement":[{"@type":"ListItem","position":1,"name":"Home","item":"https:\/\/noaksark.org\/stockholm\/"},{"@type":"ListItem","position":2,"name":"Leva med hiv"}]},{"@type":"WebSite","@id":"https:\/\/noaksark.org\/stockholm\/#website","url":"https:\/\/noaksark.org\/stockholm\/","name":"Noaks Ark Stockholm","description":"","publisher":{"@id":"https:\/\/noaksark.org\/stockholm\/#organization"},"potentialAction":[{"@type":"SearchAction","target":{"@type":"EntryPoint","urlTemplate":"https:\/\/noaksark.org\/stockholm\/?s={search_term_string}"},"query-input":{"@type":"PropertyValueSpecification","valueRequired":true,"valueName":"search_term_string"}}],"inLanguage":"sv-SE"},{"@type":"Organization","@id":"https:\/\/noaksark.org\/stockholm\/#organization","name":"Noaks Ark Stockholm","url":"https:\/\/noaksark.org\/stockholm\/","logo":{"@type":"ImageObject","inLanguage":"sv-SE","@id":"https:\/\/noaksark.org\/stockholm\/#\/schema\/logo\/image\/","url":"https:\/\/noaksark.org\/stockholm\/wp-content\/uploads\/sites\/2\/2022\/08\/noaks-ark-nyheter-vad-betyder-noaks-ark-for-dig.jpg","contentUrl":"https:\/\/noaksark.org\/stockholm\/wp-content\/uploads\/sites\/2\/2022\/08\/noaks-ark-nyheter-vad-betyder-noaks-ark-for-dig.jpg","width":1000,"height":1000,"caption":"Noaks Ark Stockholm"},"image":{"@id":"https:\/\/noaksark.org\/stockholm\/#\/schema\/logo\/image\/"},"sameAs":["https:\/\/www.facebook.com\/noaksarkstockholm","https:\/\/www.instagram.com\/noaksarkstockholm\/","https:\/\/se.linkedin.com\/company\/noaks-ark-stockholm"]}]}},"_links":{"self":[{"href":"https:\/\/noaksark.org\/stockholm\/wp-json\/wp\/v2\/pages\/39","targetHints":{"allow":["GET"]}}],"collection":[{"href":"https:\/\/noaksark.org\/stockholm\/wp-json\/wp\/v2\/pages"}],"about":[{"href":"https:\/\/noaksark.org\/stockholm\/wp-json\/wp\/v2\/types\/page"}],"author":[{"embeddable":true,"href":"https:\/\/noaksark.org\/stockholm\/wp-json\/wp\/v2\/users\/27"}],"replies":[{"embeddable":true,"href":"https:\/\/noaksark.org\/stockholm\/wp-json\/wp\/v2\/comments?post=39"}],"version-history":[{"count":44,"href":"https:\/\/noaksark.org\/stockholm\/wp-json\/wp\/v2\/pages\/39\/revisions"}],"predecessor-version":[{"id":12177,"href":"https:\/\/noaksark.org\/stockholm\/wp-json\/wp\/v2\/pages\/39\/revisions\/12177"}],"wp:attachment":[{"href":"https:\/\/noaksark.org\/stockholm\/wp-json\/wp\/v2\/media?parent=39"}],"curies":[{"name":"wp","href":"https:\/\/api.w.org\/{rel}","templated":true}]}}