{"id":11,"date":"2022-11-16T10:13:00","date_gmt":"2022-11-16T10:13:00","guid":{"rendered":"https:\/\/noaksark.test\/stockholm\/?page_id=11"},"modified":"2026-04-07T08:19:53","modified_gmt":"2026-04-07T06:19:53","slug":"hem","status":"publish","type":"page","link":"https:\/\/noaksark.org\/stockholm\/","title":{"rendered":"\u00d6ppettider"},"content":{"rendered":"\n<div class=\"wp-block-columns is-layout-flex wp-container-core-columns-is-layout-9d6595d7 wp-block-columns-is-layout-flex\" id=\"oppet-tider\">\n<div class=\"wp-block-column is-layout-flow wp-block-column-is-layout-flow\" id=\"tider\">\n<h2 class=\"wp-block-heading has-text-color has-link-color wp-elements-6567db7953151995e7189947c5fd8635\" id=\"h-oppna-stodet\" style=\"color:#914d98\">\u00d6ppna st\u00f6det<\/h2>\n\n\n\n<p class=\"has-text-color has-link-color wp-elements-ca3788d5699b70a63aedc66128cafcea\" style=\"color:#914d98\"><em>F\u00f6r alla som lever med hiv och n\u00e4rst\u00e5ende<\/em><\/p>\n\n\n\n<p><strong>M\u00e5ndag<\/strong> 13.00\u201320.00 (Middag kl. 18.00)<br><strong>Tisdag<\/strong> 10.00\u201316.00<br><strong>Onsdag<\/strong> ST\u00c4NGT<br><strong>Torsdag<\/strong> 13.00\u201318.00 (Fika kl. 15.00)<br><strong>Fredag<\/strong> 10.00\u201317.00<\/p>\n<\/div>\n\n\n\n<div class=\"wp-block-column is-layout-flow wp-block-column-is-layout-flow\">\n<h2 class=\"wp-block-heading has-text-color has-link-color wp-elements-4004bcb01a2b23f9dad60663152db861\" id=\"h-testmottagning\" style=\"color:#d6006d\">Testmottagning<\/h2>\n\n\n\n<p class=\"has-text-color has-link-color wp-elements-4f52a9c51cf687d7099d90429ab0426c\" style=\"color:#d6006d\"><em>F\u00f6r alla som vill veta sin hivstatus<\/em><\/p>\n\n\n\n<p><strong>Drop in<\/strong><br>Onsdagar 16 \u2013 20<\/p>\n\n\n\n<p><strong>Tidsbokade bes\u00f6k&nbsp;<br><\/strong>Vardagar,&nbsp;<a href=\"https:\/\/system.easypractice.net\/book\/noaks-ark-stockholm#choose-service\">boka online<\/a>.<\/p>\n<\/div>\n<\/div>\n\n\n\n<div style=\"height:132px\" aria-hidden=\"true\" class=\"wp-block-spacer\"><\/div>\n\n\n\n<h4 class=\"wp-block-heading has-text-align-center has-text-color has-link-color wp-elements-a669777e9012ae364e82cd0a960c8a82\" id=\"h-titta-in-bakom-kulisserna-se-hur-vi-jobbar\" style=\"color:#914d98\">Titta in bakom kulisserna, se hur vi jobbar!<\/h4>\n\n\n\n<div style=\"height:38px\" aria-hidden=\"true\" class=\"wp-block-spacer\"><\/div>\n\n\n\n<div class=\"wp-block-columns is-layout-flex wp-container-core-columns-is-layout-9d6595d7 wp-block-columns-is-layout-flex\">\n<div class=\"wp-block-column is-layout-flow wp-block-column-is-layout-flow\" style=\"flex-basis:15%\"><\/div>\n\n\n\n<div class=\"wp-block-column is-layout-flow wp-block-column-is-layout-flow\" style=\"flex-basis:70%\">\n<figure class=\"wp-block-video\"><video height=\"720\" style=\"aspect-ratio: 1280 \/ 720;\" width=\"1280\" controls src=\"https:\/\/noaksark.org\/stockholm\/wp-content\/uploads\/sites\/2\/2025\/12\/NOAKS-ARK-VALKOMMEN-SVE-251105_liten-storlek.mp4\"><\/video><\/figure>\n<\/div>\n\n\n\n<div class=\"wp-block-column is-layout-flow wp-block-column-is-layout-flow\" style=\"flex-basis:15%\"><\/div>\n<\/div>\n","protected":false},"excerpt":{"rendered":"<p>\u00d6ppna st\u00f6det F\u00f6r alla som lever med hiv och n\u00e4rst\u00e5ende M\u00e5ndag 13.00\u201320.00 (Middag kl. 18.00)Tisdag 10.00\u201316.00Onsdag ST\u00c4NGTTorsdag 13.00\u201318.00 (Fika kl. 15.00)Fredag 10.00\u201317.00 Testmottagning F\u00f6r alla som vill veta sin hivstatus Drop inOnsdagar 16 \u2013 20&#8230;<\/p>\n","protected":false},"author":27,"featured_media":10572,"parent":0,"menu_order":0,"comment_status":"closed","ping_status":"closed","template":"","meta":{"_acf_changed":false,"footnotes":""},"class_list":["post-11","page","type-page","status-publish","has-post-thumbnail","hentry"],"acf":[],"yoast_head":"<!-- This site is optimized with the Yoast SEO Premium plugin v27.3 (Yoast SEO v27.4) - https:\/\/yoast.com\/product\/yoast-seo-premium-wordpress\/ -->\n<title>Noaks Ark Stockholm - Hivtestning, st\u00f6d och information om hiv<\/title>\n<meta name=\"description\" content=\"Noaks Ark Stockholm hj\u00e4lper m\u00e4nniskor som lever med hiv, n\u00e4rst\u00e5ende eller personer i behov av st\u00f6d, testning och utbildning i olika former.\" \/>\n<meta name=\"robots\" content=\"index, follow, max-snippet:-1, max-image-preview:large, max-video-preview:-1\" \/>\n<link rel=\"canonical\" href=\"https:\/\/noaksark.org\/stockholm\/\" \/>\n<meta property=\"og:locale\" content=\"sv_SE\" \/>\n<meta property=\"og:type\" content=\"article\" \/>\n<meta property=\"og:title\" content=\"V\u00e4lkommen till Noaks Ark Stockholm\" \/>\n<meta property=\"og:description\" content=\"Till oss p\u00e5 Noaks Ark Stockholm kommer m\u00e4nniskor som lever med hiv, \u00e4r n\u00e4rst\u00e5ende eller som har behov av att prata om hiv eller vill hivtesta sig. Vi erbjuder utbildning och information i olika former f\u00f6r yrkesgrupper och allm\u00e4nhet.\" \/>\n<meta property=\"og:url\" content=\"https:\/\/noaksark.org\/stockholm\/\" \/>\n<meta property=\"og:site_name\" content=\"Noaks Ark Stockholm\" \/>\n<meta property=\"article:publisher\" content=\"https:\/\/www.facebook.com\/noaksarkstockholm\" \/>\n<meta property=\"article:modified_time\" content=\"2026-04-07T06:19:53+00:00\" \/>\n<meta property=\"og:image\" content=\"https:\/\/noaksark.org\/stockholm\/wp-content\/uploads\/sites\/2\/2024\/08\/D869490-scaled.jpg\" \/>\n\t<meta property=\"og:image:width\" content=\"2560\" \/>\n\t<meta property=\"og:image:height\" content=\"1707\" \/>\n\t<meta property=\"og:image:type\" content=\"image\/jpeg\" \/>\n<meta name=\"twitter:card\" content=\"summary_large_image\" \/>\n<meta name=\"twitter:title\" content=\"\u00d6ppettider\" \/>\n<meta name=\"twitter:label1\" content=\"Ber\u00e4knad l\u00e4stid\" \/>\n\t<meta name=\"twitter:data1\" content=\"4 minuter\" \/>\n<script type=\"application\/ld+json\" class=\"yoast-schema-graph\">{\"@context\":\"https:\\\/\\\/schema.org\",\"@graph\":[{\"@type\":\"WebPage\",\"@id\":\"https:\\\/\\\/noaksark.org\\\/stockholm\\\/\",\"url\":\"https:\\\/\\\/noaksark.org\\\/stockholm\\\/\",\"name\":\"Noaks Ark Stockholm - Hivtestning, st\u00f6d och information om hiv\",\"isPartOf\":{\"@id\":\"https:\\\/\\\/noaksark.org\\\/stockholm\\\/#website\"},\"primaryImageOfPage\":{\"@id\":\"https:\\\/\\\/noaksark.org\\\/stockholm\\\/#primaryimage\"},\"image\":{\"@id\":\"https:\\\/\\\/noaksark.org\\\/stockholm\\\/#primaryimage\"},\"thumbnailUrl\":\"https:\\\/\\\/noaksark.org\\\/stockholm\\\/wp-content\\\/uploads\\\/sites\\\/2\\\/2024\\\/08\\\/D869490-scaled.jpg\",\"datePublished\":\"2022-11-16T10:13:00+00:00\",\"dateModified\":\"2026-04-07T06:19:53+00:00\",\"description\":\"Noaks Ark Stockholm hj\u00e4lper m\u00e4nniskor som lever med hiv, n\u00e4rst\u00e5ende eller personer i behov av st\u00f6d, testning och utbildning i olika former.\",\"breadcrumb\":{\"@id\":\"https:\\\/\\\/noaksark.org\\\/stockholm\\\/#breadcrumb\"},\"inLanguage\":\"sv-SE\",\"potentialAction\":[{\"@type\":\"ReadAction\",\"target\":[\"https:\\\/\\\/noaksark.org\\\/stockholm\\\/\"]}]},{\"@type\":\"ImageObject\",\"inLanguage\":\"sv-SE\",\"@id\":\"https:\\\/\\\/noaksark.org\\\/stockholm\\\/#primaryimage\",\"url\":\"https:\\\/\\\/noaksark.org\\\/stockholm\\\/wp-content\\\/uploads\\\/sites\\\/2\\\/2024\\\/08\\\/D869490-scaled.jpg\",\"contentUrl\":\"https:\\\/\\\/noaksark.org\\\/stockholm\\\/wp-content\\\/uploads\\\/sites\\\/2\\\/2024\\\/08\\\/D869490-scaled.jpg\",\"width\":2560,\"height\":1707},{\"@type\":\"BreadcrumbList\",\"@id\":\"https:\\\/\\\/noaksark.org\\\/stockholm\\\/#breadcrumb\",\"itemListElement\":[{\"@type\":\"ListItem\",\"position\":1,\"name\":\"Home\",\"item\":\"https:\\\/\\\/noaksark.org\\\/stockholm\\\/\"},{\"@type\":\"ListItem\",\"position\":2,\"name\":\"V\u00e4lkommen till Noaks Ark Stockholm\"}]},{\"@type\":\"WebSite\",\"@id\":\"https:\\\/\\\/noaksark.org\\\/stockholm\\\/#website\",\"url\":\"https:\\\/\\\/noaksark.org\\\/stockholm\\\/\",\"name\":\"Noaks Ark Stockholm\",\"description\":\"\",\"publisher\":{\"@id\":\"https:\\\/\\\/noaksark.org\\\/stockholm\\\/#organization\"},\"potentialAction\":[{\"@type\":\"SearchAction\",\"target\":{\"@type\":\"EntryPoint\",\"urlTemplate\":\"https:\\\/\\\/noaksark.org\\\/stockholm\\\/?s={search_term_string}\"},\"query-input\":{\"@type\":\"PropertyValueSpecification\",\"valueRequired\":true,\"valueName\":\"search_term_string\"}}],\"inLanguage\":\"sv-SE\"},{\"@type\":\"Organization\",\"@id\":\"https:\\\/\\\/noaksark.org\\\/stockholm\\\/#organization\",\"name\":\"Noaks Ark Stockholm\",\"url\":\"https:\\\/\\\/noaksark.org\\\/stockholm\\\/\",\"logo\":{\"@type\":\"ImageObject\",\"inLanguage\":\"sv-SE\",\"@id\":\"https:\\\/\\\/noaksark.org\\\/stockholm\\\/#\\\/schema\\\/logo\\\/image\\\/\",\"url\":\"https:\\\/\\\/noaksark.org\\\/stockholm\\\/wp-content\\\/uploads\\\/sites\\\/2\\\/2022\\\/08\\\/noaks-ark-nyheter-vad-betyder-noaks-ark-for-dig.jpg\",\"contentUrl\":\"https:\\\/\\\/noaksark.org\\\/stockholm\\\/wp-content\\\/uploads\\\/sites\\\/2\\\/2022\\\/08\\\/noaks-ark-nyheter-vad-betyder-noaks-ark-for-dig.jpg\",\"width\":1000,\"height\":1000,\"caption\":\"Noaks Ark Stockholm\"},\"image\":{\"@id\":\"https:\\\/\\\/noaksark.org\\\/stockholm\\\/#\\\/schema\\\/logo\\\/image\\\/\"},\"sameAs\":[\"https:\\\/\\\/www.facebook.com\\\/noaksarkstockholm\",\"https:\\\/\\\/www.instagram.com\\\/noaksarkstockholm\\\/\",\"https:\\\/\\\/se.linkedin.com\\\/company\\\/noaks-ark-stockholm\"]}]}<\/script>\n<!-- \/ Yoast SEO Premium plugin. -->","yoast_head_json":{"title":"Noaks Ark Stockholm - Hivtestning, st\u00f6d och information om hiv","description":"Noaks Ark Stockholm hj\u00e4lper m\u00e4nniskor som lever med hiv, n\u00e4rst\u00e5ende eller personer i behov av st\u00f6d, testning och utbildning i olika former.","robots":{"index":"index","follow":"follow","max-snippet":"max-snippet:-1","max-image-preview":"max-image-preview:large","max-video-preview":"max-video-preview:-1"},"canonical":"https:\/\/noaksark.org\/stockholm\/","og_locale":"sv_SE","og_type":"article","og_title":"V\u00e4lkommen till Noaks Ark Stockholm","og_description":"Till oss p\u00e5 Noaks Ark Stockholm kommer m\u00e4nniskor som lever med hiv, \u00e4r n\u00e4rst\u00e5ende eller som har behov av att prata om hiv eller vill hivtesta sig. Vi erbjuder utbildning och information i olika former f\u00f6r yrkesgrupper och allm\u00e4nhet.","og_url":"https:\/\/noaksark.org\/stockholm\/","og_site_name":"Noaks Ark Stockholm","article_publisher":"https:\/\/www.facebook.com\/noaksarkstockholm","article_modified_time":"2026-04-07T06:19:53+00:00","og_image":[{"width":2560,"height":1707,"url":"https:\/\/noaksark.org\/stockholm\/wp-content\/uploads\/sites\/2\/2024\/08\/D869490-scaled.jpg","type":"image\/jpeg"}],"twitter_card":"summary_large_image","twitter_title":"\u00d6ppettider","twitter_misc":{"Ber\u00e4knad l\u00e4stid":"4 minuter"},"schema":{"@context":"https:\/\/schema.org","@graph":[{"@type":"WebPage","@id":"https:\/\/noaksark.org\/stockholm\/","url":"https:\/\/noaksark.org\/stockholm\/","name":"Noaks Ark Stockholm - Hivtestning, st\u00f6d och information om hiv","isPartOf":{"@id":"https:\/\/noaksark.org\/stockholm\/#website"},"primaryImageOfPage":{"@id":"https:\/\/noaksark.org\/stockholm\/#primaryimage"},"image":{"@id":"https:\/\/noaksark.org\/stockholm\/#primaryimage"},"thumbnailUrl":"https:\/\/noaksark.org\/stockholm\/wp-content\/uploads\/sites\/2\/2024\/08\/D869490-scaled.jpg","datePublished":"2022-11-16T10:13:00+00:00","dateModified":"2026-04-07T06:19:53+00:00","description":"Noaks Ark Stockholm hj\u00e4lper m\u00e4nniskor som lever med hiv, n\u00e4rst\u00e5ende eller personer i behov av st\u00f6d, testning och utbildning i olika former.","breadcrumb":{"@id":"https:\/\/noaksark.org\/stockholm\/#breadcrumb"},"inLanguage":"sv-SE","potentialAction":[{"@type":"ReadAction","target":["https:\/\/noaksark.org\/stockholm\/"]}]},{"@type":"ImageObject","inLanguage":"sv-SE","@id":"https:\/\/noaksark.org\/stockholm\/#primaryimage","url":"https:\/\/noaksark.org\/stockholm\/wp-content\/uploads\/sites\/2\/2024\/08\/D869490-scaled.jpg","contentUrl":"https:\/\/noaksark.org\/stockholm\/wp-content\/uploads\/sites\/2\/2024\/08\/D869490-scaled.jpg","width":2560,"height":1707},{"@type":"BreadcrumbList","@id":"https:\/\/noaksark.org\/stockholm\/#breadcrumb","itemListElement":[{"@type":"ListItem","position":1,"name":"Home","item":"https:\/\/noaksark.org\/stockholm\/"},{"@type":"ListItem","position":2,"name":"V\u00e4lkommen till Noaks Ark Stockholm"}]},{"@type":"WebSite","@id":"https:\/\/noaksark.org\/stockholm\/#website","url":"https:\/\/noaksark.org\/stockholm\/","name":"Noaks Ark Stockholm","description":"","publisher":{"@id":"https:\/\/noaksark.org\/stockholm\/#organization"},"potentialAction":[{"@type":"SearchAction","target":{"@type":"EntryPoint","urlTemplate":"https:\/\/noaksark.org\/stockholm\/?s={search_term_string}"},"query-input":{"@type":"PropertyValueSpecification","valueRequired":true,"valueName":"search_term_string"}}],"inLanguage":"sv-SE"},{"@type":"Organization","@id":"https:\/\/noaksark.org\/stockholm\/#organization","name":"Noaks Ark Stockholm","url":"https:\/\/noaksark.org\/stockholm\/","logo":{"@type":"ImageObject","inLanguage":"sv-SE","@id":"https:\/\/noaksark.org\/stockholm\/#\/schema\/logo\/image\/","url":"https:\/\/noaksark.org\/stockholm\/wp-content\/uploads\/sites\/2\/2022\/08\/noaks-ark-nyheter-vad-betyder-noaks-ark-for-dig.jpg","contentUrl":"https:\/\/noaksark.org\/stockholm\/wp-content\/uploads\/sites\/2\/2022\/08\/noaks-ark-nyheter-vad-betyder-noaks-ark-for-dig.jpg","width":1000,"height":1000,"caption":"Noaks Ark Stockholm"},"image":{"@id":"https:\/\/noaksark.org\/stockholm\/#\/schema\/logo\/image\/"},"sameAs":["https:\/\/www.facebook.com\/noaksarkstockholm","https:\/\/www.instagram.com\/noaksarkstockholm\/","https:\/\/se.linkedin.com\/company\/noaks-ark-stockholm"]}]}},"_links":{"self":[{"href":"https:\/\/noaksark.org\/stockholm\/wp-json\/wp\/v2\/pages\/11","targetHints":{"allow":["GET"]}}],"collection":[{"href":"https:\/\/noaksark.org\/stockholm\/wp-json\/wp\/v2\/pages"}],"about":[{"href":"https:\/\/noaksark.org\/stockholm\/wp-json\/wp\/v2\/types\/page"}],"author":[{"embeddable":true,"href":"https:\/\/noaksark.org\/stockholm\/wp-json\/wp\/v2\/users\/27"}],"replies":[{"embeddable":true,"href":"https:\/\/noaksark.org\/stockholm\/wp-json\/wp\/v2\/comments?post=11"}],"version-history":[{"count":465,"href":"https:\/\/noaksark.org\/stockholm\/wp-json\/wp\/v2\/pages\/11\/revisions"}],"predecessor-version":[{"id":13119,"href":"https:\/\/noaksark.org\/stockholm\/wp-json\/wp\/v2\/pages\/11\/revisions\/13119"}],"wp:featuredmedia":[{"embeddable":true,"href":"https:\/\/noaksark.org\/stockholm\/wp-json\/wp\/v2\/media\/10572"}],"wp:attachment":[{"href":"https:\/\/noaksark.org\/stockholm\/wp-json\/wp\/v2\/media?parent=11"}],"curies":[{"name":"wp","href":"https:\/\/api.w.org\/{rel}","templated":true}]}}