{"id":7,"date":"2022-11-22T13:37:22","date_gmt":"2022-11-22T13:37:22","guid":{"rendered":"https:\/\/noaksark.test\/smaland-halland\/?page_id=7"},"modified":"2026-04-21T11:47:21","modified_gmt":"2026-04-21T09:47:21","slug":"noaks-ark-smaland-halland","status":"publish","type":"page","link":"https:\/\/noaksark.org\/smaland-halland\/","title":{"rendered":"Noaks Ark Sm\u00e5land &amp; Halland"},"content":{"rendered":"","protected":false},"excerpt":{"rendered":"","protected":false},"author":27,"featured_media":119,"parent":0,"menu_order":0,"comment_status":"closed","ping_status":"closed","template":"","meta":{"_acf_changed":false,"footnotes":""},"class_list":["post-7","page","type-page","status-publish","has-post-thumbnail","hentry"],"acf":[],"yoast_head":"<!-- This site is optimized with the Yoast SEO Premium plugin v27.4 (Yoast SEO v27.5) - https:\/\/yoast.com\/product\/yoast-seo-premium-wordpress\/ -->\n<title>Noaks Ark Sm\u00e5land och Halland - Hivtestning, st\u00f6d &amp; information<\/title>\n<meta name=\"description\" content=\"Noaks Ark Sm\u00e5land och Halland arbetar f\u00f6r att \u00f6ka v\u00e4lbefinnandet och livskvalit\u00e9n hos personer som lever med hiv samt f\u00f6rebygga spridningen.\" \/>\n<meta name=\"robots\" content=\"index, follow, max-snippet:-1, max-image-preview:large, max-video-preview:-1\" \/>\n<link rel=\"canonical\" href=\"https:\/\/noaksark.org\/smaland-halland\/\" \/>\n<meta property=\"og:locale\" content=\"sv_SE\" \/>\n<meta property=\"og:type\" content=\"article\" \/>\n<meta property=\"og:title\" content=\"Noaks Ark Sm\u00e5land &amp; Halland\" \/>\n<meta property=\"og:description\" content=\"Noaks Ark Sm\u00e5land och Halland arbetar f\u00f6r att \u00f6ka v\u00e4lbefinnandet och livskvalit\u00e9n hos personer som lever med hiv samt f\u00f6rebygga spridningen.\" \/>\n<meta property=\"og:url\" content=\"https:\/\/noaksark.org\/smaland-halland\/\" \/>\n<meta property=\"og:site_name\" content=\"Noaks Ark Sm\u00e5land &amp; Halland\" \/>\n<meta property=\"article:modified_time\" content=\"2026-04-21T09:47:21+00:00\" \/>\n<meta property=\"og:image\" content=\"https:\/\/noaksark.org\/smaland-halland\/wp-content\/uploads\/sites\/5\/2022\/12\/page-hero-smaland-halland-noaks-ark.jpg\" \/>\n\t<meta property=\"og:image:width\" content=\"1500\" \/>\n\t<meta property=\"og:image:height\" content=\"1000\" \/>\n\t<meta property=\"og:image:type\" content=\"image\/jpeg\" \/>\n<meta name=\"twitter:card\" content=\"summary_large_image\" \/>\n<meta name=\"twitter:label1\" content=\"Ber\u00e4knad l\u00e4stid\" \/>\n\t<meta name=\"twitter:data1\" content=\"2 minuter\" \/>\n<script type=\"application\/ld+json\" class=\"yoast-schema-graph\">{\"@context\":\"https:\\\/\\\/schema.org\",\"@graph\":[{\"@type\":\"WebPage\",\"@id\":\"https:\\\/\\\/noaksark.org\\\/smaland-halland\\\/\",\"url\":\"https:\\\/\\\/noaksark.org\\\/smaland-halland\\\/\",\"name\":\"Noaks Ark Sm\u00e5land och Halland - Hivtestning, st\u00f6d & information\",\"isPartOf\":{\"@id\":\"https:\\\/\\\/noaksark.org\\\/smaland-halland\\\/#website\"},\"primaryImageOfPage\":{\"@id\":\"https:\\\/\\\/noaksark.org\\\/smaland-halland\\\/#primaryimage\"},\"image\":{\"@id\":\"https:\\\/\\\/noaksark.org\\\/smaland-halland\\\/#primaryimage\"},\"thumbnailUrl\":\"https:\\\/\\\/noaksark.org\\\/smaland-halland\\\/wp-content\\\/uploads\\\/sites\\\/5\\\/2022\\\/12\\\/page-hero-smaland-halland-noaks-ark.jpg\",\"datePublished\":\"2022-11-22T13:37:22+00:00\",\"dateModified\":\"2026-04-21T09:47:21+00:00\",\"description\":\"Noaks Ark Sm\u00e5land och Halland arbetar f\u00f6r att \u00f6ka v\u00e4lbefinnandet och livskvalit\u00e9n hos personer som lever med hiv samt f\u00f6rebygga spridningen.\",\"breadcrumb\":{\"@id\":\"https:\\\/\\\/noaksark.org\\\/smaland-halland\\\/#breadcrumb\"},\"inLanguage\":\"sv-SE\",\"potentialAction\":[{\"@type\":\"ReadAction\",\"target\":[\"https:\\\/\\\/noaksark.org\\\/smaland-halland\\\/\"]}]},{\"@type\":\"ImageObject\",\"inLanguage\":\"sv-SE\",\"@id\":\"https:\\\/\\\/noaksark.org\\\/smaland-halland\\\/#primaryimage\",\"url\":\"https:\\\/\\\/noaksark.org\\\/smaland-halland\\\/wp-content\\\/uploads\\\/sites\\\/5\\\/2022\\\/12\\\/page-hero-smaland-halland-noaks-ark.jpg\",\"contentUrl\":\"https:\\\/\\\/noaksark.org\\\/smaland-halland\\\/wp-content\\\/uploads\\\/sites\\\/5\\\/2022\\\/12\\\/page-hero-smaland-halland-noaks-ark.jpg\",\"width\":1500,\"height\":1000,\"caption\":\"Noaks Ark - Sm\u00e5land & Halland - Hero\"},{\"@type\":\"BreadcrumbList\",\"@id\":\"https:\\\/\\\/noaksark.org\\\/smaland-halland\\\/#breadcrumb\",\"itemListElement\":[{\"@type\":\"ListItem\",\"position\":1,\"name\":\"Home\",\"item\":\"https:\\\/\\\/noaksark.org\\\/smaland-halland\\\/\"},{\"@type\":\"ListItem\",\"position\":2,\"name\":\"Noaks Ark Sm\u00e5land &amp; Halland\"}]},{\"@type\":\"WebSite\",\"@id\":\"https:\\\/\\\/noaksark.org\\\/smaland-halland\\\/#website\",\"url\":\"https:\\\/\\\/noaksark.org\\\/smaland-halland\\\/\",\"name\":\"Noaks Ark Sm\u00e5land &amp; Halland\",\"description\":\"\",\"potentialAction\":[{\"@type\":\"SearchAction\",\"target\":{\"@type\":\"EntryPoint\",\"urlTemplate\":\"https:\\\/\\\/noaksark.org\\\/smaland-halland\\\/?s={search_term_string}\"},\"query-input\":{\"@type\":\"PropertyValueSpecification\",\"valueRequired\":true,\"valueName\":\"search_term_string\"}}],\"inLanguage\":\"sv-SE\"}]}<\/script>\n<!-- \/ Yoast SEO Premium plugin. -->","yoast_head_json":{"title":"Noaks Ark Sm\u00e5land och Halland - Hivtestning, st\u00f6d & information","description":"Noaks Ark Sm\u00e5land och Halland arbetar f\u00f6r att \u00f6ka v\u00e4lbefinnandet och livskvalit\u00e9n hos personer som lever med hiv samt f\u00f6rebygga spridningen.","robots":{"index":"index","follow":"follow","max-snippet":"max-snippet:-1","max-image-preview":"max-image-preview:large","max-video-preview":"max-video-preview:-1"},"canonical":"https:\/\/noaksark.org\/smaland-halland\/","og_locale":"sv_SE","og_type":"article","og_title":"Noaks Ark Sm\u00e5land &amp; Halland","og_description":"Noaks Ark Sm\u00e5land och Halland arbetar f\u00f6r att \u00f6ka v\u00e4lbefinnandet och livskvalit\u00e9n hos personer som lever med hiv samt f\u00f6rebygga spridningen.","og_url":"https:\/\/noaksark.org\/smaland-halland\/","og_site_name":"Noaks Ark Sm\u00e5land &amp; Halland","article_modified_time":"2026-04-21T09:47:21+00:00","og_image":[{"width":1500,"height":1000,"url":"https:\/\/noaksark.org\/smaland-halland\/wp-content\/uploads\/sites\/5\/2022\/12\/page-hero-smaland-halland-noaks-ark.jpg","type":"image\/jpeg"}],"twitter_card":"summary_large_image","twitter_misc":{"Ber\u00e4knad l\u00e4stid":"2 minuter"},"schema":{"@context":"https:\/\/schema.org","@graph":[{"@type":"WebPage","@id":"https:\/\/noaksark.org\/smaland-halland\/","url":"https:\/\/noaksark.org\/smaland-halland\/","name":"Noaks Ark Sm\u00e5land och Halland - Hivtestning, st\u00f6d & information","isPartOf":{"@id":"https:\/\/noaksark.org\/smaland-halland\/#website"},"primaryImageOfPage":{"@id":"https:\/\/noaksark.org\/smaland-halland\/#primaryimage"},"image":{"@id":"https:\/\/noaksark.org\/smaland-halland\/#primaryimage"},"thumbnailUrl":"https:\/\/noaksark.org\/smaland-halland\/wp-content\/uploads\/sites\/5\/2022\/12\/page-hero-smaland-halland-noaks-ark.jpg","datePublished":"2022-11-22T13:37:22+00:00","dateModified":"2026-04-21T09:47:21+00:00","description":"Noaks Ark Sm\u00e5land och Halland arbetar f\u00f6r att \u00f6ka v\u00e4lbefinnandet och livskvalit\u00e9n hos personer som lever med hiv samt f\u00f6rebygga spridningen.","breadcrumb":{"@id":"https:\/\/noaksark.org\/smaland-halland\/#breadcrumb"},"inLanguage":"sv-SE","potentialAction":[{"@type":"ReadAction","target":["https:\/\/noaksark.org\/smaland-halland\/"]}]},{"@type":"ImageObject","inLanguage":"sv-SE","@id":"https:\/\/noaksark.org\/smaland-halland\/#primaryimage","url":"https:\/\/noaksark.org\/smaland-halland\/wp-content\/uploads\/sites\/5\/2022\/12\/page-hero-smaland-halland-noaks-ark.jpg","contentUrl":"https:\/\/noaksark.org\/smaland-halland\/wp-content\/uploads\/sites\/5\/2022\/12\/page-hero-smaland-halland-noaks-ark.jpg","width":1500,"height":1000,"caption":"Noaks Ark - Sm\u00e5land & Halland - Hero"},{"@type":"BreadcrumbList","@id":"https:\/\/noaksark.org\/smaland-halland\/#breadcrumb","itemListElement":[{"@type":"ListItem","position":1,"name":"Home","item":"https:\/\/noaksark.org\/smaland-halland\/"},{"@type":"ListItem","position":2,"name":"Noaks Ark Sm\u00e5land &amp; Halland"}]},{"@type":"WebSite","@id":"https:\/\/noaksark.org\/smaland-halland\/#website","url":"https:\/\/noaksark.org\/smaland-halland\/","name":"Noaks Ark Sm\u00e5land &amp; Halland","description":"","potentialAction":[{"@type":"SearchAction","target":{"@type":"EntryPoint","urlTemplate":"https:\/\/noaksark.org\/smaland-halland\/?s={search_term_string}"},"query-input":{"@type":"PropertyValueSpecification","valueRequired":true,"valueName":"search_term_string"}}],"inLanguage":"sv-SE"}]}},"_links":{"self":[{"href":"https:\/\/noaksark.org\/smaland-halland\/wp-json\/wp\/v2\/pages\/7","targetHints":{"allow":["GET"]}}],"collection":[{"href":"https:\/\/noaksark.org\/smaland-halland\/wp-json\/wp\/v2\/pages"}],"about":[{"href":"https:\/\/noaksark.org\/smaland-halland\/wp-json\/wp\/v2\/types\/page"}],"author":[{"embeddable":true,"href":"https:\/\/noaksark.org\/smaland-halland\/wp-json\/wp\/v2\/users\/27"}],"replies":[{"embeddable":true,"href":"https:\/\/noaksark.org\/smaland-halland\/wp-json\/wp\/v2\/comments?post=7"}],"version-history":[{"count":65,"href":"https:\/\/noaksark.org\/smaland-halland\/wp-json\/wp\/v2\/pages\/7\/revisions"}],"predecessor-version":[{"id":1806,"href":"https:\/\/noaksark.org\/smaland-halland\/wp-json\/wp\/v2\/pages\/7\/revisions\/1806"}],"wp:featuredmedia":[{"embeddable":true,"href":"https:\/\/noaksark.org\/smaland-halland\/wp-json\/wp\/v2\/media\/119"}],"wp:attachment":[{"href":"https:\/\/noaksark.org\/smaland-halland\/wp-json\/wp\/v2\/media?parent=7"}],"curies":[{"name":"wp","href":"https:\/\/api.w.org\/{rel}","templated":true}]}}