{"id":831,"date":"2024-06-10T13:06:26","date_gmt":"2024-06-10T12:06:26","guid":{"rendered":"https:\/\/noaksark.org\/ostergotland\/?page_id=831"},"modified":"2026-03-17T13:16:43","modified_gmt":"2026-03-17T12:16:43","slug":"hivtest-linkoping","status":"publish","type":"page","link":"https:\/\/noaksark.org\/ostergotland\/hivtest\/hivtest-linkoping\/","title":{"rendered":"Hivtest Link\u00f6ping"},"content":{"rendered":"\n<p>Vi har drop-in mottagning f\u00f6r hivtest p\u00e5 vissa <strong>onsdagar 17:30 &#8211; 19:00<\/strong> p\u00e5 Repslagaregatan 4, plan 5 i Link\u00f6ping (Ungdomsmottagningens lokaler).<\/p>\n\n\n\n<p>Vi arbetar utanf\u00f6r ungdomsmottagningens \u00f6ppettider och v\u00e5r drop-in mottagning \u00e4r \u00f6ppen f\u00f6r alla \u00e5ldrar.<\/p>\n\n\n\n<h2 class=\"wp-block-heading\" id=\"h-drop-in-tider-2026\">Drop-in tider 2026<\/h2>\n\n\n\n<p>Med reservation f\u00f6r \u00e4ndringar. Datumen kan komma att uppdateras under v\u00e5ren.<\/p>\n\n\n\n<p><\/p>\n\n\n\n<ul class=\"wp-block-list\">\n<li>18\/3 <\/li>\n\n\n\n<li>8\/4 <\/li>\n\n\n\n<li>22\/4<\/li>\n\n\n\n<li>6\/5<\/li>\n\n\n\n<li>27\/5 <\/li>\n\n\n\n<li>10\/6 <\/li>\n\n\n\n<li>14\/6 <\/li>\n<\/ul>\n","protected":false},"excerpt":{"rendered":"<p>Vi har drop-in mottagning f\u00f6r hivtest p\u00e5 vissa onsdagar 17:30 &#8211; 19:00 p\u00e5 Repslagaregatan 4, plan 5 i Link\u00f6ping (Ungdomsmottagningens lokaler). Vi arbetar utanf\u00f6r ungdomsmottagningens \u00f6ppettider och v\u00e5r drop-in mottagning \u00e4r \u00f6ppen f\u00f6r alla \u00e5ldrar&#8230;.<\/p>\n","protected":false},"author":27,"featured_media":0,"parent":2,"menu_order":0,"comment_status":"closed","ping_status":"closed","template":"","meta":{"_acf_changed":false,"footnotes":""},"class_list":["post-831","page","type-page","status-publish","hentry"],"acf":[],"yoast_head":"<!-- This site is optimized with the Yoast SEO Premium plugin v27.4 (Yoast SEO v27.5) - https:\/\/yoast.com\/product\/yoast-seo-premium-wordpress\/ -->\n<title>Hivtest Link\u00f6ping - Noaks Ark \u00d6sterg\u00f6tland<\/title>\n<meta name=\"robots\" content=\"index, follow, max-snippet:-1, max-image-preview:large, max-video-preview:-1\" \/>\n<link rel=\"canonical\" href=\"https:\/\/noaksark.org\/ostergotland\/hivtest\/hivtest-linkoping\/\" \/>\n<meta property=\"og:locale\" content=\"sv_SE\" \/>\n<meta property=\"og:type\" content=\"article\" \/>\n<meta property=\"og:title\" content=\"Hivtest Link\u00f6ping\" \/>\n<meta property=\"og:description\" content=\"Vi har drop-in mottagning f\u00f6r hivtest p\u00e5 vissa onsdagar 17:30 &#8211; 19:00 p\u00e5 Repslagaregatan 4, plan 5 i Link\u00f6ping (Ungdomsmottagningens lokaler). Vi arbetar utanf\u00f6r ungdomsmottagningens \u00f6ppettider och v\u00e5r drop-in mottagning \u00e4r \u00f6ppen f\u00f6r alla \u00e5ldrar....\" \/>\n<meta property=\"og:url\" content=\"https:\/\/noaksark.org\/ostergotland\/hivtest\/hivtest-linkoping\/\" \/>\n<meta property=\"og:site_name\" content=\"Noaks Ark \u00d6sterg\u00f6tland\" \/>\n<meta property=\"article:modified_time\" content=\"2026-03-17T12:16:43+00:00\" \/>\n<meta name=\"twitter:card\" content=\"summary_large_image\" \/>\n<meta name=\"twitter:label1\" content=\"Ber\u00e4knad l\u00e4stid\" \/>\n\t<meta name=\"twitter:data1\" content=\"1 minut\" \/>\n<script type=\"application\/ld+json\" class=\"yoast-schema-graph\">{\"@context\":\"https:\\\/\\\/schema.org\",\"@graph\":[{\"@type\":\"WebPage\",\"@id\":\"https:\\\/\\\/noaksark.org\\\/ostergotland\\\/hivtest\\\/hivtest-linkoping\\\/\",\"url\":\"https:\\\/\\\/noaksark.org\\\/ostergotland\\\/hivtest\\\/hivtest-linkoping\\\/\",\"name\":\"Hivtest Link\u00f6ping - Noaks Ark \u00d6sterg\u00f6tland\",\"isPartOf\":{\"@id\":\"https:\\\/\\\/noaksark.org\\\/ostergotland\\\/#website\"},\"datePublished\":\"2024-06-10T12:06:26+00:00\",\"dateModified\":\"2026-03-17T12:16:43+00:00\",\"breadcrumb\":{\"@id\":\"https:\\\/\\\/noaksark.org\\\/ostergotland\\\/hivtest\\\/hivtest-linkoping\\\/#breadcrumb\"},\"inLanguage\":\"sv-SE\",\"potentialAction\":[{\"@type\":\"ReadAction\",\"target\":[\"https:\\\/\\\/noaksark.org\\\/ostergotland\\\/hivtest\\\/hivtest-linkoping\\\/\"]}]},{\"@type\":\"BreadcrumbList\",\"@id\":\"https:\\\/\\\/noaksark.org\\\/ostergotland\\\/hivtest\\\/hivtest-linkoping\\\/#breadcrumb\",\"itemListElement\":[{\"@type\":\"ListItem\",\"position\":1,\"name\":\"Home\",\"item\":\"https:\\\/\\\/noaksark.org\\\/ostergotland\\\/\"},{\"@type\":\"ListItem\",\"position\":2,\"name\":\"Hivtest\",\"item\":\"https:\\\/\\\/noaksark.org\\\/ostergotland\\\/hivtest\\\/\"},{\"@type\":\"ListItem\",\"position\":3,\"name\":\"Hivtest Link\u00f6ping\"}]},{\"@type\":\"WebSite\",\"@id\":\"https:\\\/\\\/noaksark.org\\\/ostergotland\\\/#website\",\"url\":\"https:\\\/\\\/noaksark.org\\\/ostergotland\\\/\",\"name\":\"Noaks Ark \u00d6sterg\u00f6tland\",\"description\":\"\",\"potentialAction\":[{\"@type\":\"SearchAction\",\"target\":{\"@type\":\"EntryPoint\",\"urlTemplate\":\"https:\\\/\\\/noaksark.org\\\/ostergotland\\\/?s={search_term_string}\"},\"query-input\":{\"@type\":\"PropertyValueSpecification\",\"valueRequired\":true,\"valueName\":\"search_term_string\"}}],\"inLanguage\":\"sv-SE\"}]}<\/script>\n<!-- \/ Yoast SEO Premium plugin. -->","yoast_head_json":{"title":"Hivtest Link\u00f6ping - Noaks Ark \u00d6sterg\u00f6tland","robots":{"index":"index","follow":"follow","max-snippet":"max-snippet:-1","max-image-preview":"max-image-preview:large","max-video-preview":"max-video-preview:-1"},"canonical":"https:\/\/noaksark.org\/ostergotland\/hivtest\/hivtest-linkoping\/","og_locale":"sv_SE","og_type":"article","og_title":"Hivtest Link\u00f6ping","og_description":"Vi har drop-in mottagning f\u00f6r hivtest p\u00e5 vissa onsdagar 17:30 &#8211; 19:00 p\u00e5 Repslagaregatan 4, plan 5 i Link\u00f6ping (Ungdomsmottagningens lokaler). Vi arbetar utanf\u00f6r ungdomsmottagningens \u00f6ppettider och v\u00e5r drop-in mottagning \u00e4r \u00f6ppen f\u00f6r alla \u00e5ldrar....","og_url":"https:\/\/noaksark.org\/ostergotland\/hivtest\/hivtest-linkoping\/","og_site_name":"Noaks Ark \u00d6sterg\u00f6tland","article_modified_time":"2026-03-17T12:16:43+00:00","twitter_card":"summary_large_image","twitter_misc":{"Ber\u00e4knad l\u00e4stid":"1 minut"},"schema":{"@context":"https:\/\/schema.org","@graph":[{"@type":"WebPage","@id":"https:\/\/noaksark.org\/ostergotland\/hivtest\/hivtest-linkoping\/","url":"https:\/\/noaksark.org\/ostergotland\/hivtest\/hivtest-linkoping\/","name":"Hivtest Link\u00f6ping - Noaks Ark \u00d6sterg\u00f6tland","isPartOf":{"@id":"https:\/\/noaksark.org\/ostergotland\/#website"},"datePublished":"2024-06-10T12:06:26+00:00","dateModified":"2026-03-17T12:16:43+00:00","breadcrumb":{"@id":"https:\/\/noaksark.org\/ostergotland\/hivtest\/hivtest-linkoping\/#breadcrumb"},"inLanguage":"sv-SE","potentialAction":[{"@type":"ReadAction","target":["https:\/\/noaksark.org\/ostergotland\/hivtest\/hivtest-linkoping\/"]}]},{"@type":"BreadcrumbList","@id":"https:\/\/noaksark.org\/ostergotland\/hivtest\/hivtest-linkoping\/#breadcrumb","itemListElement":[{"@type":"ListItem","position":1,"name":"Home","item":"https:\/\/noaksark.org\/ostergotland\/"},{"@type":"ListItem","position":2,"name":"Hivtest","item":"https:\/\/noaksark.org\/ostergotland\/hivtest\/"},{"@type":"ListItem","position":3,"name":"Hivtest Link\u00f6ping"}]},{"@type":"WebSite","@id":"https:\/\/noaksark.org\/ostergotland\/#website","url":"https:\/\/noaksark.org\/ostergotland\/","name":"Noaks Ark \u00d6sterg\u00f6tland","description":"","potentialAction":[{"@type":"SearchAction","target":{"@type":"EntryPoint","urlTemplate":"https:\/\/noaksark.org\/ostergotland\/?s={search_term_string}"},"query-input":{"@type":"PropertyValueSpecification","valueRequired":true,"valueName":"search_term_string"}}],"inLanguage":"sv-SE"}]}},"_links":{"self":[{"href":"https:\/\/noaksark.org\/ostergotland\/wp-json\/wp\/v2\/pages\/831","targetHints":{"allow":["GET"]}}],"collection":[{"href":"https:\/\/noaksark.org\/ostergotland\/wp-json\/wp\/v2\/pages"}],"about":[{"href":"https:\/\/noaksark.org\/ostergotland\/wp-json\/wp\/v2\/types\/page"}],"author":[{"embeddable":true,"href":"https:\/\/noaksark.org\/ostergotland\/wp-json\/wp\/v2\/users\/27"}],"replies":[{"embeddable":true,"href":"https:\/\/noaksark.org\/ostergotland\/wp-json\/wp\/v2\/comments?post=831"}],"version-history":[{"count":12,"href":"https:\/\/noaksark.org\/ostergotland\/wp-json\/wp\/v2\/pages\/831\/revisions"}],"predecessor-version":[{"id":1143,"href":"https:\/\/noaksark.org\/ostergotland\/wp-json\/wp\/v2\/pages\/831\/revisions\/1143"}],"up":[{"embeddable":true,"href":"https:\/\/noaksark.org\/ostergotland\/wp-json\/wp\/v2\/pages\/2"}],"wp:attachment":[{"href":"https:\/\/noaksark.org\/ostergotland\/wp-json\/wp\/v2\/media?parent=831"}],"curies":[{"name":"wp","href":"https:\/\/api.w.org\/{rel}","templated":true}]}}