{"id":824,"date":"2024-12-19T10:40:34","date_gmt":"2024-12-19T09:40:34","guid":{"rendered":"https:\/\/noaksark.org\/norra-norrland\/?page_id=824"},"modified":"2025-05-05T15:38:57","modified_gmt":"2025-05-05T13:38:57","slug":"kalender","status":"publish","type":"page","link":"https:\/\/noaksark.org\/norra-norrland\/kalender\/","title":{"rendered":"P\u00e5 g\u00e5ng"},"content":{"rendered":"\n<p>H\u00e4r nedan ser du vad som \u00e4r p\u00e5 g\u00e5ng i b\u00e5de Norrbotten och V\u00e4sterbotten. Det kan exempelvis handla om f\u00f6rel\u00e4sningar, grupptr\u00e4ffar eller att vi bes\u00f6ker ett event.<\/p>\n\n\n\n<p><\/p>\n","protected":false},"excerpt":{"rendered":"<p>H\u00e4r nedan ser du vad som \u00e4r p\u00e5 g\u00e5ng i b\u00e5de Norrbotten och V\u00e4sterbotten. Det kan exempelvis handla om f\u00f6rel\u00e4sningar, grupptr\u00e4ffar eller att vi bes\u00f6ker ett event.<\/p>\n","protected":false},"author":27,"featured_media":0,"parent":0,"menu_order":0,"comment_status":"closed","ping_status":"closed","template":"_template-calendar.php","meta":{"_acf_changed":false,"footnotes":""},"class_list":["post-824","page","type-page","status-publish","hentry"],"acf":[],"yoast_head":"<!-- This site is optimized with the Yoast SEO Premium plugin v27.3 (Yoast SEO v27.4) - https:\/\/yoast.com\/product\/yoast-seo-premium-wordpress\/ -->\n<title>P\u00e5 g\u00e5ng - Noaks Ark Norra Norrland<\/title>\n<meta name=\"robots\" content=\"index, follow, max-snippet:-1, max-image-preview:large, max-video-preview:-1\" \/>\n<link rel=\"canonical\" href=\"https:\/\/noaksark.org\/norra-norrland\/kalender\/\" \/>\n<meta property=\"og:locale\" content=\"sv_SE\" \/>\n<meta property=\"og:type\" content=\"article\" \/>\n<meta property=\"og:title\" content=\"P\u00e5 g\u00e5ng\" \/>\n<meta property=\"og:description\" content=\"H\u00e4r nedan ser du vad som \u00e4r p\u00e5 g\u00e5ng i b\u00e5de Norrbotten och V\u00e4sterbotten. Det kan exempelvis handla om f\u00f6rel\u00e4sningar, grupptr\u00e4ffar eller att vi bes\u00f6ker ett event.\" \/>\n<meta property=\"og:url\" content=\"https:\/\/noaksark.org\/norra-norrland\/kalender\/\" \/>\n<meta property=\"og:site_name\" content=\"Noaks Ark Norra Norrland\" \/>\n<meta property=\"article:modified_time\" content=\"2025-05-05T13:38:57+00:00\" \/>\n<meta name=\"twitter:card\" content=\"summary_large_image\" \/>\n<meta name=\"twitter:label1\" content=\"Ber\u00e4knad l\u00e4stid\" \/>\n\t<meta name=\"twitter:data1\" content=\"1 minut\" \/>\n<script type=\"application\/ld+json\" class=\"yoast-schema-graph\">{\"@context\":\"https:\\\/\\\/schema.org\",\"@graph\":[{\"@type\":\"WebPage\",\"@id\":\"https:\\\/\\\/noaksark.org\\\/norra-norrland\\\/kalender\\\/\",\"url\":\"https:\\\/\\\/noaksark.org\\\/norra-norrland\\\/kalender\\\/\",\"name\":\"P\u00e5 g\u00e5ng - Noaks Ark Norra Norrland\",\"isPartOf\":{\"@id\":\"https:\\\/\\\/noaksark.org\\\/norra-norrland\\\/#website\"},\"datePublished\":\"2024-12-19T09:40:34+00:00\",\"dateModified\":\"2025-05-05T13:38:57+00:00\",\"breadcrumb\":{\"@id\":\"https:\\\/\\\/noaksark.org\\\/norra-norrland\\\/kalender\\\/#breadcrumb\"},\"inLanguage\":\"sv-SE\",\"potentialAction\":[{\"@type\":\"ReadAction\",\"target\":[\"https:\\\/\\\/noaksark.org\\\/norra-norrland\\\/kalender\\\/\"]}]},{\"@type\":\"BreadcrumbList\",\"@id\":\"https:\\\/\\\/noaksark.org\\\/norra-norrland\\\/kalender\\\/#breadcrumb\",\"itemListElement\":[{\"@type\":\"ListItem\",\"position\":1,\"name\":\"Home\",\"item\":\"https:\\\/\\\/noaksark.org\\\/norra-norrland\\\/\"},{\"@type\":\"ListItem\",\"position\":2,\"name\":\"P\u00e5 g\u00e5ng\"}]},{\"@type\":\"WebSite\",\"@id\":\"https:\\\/\\\/noaksark.org\\\/norra-norrland\\\/#website\",\"url\":\"https:\\\/\\\/noaksark.org\\\/norra-norrland\\\/\",\"name\":\"Noaks Ark Norra Norrland\",\"description\":\"\",\"potentialAction\":[{\"@type\":\"SearchAction\",\"target\":{\"@type\":\"EntryPoint\",\"urlTemplate\":\"https:\\\/\\\/noaksark.org\\\/norra-norrland\\\/?s={search_term_string}\"},\"query-input\":{\"@type\":\"PropertyValueSpecification\",\"valueRequired\":true,\"valueName\":\"search_term_string\"}}],\"inLanguage\":\"sv-SE\"}]}<\/script>\n<!-- \/ Yoast SEO Premium plugin. -->","yoast_head_json":{"title":"P\u00e5 g\u00e5ng - Noaks Ark Norra Norrland","robots":{"index":"index","follow":"follow","max-snippet":"max-snippet:-1","max-image-preview":"max-image-preview:large","max-video-preview":"max-video-preview:-1"},"canonical":"https:\/\/noaksark.org\/norra-norrland\/kalender\/","og_locale":"sv_SE","og_type":"article","og_title":"P\u00e5 g\u00e5ng","og_description":"H\u00e4r nedan ser du vad som \u00e4r p\u00e5 g\u00e5ng i b\u00e5de Norrbotten och V\u00e4sterbotten. Det kan exempelvis handla om f\u00f6rel\u00e4sningar, grupptr\u00e4ffar eller att vi bes\u00f6ker ett event.","og_url":"https:\/\/noaksark.org\/norra-norrland\/kalender\/","og_site_name":"Noaks Ark Norra Norrland","article_modified_time":"2025-05-05T13:38:57+00:00","twitter_card":"summary_large_image","twitter_misc":{"Ber\u00e4knad l\u00e4stid":"1 minut"},"schema":{"@context":"https:\/\/schema.org","@graph":[{"@type":"WebPage","@id":"https:\/\/noaksark.org\/norra-norrland\/kalender\/","url":"https:\/\/noaksark.org\/norra-norrland\/kalender\/","name":"P\u00e5 g\u00e5ng - Noaks Ark Norra Norrland","isPartOf":{"@id":"https:\/\/noaksark.org\/norra-norrland\/#website"},"datePublished":"2024-12-19T09:40:34+00:00","dateModified":"2025-05-05T13:38:57+00:00","breadcrumb":{"@id":"https:\/\/noaksark.org\/norra-norrland\/kalender\/#breadcrumb"},"inLanguage":"sv-SE","potentialAction":[{"@type":"ReadAction","target":["https:\/\/noaksark.org\/norra-norrland\/kalender\/"]}]},{"@type":"BreadcrumbList","@id":"https:\/\/noaksark.org\/norra-norrland\/kalender\/#breadcrumb","itemListElement":[{"@type":"ListItem","position":1,"name":"Home","item":"https:\/\/noaksark.org\/norra-norrland\/"},{"@type":"ListItem","position":2,"name":"P\u00e5 g\u00e5ng"}]},{"@type":"WebSite","@id":"https:\/\/noaksark.org\/norra-norrland\/#website","url":"https:\/\/noaksark.org\/norra-norrland\/","name":"Noaks Ark Norra Norrland","description":"","potentialAction":[{"@type":"SearchAction","target":{"@type":"EntryPoint","urlTemplate":"https:\/\/noaksark.org\/norra-norrland\/?s={search_term_string}"},"query-input":{"@type":"PropertyValueSpecification","valueRequired":true,"valueName":"search_term_string"}}],"inLanguage":"sv-SE"}]}},"_links":{"self":[{"href":"https:\/\/noaksark.org\/norra-norrland\/wp-json\/wp\/v2\/pages\/824","targetHints":{"allow":["GET"]}}],"collection":[{"href":"https:\/\/noaksark.org\/norra-norrland\/wp-json\/wp\/v2\/pages"}],"about":[{"href":"https:\/\/noaksark.org\/norra-norrland\/wp-json\/wp\/v2\/types\/page"}],"author":[{"embeddable":true,"href":"https:\/\/noaksark.org\/norra-norrland\/wp-json\/wp\/v2\/users\/27"}],"replies":[{"embeddable":true,"href":"https:\/\/noaksark.org\/norra-norrland\/wp-json\/wp\/v2\/comments?post=824"}],"version-history":[{"count":6,"href":"https:\/\/noaksark.org\/norra-norrland\/wp-json\/wp\/v2\/pages\/824\/revisions"}],"predecessor-version":[{"id":868,"href":"https:\/\/noaksark.org\/norra-norrland\/wp-json\/wp\/v2\/pages\/824\/revisions\/868"}],"wp:attachment":[{"href":"https:\/\/noaksark.org\/norra-norrland\/wp-json\/wp\/v2\/media?parent=824"}],"curies":[{"name":"wp","href":"https:\/\/api.w.org\/{rel}","templated":true}]}}