{"id":123,"date":"2022-11-22T10:18:06","date_gmt":"2022-11-22T10:18:06","guid":{"rendered":"https:\/\/noaksark.test\/norra-norrland\/?page_id=123"},"modified":"2025-04-22T10:43:05","modified_gmt":"2025-04-22T08:43:05","slug":"bli-medlem-engagera-dig","status":"publish","type":"page","link":"https:\/\/noaksark.org\/norra-norrland\/om-oss\/bli-medlem-engagera-dig\/","title":{"rendered":"Bli medlem"},"content":{"rendered":"\n<p>F\u00f6reningen Noaks Ark Norra Norrland \u00e4r en medlemsf\u00f6rening. Oavsett om du lever med hiv eller inte \u00e4r du varmt v\u00e4lkommen att bli medlem i f\u00f6reningen. Vi uppskattar ditt st\u00f6d!<\/p>\n\n\n\n<p>Medlemsavgiften \u00e4r 100 kr\/kalender\u00e5r. Medlemsavgiften och\/eller eventuella g\u00e5vor s\u00e4tts in p\u00e5 v\u00e5rt Plusgirokonto eller via Swish.<\/p>\n\n\n\n<h2 class=\"wp-block-heading\" id=\"h-att-bli-medlem\">Att bli medlem<\/h2>\n\n\n\n<p>F\u00f6r att bli medlem&nbsp;<a href=\"mailto:info.norranorrland@noaksark.org\">skickar du ett mejl<\/a>&nbsp;till oss och uppger namn, telefonnummer och adress.<\/p>\n\n\n\n<p>Betala sedan medlemsavgiften via Swish eller Plusgiro. <br>Vid inbetalning via Plusgirokontot, ange ditt <em><strong>namn<\/strong><\/em> i meddelanderutan, f\u00f6r att vi ska kunna h\u00e4rleda din inbetalning. Vid g\u00e5va eller bidrag, ange <em><strong>g\u00e5va<\/strong><\/em> i meddelanderutan ist\u00e4llet.<\/p>\n\n\n\n<p><strong>Plusgirokonto: 17 77 70 \u2013 5<\/strong><\/p>\n\n\n\n<figure class=\"wp-block-image size-full\"><img loading=\"lazy\" decoding=\"async\" width=\"312\" height=\"472\" src=\"https:\/\/noaksark.org\/norra-norrland\/wp-content\/uploads\/sites\/3\/2025\/04\/Swish-QR-kod-Noaks-Ark-Norra-Norrland-50.png\" alt=\"\" class=\"wp-image-948\" srcset=\"https:\/\/noaksark.org\/norra-norrland\/wp-content\/uploads\/sites\/3\/2025\/04\/Swish-QR-kod-Noaks-Ark-Norra-Norrland-50.png 312w, https:\/\/noaksark.org\/norra-norrland\/wp-content\/uploads\/sites\/3\/2025\/04\/Swish-QR-kod-Noaks-Ark-Norra-Norrland-50-198x300.png 198w, https:\/\/noaksark.org\/norra-norrland\/wp-content\/uploads\/sites\/3\/2025\/04\/Swish-QR-kod-Noaks-Ark-Norra-Norrland-50-66x100.png 66w\" sizes=\"auto, (max-width: 312px) 100vw, 312px\" \/><\/figure>\n\n\n\n<p><\/p>\n\n\n\n<h3 class=\"wp-block-heading\" id=\"h-tack-for-ditt-stod\"><strong>Tack f\u00f6r ditt st\u00f6d!<\/strong><\/h3>\n","protected":false},"excerpt":{"rendered":"<p>F\u00f6reningen Noaks Ark Norra Norrland \u00e4r en medlemsf\u00f6rening. Oavsett om du lever med hiv eller inte \u00e4r du varmt v\u00e4lkommen att bli medlem i f\u00f6reningen. Vi uppskattar ditt st\u00f6d! Medlemsavgiften \u00e4r 100 kr\/kalender\u00e5r. Medlemsavgiften och\/eller&#8230;<\/p>\n","protected":false},"author":27,"featured_media":936,"parent":119,"menu_order":0,"comment_status":"closed","ping_status":"closed","template":"","meta":{"_acf_changed":false,"footnotes":""},"class_list":["post-123","page","type-page","status-publish","has-post-thumbnail","hentry"],"acf":[],"yoast_head":"<!-- This site is optimized with the Yoast SEO Premium plugin v27.5 (Yoast SEO v27.6) - https:\/\/yoast.com\/product\/yoast-seo-premium-wordpress\/ -->\n<title>Bli medlem - Noaks Ark Norra Norrland<\/title>\n<meta name=\"description\" content=\"H\u00e4r finns information om hur du kan bli medlem och engagera dig i Noaks Ark Norra Norrland st\u00f6dverksamhet och ut\u00e5triktade verksamhet!\" \/>\n<meta name=\"robots\" content=\"index, follow, max-snippet:-1, max-image-preview:large, max-video-preview:-1\" \/>\n<link rel=\"canonical\" href=\"https:\/\/noaksark.org\/norra-norrland\/om-oss\/bli-medlem-engagera-dig\/\" \/>\n<meta property=\"og:locale\" content=\"sv_SE\" \/>\n<meta property=\"og:type\" content=\"article\" \/>\n<meta property=\"og:title\" content=\"Bli medlem\" \/>\n<meta property=\"og:description\" content=\"H\u00e4r finns information om hur du kan bli medlem och engagera dig i Noaks Ark Norra Norrland st\u00f6dverksamhet och ut\u00e5triktade verksamhet!\" \/>\n<meta property=\"og:url\" content=\"https:\/\/noaksark.org\/norra-norrland\/om-oss\/bli-medlem-engagera-dig\/\" \/>\n<meta property=\"og:site_name\" content=\"Noaks Ark Norra Norrland\" \/>\n<meta property=\"article:modified_time\" content=\"2025-04-22T08:43:05+00:00\" \/>\n<meta property=\"og:image\" content=\"https:\/\/noaksark.org\/norra-norrland\/wp-content\/uploads\/sites\/3\/2025\/04\/Bli-medlem-2-beskard-scaled.jpg\" \/>\n\t<meta property=\"og:image:width\" content=\"2560\" \/>\n\t<meta property=\"og:image:height\" content=\"1164\" \/>\n\t<meta property=\"og:image:type\" content=\"image\/jpeg\" \/>\n<meta name=\"twitter:card\" content=\"summary_large_image\" \/>\n<meta name=\"twitter:label1\" content=\"Ber\u00e4knad l\u00e4stid\" \/>\n\t<meta name=\"twitter:data1\" content=\"1 minut\" \/>\n<script type=\"application\/ld+json\" class=\"yoast-schema-graph\">{\"@context\":\"https:\\\/\\\/schema.org\",\"@graph\":[{\"@type\":\"WebPage\",\"@id\":\"https:\\\/\\\/noaksark.org\\\/norra-norrland\\\/om-oss\\\/bli-medlem-engagera-dig\\\/\",\"url\":\"https:\\\/\\\/noaksark.org\\\/norra-norrland\\\/om-oss\\\/bli-medlem-engagera-dig\\\/\",\"name\":\"Bli medlem - Noaks Ark Norra Norrland\",\"isPartOf\":{\"@id\":\"https:\\\/\\\/noaksark.org\\\/norra-norrland\\\/#website\"},\"primaryImageOfPage\":{\"@id\":\"https:\\\/\\\/noaksark.org\\\/norra-norrland\\\/om-oss\\\/bli-medlem-engagera-dig\\\/#primaryimage\"},\"image\":{\"@id\":\"https:\\\/\\\/noaksark.org\\\/norra-norrland\\\/om-oss\\\/bli-medlem-engagera-dig\\\/#primaryimage\"},\"thumbnailUrl\":\"https:\\\/\\\/noaksark.org\\\/norra-norrland\\\/wp-content\\\/uploads\\\/sites\\\/3\\\/2025\\\/04\\\/Bli-medlem-2-beskard-scaled.jpg\",\"datePublished\":\"2022-11-22T10:18:06+00:00\",\"dateModified\":\"2025-04-22T08:43:05+00:00\",\"description\":\"H\u00e4r finns information om hur du kan bli medlem och engagera dig i Noaks Ark Norra Norrland st\u00f6dverksamhet och ut\u00e5triktade verksamhet!\",\"breadcrumb\":{\"@id\":\"https:\\\/\\\/noaksark.org\\\/norra-norrland\\\/om-oss\\\/bli-medlem-engagera-dig\\\/#breadcrumb\"},\"inLanguage\":\"sv-SE\",\"potentialAction\":[{\"@type\":\"ReadAction\",\"target\":[\"https:\\\/\\\/noaksark.org\\\/norra-norrland\\\/om-oss\\\/bli-medlem-engagera-dig\\\/\"]}]},{\"@type\":\"ImageObject\",\"inLanguage\":\"sv-SE\",\"@id\":\"https:\\\/\\\/noaksark.org\\\/norra-norrland\\\/om-oss\\\/bli-medlem-engagera-dig\\\/#primaryimage\",\"url\":\"https:\\\/\\\/noaksark.org\\\/norra-norrland\\\/wp-content\\\/uploads\\\/sites\\\/3\\\/2025\\\/04\\\/Bli-medlem-2-beskard-scaled.jpg\",\"contentUrl\":\"https:\\\/\\\/noaksark.org\\\/norra-norrland\\\/wp-content\\\/uploads\\\/sites\\\/3\\\/2025\\\/04\\\/Bli-medlem-2-beskard-scaled.jpg\",\"width\":2560,\"height\":1164},{\"@type\":\"BreadcrumbList\",\"@id\":\"https:\\\/\\\/noaksark.org\\\/norra-norrland\\\/om-oss\\\/bli-medlem-engagera-dig\\\/#breadcrumb\",\"itemListElement\":[{\"@type\":\"ListItem\",\"position\":1,\"name\":\"Home\",\"item\":\"https:\\\/\\\/noaksark.org\\\/norra-norrland\\\/\"},{\"@type\":\"ListItem\",\"position\":2,\"name\":\"Om oss\",\"item\":\"https:\\\/\\\/noaksark.org\\\/norra-norrland\\\/om-oss\\\/\"},{\"@type\":\"ListItem\",\"position\":3,\"name\":\"Bli medlem\"}]},{\"@type\":\"WebSite\",\"@id\":\"https:\\\/\\\/noaksark.org\\\/norra-norrland\\\/#website\",\"url\":\"https:\\\/\\\/noaksark.org\\\/norra-norrland\\\/\",\"name\":\"Noaks Ark Norra Norrland\",\"description\":\"\",\"potentialAction\":[{\"@type\":\"SearchAction\",\"target\":{\"@type\":\"EntryPoint\",\"urlTemplate\":\"https:\\\/\\\/noaksark.org\\\/norra-norrland\\\/?s={search_term_string}\"},\"query-input\":{\"@type\":\"PropertyValueSpecification\",\"valueRequired\":true,\"valueName\":\"search_term_string\"}}],\"inLanguage\":\"sv-SE\"}]}<\/script>\n<!-- \/ Yoast SEO Premium plugin. -->","yoast_head_json":{"title":"Bli medlem - Noaks Ark Norra Norrland","description":"H\u00e4r finns information om hur du kan bli medlem och engagera dig i Noaks Ark Norra Norrland st\u00f6dverksamhet och ut\u00e5triktade verksamhet!","robots":{"index":"index","follow":"follow","max-snippet":"max-snippet:-1","max-image-preview":"max-image-preview:large","max-video-preview":"max-video-preview:-1"},"canonical":"https:\/\/noaksark.org\/norra-norrland\/om-oss\/bli-medlem-engagera-dig\/","og_locale":"sv_SE","og_type":"article","og_title":"Bli medlem","og_description":"H\u00e4r finns information om hur du kan bli medlem och engagera dig i Noaks Ark Norra Norrland st\u00f6dverksamhet och ut\u00e5triktade verksamhet!","og_url":"https:\/\/noaksark.org\/norra-norrland\/om-oss\/bli-medlem-engagera-dig\/","og_site_name":"Noaks Ark Norra Norrland","article_modified_time":"2025-04-22T08:43:05+00:00","og_image":[{"width":2560,"height":1164,"url":"https:\/\/noaksark.org\/norra-norrland\/wp-content\/uploads\/sites\/3\/2025\/04\/Bli-medlem-2-beskard-scaled.jpg","type":"image\/jpeg"}],"twitter_card":"summary_large_image","twitter_misc":{"Ber\u00e4knad l\u00e4stid":"1 minut"},"schema":{"@context":"https:\/\/schema.org","@graph":[{"@type":"WebPage","@id":"https:\/\/noaksark.org\/norra-norrland\/om-oss\/bli-medlem-engagera-dig\/","url":"https:\/\/noaksark.org\/norra-norrland\/om-oss\/bli-medlem-engagera-dig\/","name":"Bli medlem - Noaks Ark Norra Norrland","isPartOf":{"@id":"https:\/\/noaksark.org\/norra-norrland\/#website"},"primaryImageOfPage":{"@id":"https:\/\/noaksark.org\/norra-norrland\/om-oss\/bli-medlem-engagera-dig\/#primaryimage"},"image":{"@id":"https:\/\/noaksark.org\/norra-norrland\/om-oss\/bli-medlem-engagera-dig\/#primaryimage"},"thumbnailUrl":"https:\/\/noaksark.org\/norra-norrland\/wp-content\/uploads\/sites\/3\/2025\/04\/Bli-medlem-2-beskard-scaled.jpg","datePublished":"2022-11-22T10:18:06+00:00","dateModified":"2025-04-22T08:43:05+00:00","description":"H\u00e4r finns information om hur du kan bli medlem och engagera dig i Noaks Ark Norra Norrland st\u00f6dverksamhet och ut\u00e5triktade verksamhet!","breadcrumb":{"@id":"https:\/\/noaksark.org\/norra-norrland\/om-oss\/bli-medlem-engagera-dig\/#breadcrumb"},"inLanguage":"sv-SE","potentialAction":[{"@type":"ReadAction","target":["https:\/\/noaksark.org\/norra-norrland\/om-oss\/bli-medlem-engagera-dig\/"]}]},{"@type":"ImageObject","inLanguage":"sv-SE","@id":"https:\/\/noaksark.org\/norra-norrland\/om-oss\/bli-medlem-engagera-dig\/#primaryimage","url":"https:\/\/noaksark.org\/norra-norrland\/wp-content\/uploads\/sites\/3\/2025\/04\/Bli-medlem-2-beskard-scaled.jpg","contentUrl":"https:\/\/noaksark.org\/norra-norrland\/wp-content\/uploads\/sites\/3\/2025\/04\/Bli-medlem-2-beskard-scaled.jpg","width":2560,"height":1164},{"@type":"BreadcrumbList","@id":"https:\/\/noaksark.org\/norra-norrland\/om-oss\/bli-medlem-engagera-dig\/#breadcrumb","itemListElement":[{"@type":"ListItem","position":1,"name":"Home","item":"https:\/\/noaksark.org\/norra-norrland\/"},{"@type":"ListItem","position":2,"name":"Om oss","item":"https:\/\/noaksark.org\/norra-norrland\/om-oss\/"},{"@type":"ListItem","position":3,"name":"Bli medlem"}]},{"@type":"WebSite","@id":"https:\/\/noaksark.org\/norra-norrland\/#website","url":"https:\/\/noaksark.org\/norra-norrland\/","name":"Noaks Ark Norra Norrland","description":"","potentialAction":[{"@type":"SearchAction","target":{"@type":"EntryPoint","urlTemplate":"https:\/\/noaksark.org\/norra-norrland\/?s={search_term_string}"},"query-input":{"@type":"PropertyValueSpecification","valueRequired":true,"valueName":"search_term_string"}}],"inLanguage":"sv-SE"}]}},"_links":{"self":[{"href":"https:\/\/noaksark.org\/norra-norrland\/wp-json\/wp\/v2\/pages\/123","targetHints":{"allow":["GET"]}}],"collection":[{"href":"https:\/\/noaksark.org\/norra-norrland\/wp-json\/wp\/v2\/pages"}],"about":[{"href":"https:\/\/noaksark.org\/norra-norrland\/wp-json\/wp\/v2\/types\/page"}],"author":[{"embeddable":true,"href":"https:\/\/noaksark.org\/norra-norrland\/wp-json\/wp\/v2\/users\/27"}],"replies":[{"embeddable":true,"href":"https:\/\/noaksark.org\/norra-norrland\/wp-json\/wp\/v2\/comments?post=123"}],"version-history":[{"count":8,"href":"https:\/\/noaksark.org\/norra-norrland\/wp-json\/wp\/v2\/pages\/123\/revisions"}],"predecessor-version":[{"id":950,"href":"https:\/\/noaksark.org\/norra-norrland\/wp-json\/wp\/v2\/pages\/123\/revisions\/950"}],"up":[{"embeddable":true,"href":"https:\/\/noaksark.org\/norra-norrland\/wp-json\/wp\/v2\/pages\/119"}],"wp:featuredmedia":[{"embeddable":true,"href":"https:\/\/noaksark.org\/norra-norrland\/wp-json\/wp\/v2\/media\/936"}],"wp:attachment":[{"href":"https:\/\/noaksark.org\/norra-norrland\/wp-json\/wp\/v2\/media?parent=123"}],"curies":[{"name":"wp","href":"https:\/\/api.w.org\/{rel}","templated":true}]}}