{"id":117,"date":"2022-11-22T10:16:45","date_gmt":"2022-11-22T10:16:45","guid":{"rendered":"https:\/\/noaksark.test\/norra-norrland\/?page_id=117"},"modified":"2025-04-25T16:03:28","modified_gmt":"2025-04-25T14:03:28","slug":"utbildning-fortbildning","status":"publish","type":"page","link":"https:\/\/noaksark.org\/norra-norrland\/utbildning-fortbildning\/","title":{"rendered":"Prevention"},"content":{"rendered":"\n<p>Vi arbetar f\u00f6rebyggande med informations- och utbildningsinsatser. Fokus ligger fr\u00e4mst p\u00e5 hiv, men vi f\u00f6rmedlar \u00e4ven information om andra sexuellt \u00f6verf\u00f6rbara infektioner (STI) inom omr\u00e5det sexuell h\u00e4lsa. Det f\u00f6rebyggande arbetet inneb\u00e4r \u00e4ven att reducera den sociala utsatthet som personer som lever med hiv kan uppleva som en konsekvens av diskriminering och f\u00f6rdomar kopplat till diagnosen. <\/p>\n\n\n\n<h2 class=\"wp-block-heading\" id=\"h-utbildning-och-fortbildning\"><strong>Utbildning och fortbildning<\/strong><\/h2>\n\n\n\n<p>Vi f\u00f6rel\u00e4ser f\u00f6r SFI-studerande samt f\u00f6r asyls\u00f6kande, flyktingar och andra invandrade p\u00e5 m\u00f6tesplatser. Vi genomf\u00f6r \u00e4ven utbildnings-\/fortbildningsinsatser riktade till personalgrupper och frivilliga.<\/p>\n\n\n\n<h2 class=\"wp-block-heading\" id=\"h-informationsinsatser-riktade-till-allmanheten\"><strong>Informationsinsatser riktade till allm\u00e4nheten<\/strong><\/h2>\n\n\n\n<p>Vi genomf\u00f6r ett flertal ut\u00e5triktade informationsinsatser, bland annat under Pride-festivaler och p\u00e5 marknader d\u00e4r m\u00e5nga m\u00e4nniskor \u00e4r samlade. Informationsmaterial delas ut och ofta erbjuder vi bes\u00f6karna att g\u00f6ra ett quiz. I samband med Internationella aidsdagen brukar vi ha ett s\u00e4rskilt arrangemang. Vi informerar \u00e4ven via sociala medier.<\/p>\n\n\n\n<div class=\"wp-block-group\"><div class=\"wp-block-group__inner-container is-layout-constrained wp-block-group-is-layout-constrained\">\n<div class=\"wp-block-columns is-layout-flex wp-container-core-columns-is-layout-9d6595d7 wp-block-columns-is-layout-flex\">\n<div class=\"wp-block-column is-layout-flow wp-block-column-is-layout-flow\" style=\"flex-basis:100%\">\n<ul class=\"wp-block-social-links has-visible-labels is-style-logos-only is-content-justification-center is-layout-flex wp-container-core-social-links-is-layout-16018d1d wp-block-social-links-is-layout-flex\"><li class=\"wp-social-link wp-social-link-facebook  wp-block-social-link\"><a rel=\"noopener nofollow\" target=\"_blank\" href=\"https:\/\/www.facebook.com\/NoaksArkNorraNorrland\/\" class=\"wp-block-social-link-anchor\"><svg width=\"24\" height=\"24\" viewBox=\"0 0 24 24\" version=\"1.1\" xmlns=\"http:\/\/www.w3.org\/2000\/svg\" aria-hidden=\"true\" focusable=\"false\"><path d=\"M12 2C6.5 2 2 6.5 2 12c0 5 3.7 9.1 8.4 9.9v-7H7.9V12h2.5V9.8c0-2.5 1.5-3.9 3.8-3.9 1.1 0 2.2.2 2.2.2v2.5h-1.3c-1.2 0-1.6.8-1.6 1.6V12h2.8l-.4 2.9h-2.3v7C18.3 21.1 22 17 22 12c0-5.5-4.5-10-10-10z\"><\/path><\/svg><span class=\"wp-block-social-link-label\">Facebook<\/span><\/a><\/li>\n\n<li class=\"wp-social-link wp-social-link-instagram  wp-block-social-link\"><a rel=\"noopener nofollow\" target=\"_blank\" href=\"https:\/\/www.instagram.com\/noaksarknorranorrland\/\" class=\"wp-block-social-link-anchor\"><svg width=\"24\" height=\"24\" viewBox=\"0 0 24 24\" version=\"1.1\" xmlns=\"http:\/\/www.w3.org\/2000\/svg\" aria-hidden=\"true\" focusable=\"false\"><path d=\"M12,4.622c2.403,0,2.688,0.009,3.637,0.052c0.877,0.04,1.354,0.187,1.671,0.31c0.42,0.163,0.72,0.358,1.035,0.673 c0.315,0.315,0.51,0.615,0.673,1.035c0.123,0.317,0.27,0.794,0.31,1.671c0.043,0.949,0.052,1.234,0.052,3.637 s-0.009,2.688-0.052,3.637c-0.04,0.877-0.187,1.354-0.31,1.671c-0.163,0.42-0.358,0.72-0.673,1.035 c-0.315,0.315-0.615,0.51-1.035,0.673c-0.317,0.123-0.794,0.27-1.671,0.31c-0.949,0.043-1.233,0.052-3.637,0.052 s-2.688-0.009-3.637-0.052c-0.877-0.04-1.354-0.187-1.671-0.31c-0.42-0.163-0.72-0.358-1.035-0.673 c-0.315-0.315-0.51-0.615-0.673-1.035c-0.123-0.317-0.27-0.794-0.31-1.671C4.631,14.688,4.622,14.403,4.622,12 s0.009-2.688,0.052-3.637c0.04-0.877,0.187-1.354,0.31-1.671c0.163-0.42,0.358-0.72,0.673-1.035 c0.315-0.315,0.615-0.51,1.035-0.673c0.317-0.123,0.794-0.27,1.671-0.31C9.312,4.631,9.597,4.622,12,4.622 M12,3 C9.556,3,9.249,3.01,8.289,3.054C7.331,3.098,6.677,3.25,6.105,3.472C5.513,3.702,5.011,4.01,4.511,4.511 c-0.5,0.5-0.808,1.002-1.038,1.594C3.25,6.677,3.098,7.331,3.054,8.289C3.01,9.249,3,9.556,3,12c0,2.444,0.01,2.751,0.054,3.711 c0.044,0.958,0.196,1.612,0.418,2.185c0.23,0.592,0.538,1.094,1.038,1.594c0.5,0.5,1.002,0.808,1.594,1.038 c0.572,0.222,1.227,0.375,2.185,0.418C9.249,20.99,9.556,21,12,21s2.751-0.01,3.711-0.054c0.958-0.044,1.612-0.196,2.185-0.418 c0.592-0.23,1.094-0.538,1.594-1.038c0.5-0.5,0.808-1.002,1.038-1.594c0.222-0.572,0.375-1.227,0.418-2.185 C20.99,14.751,21,14.444,21,12s-0.01-2.751-0.054-3.711c-0.044-0.958-0.196-1.612-0.418-2.185c-0.23-0.592-0.538-1.094-1.038-1.594 c-0.5-0.5-1.002-0.808-1.594-1.038c-0.572-0.222-1.227-0.375-2.185-0.418C14.751,3.01,14.444,3,12,3L12,3z M12,7.378 c-2.552,0-4.622,2.069-4.622,4.622S9.448,16.622,12,16.622s4.622-2.069,4.622-4.622S14.552,7.378,12,7.378z M12,15 c-1.657,0-3-1.343-3-3s1.343-3,3-3s3,1.343,3,3S13.657,15,12,15z M16.804,6.116c-0.596,0-1.08,0.484-1.08,1.08 s0.484,1.08,1.08,1.08c0.596,0,1.08-0.484,1.08-1.08S17.401,6.116,16.804,6.116z\"><\/path><\/svg><span class=\"wp-block-social-link-label\">Instagram<\/span><\/a><\/li><\/ul>\n<\/div>\n<\/div>\n<\/div><\/div>\n\n\n\n<p><\/p>\n","protected":false},"excerpt":{"rendered":"<p>Vi arbetar f\u00f6rebyggande med informations- och utbildningsinsatser. Fokus ligger fr\u00e4mst p\u00e5 hiv, men vi f\u00f6rmedlar \u00e4ven information om andra sexuellt \u00f6verf\u00f6rbara infektioner (STI) inom omr\u00e5det sexuell h\u00e4lsa. Det f\u00f6rebyggande arbetet inneb\u00e4r \u00e4ven att reducera den&#8230;<\/p>\n","protected":false},"author":27,"featured_media":161,"parent":0,"menu_order":0,"comment_status":"closed","ping_status":"closed","template":"","meta":{"_acf_changed":false,"footnotes":""},"class_list":["post-117","page","type-page","status-publish","has-post-thumbnail","hentry"],"acf":[],"yoast_head":"<!-- This site is optimized with the Yoast SEO Premium plugin v27.5 (Yoast SEO v27.6) - https:\/\/yoast.com\/product\/yoast-seo-premium-wordpress\/ -->\n<title>Prevention - Utbildningar hiv - Noaks Ark Norra Norrland<\/title>\n<meta name=\"description\" content=\"Noaks Ark Norra Norrland arbetar f\u00f6rebyggande med informations- och utbildningsinsatser. Vi f\u00f6rel\u00e4ser f\u00f6r migranter, personalgrupper och bes\u00f6ker Pridefestivaler.\" \/>\n<meta name=\"robots\" content=\"index, follow, max-snippet:-1, max-image-preview:large, max-video-preview:-1\" \/>\n<link rel=\"canonical\" href=\"https:\/\/noaksark.org\/norra-norrland\/utbildning-fortbildning\/\" \/>\n<meta property=\"og:locale\" content=\"sv_SE\" \/>\n<meta property=\"og:type\" content=\"article\" \/>\n<meta property=\"og:title\" content=\"Prevention\" \/>\n<meta property=\"og:description\" content=\"Noaks Ark Norra Norrland arbetar f\u00f6rebyggande med informations- och utbildningsinsatser. Vi f\u00f6rel\u00e4ser f\u00f6r migranter, personalgrupper och bes\u00f6ker Pridefestivaler.\" \/>\n<meta property=\"og:url\" content=\"https:\/\/noaksark.org\/norra-norrland\/utbildning-fortbildning\/\" \/>\n<meta property=\"og:site_name\" content=\"Noaks Ark Norra Norrland\" \/>\n<meta property=\"article:modified_time\" content=\"2025-04-25T14:03:28+00:00\" \/>\n<meta property=\"og:image\" content=\"https:\/\/noaksark.org\/norra-norrland\/wp-content\/uploads\/sites\/3\/2022\/12\/page-hero-norra-norrland-utbildning-noaks-ark-1.jpg\" \/>\n\t<meta property=\"og:image:width\" content=\"1500\" \/>\n\t<meta property=\"og:image:height\" content=\"648\" \/>\n\t<meta property=\"og:image:type\" content=\"image\/jpeg\" \/>\n<meta name=\"twitter:card\" content=\"summary_large_image\" \/>\n<meta name=\"twitter:label1\" content=\"Ber\u00e4knad l\u00e4stid\" \/>\n\t<meta name=\"twitter:data1\" content=\"1 minut\" \/>\n<script type=\"application\/ld+json\" class=\"yoast-schema-graph\">{\"@context\":\"https:\\\/\\\/schema.org\",\"@graph\":[{\"@type\":\"WebPage\",\"@id\":\"https:\\\/\\\/noaksark.org\\\/norra-norrland\\\/utbildning-fortbildning\\\/\",\"url\":\"https:\\\/\\\/noaksark.org\\\/norra-norrland\\\/utbildning-fortbildning\\\/\",\"name\":\"Prevention - Utbildningar hiv - Noaks Ark Norra Norrland\",\"isPartOf\":{\"@id\":\"https:\\\/\\\/noaksark.org\\\/norra-norrland\\\/#website\"},\"primaryImageOfPage\":{\"@id\":\"https:\\\/\\\/noaksark.org\\\/norra-norrland\\\/utbildning-fortbildning\\\/#primaryimage\"},\"image\":{\"@id\":\"https:\\\/\\\/noaksark.org\\\/norra-norrland\\\/utbildning-fortbildning\\\/#primaryimage\"},\"thumbnailUrl\":\"https:\\\/\\\/noaksark.org\\\/norra-norrland\\\/wp-content\\\/uploads\\\/sites\\\/3\\\/2022\\\/12\\\/page-hero-norra-norrland-utbildning-noaks-ark-1.jpg\",\"datePublished\":\"2022-11-22T10:16:45+00:00\",\"dateModified\":\"2025-04-25T14:03:28+00:00\",\"description\":\"Noaks Ark Norra Norrland arbetar f\u00f6rebyggande med informations- och utbildningsinsatser. Vi f\u00f6rel\u00e4ser f\u00f6r migranter, personalgrupper och bes\u00f6ker Pridefestivaler.\",\"breadcrumb\":{\"@id\":\"https:\\\/\\\/noaksark.org\\\/norra-norrland\\\/utbildning-fortbildning\\\/#breadcrumb\"},\"inLanguage\":\"sv-SE\",\"potentialAction\":[{\"@type\":\"ReadAction\",\"target\":[\"https:\\\/\\\/noaksark.org\\\/norra-norrland\\\/utbildning-fortbildning\\\/\"]}]},{\"@type\":\"ImageObject\",\"inLanguage\":\"sv-SE\",\"@id\":\"https:\\\/\\\/noaksark.org\\\/norra-norrland\\\/utbildning-fortbildning\\\/#primaryimage\",\"url\":\"https:\\\/\\\/noaksark.org\\\/norra-norrland\\\/wp-content\\\/uploads\\\/sites\\\/3\\\/2022\\\/12\\\/page-hero-norra-norrland-utbildning-noaks-ark-1.jpg\",\"contentUrl\":\"https:\\\/\\\/noaksark.org\\\/norra-norrland\\\/wp-content\\\/uploads\\\/sites\\\/3\\\/2022\\\/12\\\/page-hero-norra-norrland-utbildning-noaks-ark-1.jpg\",\"width\":1500,\"height\":648,\"caption\":\"Noaks Ark -Norra Norrland - Page Hero -Utbildning\"},{\"@type\":\"BreadcrumbList\",\"@id\":\"https:\\\/\\\/noaksark.org\\\/norra-norrland\\\/utbildning-fortbildning\\\/#breadcrumb\",\"itemListElement\":[{\"@type\":\"ListItem\",\"position\":1,\"name\":\"Home\",\"item\":\"https:\\\/\\\/noaksark.org\\\/norra-norrland\\\/\"},{\"@type\":\"ListItem\",\"position\":2,\"name\":\"Prevention\"}]},{\"@type\":\"WebSite\",\"@id\":\"https:\\\/\\\/noaksark.org\\\/norra-norrland\\\/#website\",\"url\":\"https:\\\/\\\/noaksark.org\\\/norra-norrland\\\/\",\"name\":\"Noaks Ark Norra Norrland\",\"description\":\"\",\"potentialAction\":[{\"@type\":\"SearchAction\",\"target\":{\"@type\":\"EntryPoint\",\"urlTemplate\":\"https:\\\/\\\/noaksark.org\\\/norra-norrland\\\/?s={search_term_string}\"},\"query-input\":{\"@type\":\"PropertyValueSpecification\",\"valueRequired\":true,\"valueName\":\"search_term_string\"}}],\"inLanguage\":\"sv-SE\"}]}<\/script>\n<!-- \/ Yoast SEO Premium plugin. -->","yoast_head_json":{"title":"Prevention - Utbildningar hiv - Noaks Ark Norra Norrland","description":"Noaks Ark Norra Norrland arbetar f\u00f6rebyggande med informations- och utbildningsinsatser. Vi f\u00f6rel\u00e4ser f\u00f6r migranter, personalgrupper och bes\u00f6ker Pridefestivaler.","robots":{"index":"index","follow":"follow","max-snippet":"max-snippet:-1","max-image-preview":"max-image-preview:large","max-video-preview":"max-video-preview:-1"},"canonical":"https:\/\/noaksark.org\/norra-norrland\/utbildning-fortbildning\/","og_locale":"sv_SE","og_type":"article","og_title":"Prevention","og_description":"Noaks Ark Norra Norrland arbetar f\u00f6rebyggande med informations- och utbildningsinsatser. Vi f\u00f6rel\u00e4ser f\u00f6r migranter, personalgrupper och bes\u00f6ker Pridefestivaler.","og_url":"https:\/\/noaksark.org\/norra-norrland\/utbildning-fortbildning\/","og_site_name":"Noaks Ark Norra Norrland","article_modified_time":"2025-04-25T14:03:28+00:00","og_image":[{"width":1500,"height":648,"url":"https:\/\/noaksark.org\/norra-norrland\/wp-content\/uploads\/sites\/3\/2022\/12\/page-hero-norra-norrland-utbildning-noaks-ark-1.jpg","type":"image\/jpeg"}],"twitter_card":"summary_large_image","twitter_misc":{"Ber\u00e4knad l\u00e4stid":"1 minut"},"schema":{"@context":"https:\/\/schema.org","@graph":[{"@type":"WebPage","@id":"https:\/\/noaksark.org\/norra-norrland\/utbildning-fortbildning\/","url":"https:\/\/noaksark.org\/norra-norrland\/utbildning-fortbildning\/","name":"Prevention - Utbildningar hiv - Noaks Ark Norra Norrland","isPartOf":{"@id":"https:\/\/noaksark.org\/norra-norrland\/#website"},"primaryImageOfPage":{"@id":"https:\/\/noaksark.org\/norra-norrland\/utbildning-fortbildning\/#primaryimage"},"image":{"@id":"https:\/\/noaksark.org\/norra-norrland\/utbildning-fortbildning\/#primaryimage"},"thumbnailUrl":"https:\/\/noaksark.org\/norra-norrland\/wp-content\/uploads\/sites\/3\/2022\/12\/page-hero-norra-norrland-utbildning-noaks-ark-1.jpg","datePublished":"2022-11-22T10:16:45+00:00","dateModified":"2025-04-25T14:03:28+00:00","description":"Noaks Ark Norra Norrland arbetar f\u00f6rebyggande med informations- och utbildningsinsatser. Vi f\u00f6rel\u00e4ser f\u00f6r migranter, personalgrupper och bes\u00f6ker Pridefestivaler.","breadcrumb":{"@id":"https:\/\/noaksark.org\/norra-norrland\/utbildning-fortbildning\/#breadcrumb"},"inLanguage":"sv-SE","potentialAction":[{"@type":"ReadAction","target":["https:\/\/noaksark.org\/norra-norrland\/utbildning-fortbildning\/"]}]},{"@type":"ImageObject","inLanguage":"sv-SE","@id":"https:\/\/noaksark.org\/norra-norrland\/utbildning-fortbildning\/#primaryimage","url":"https:\/\/noaksark.org\/norra-norrland\/wp-content\/uploads\/sites\/3\/2022\/12\/page-hero-norra-norrland-utbildning-noaks-ark-1.jpg","contentUrl":"https:\/\/noaksark.org\/norra-norrland\/wp-content\/uploads\/sites\/3\/2022\/12\/page-hero-norra-norrland-utbildning-noaks-ark-1.jpg","width":1500,"height":648,"caption":"Noaks Ark -Norra Norrland - Page Hero -Utbildning"},{"@type":"BreadcrumbList","@id":"https:\/\/noaksark.org\/norra-norrland\/utbildning-fortbildning\/#breadcrumb","itemListElement":[{"@type":"ListItem","position":1,"name":"Home","item":"https:\/\/noaksark.org\/norra-norrland\/"},{"@type":"ListItem","position":2,"name":"Prevention"}]},{"@type":"WebSite","@id":"https:\/\/noaksark.org\/norra-norrland\/#website","url":"https:\/\/noaksark.org\/norra-norrland\/","name":"Noaks Ark Norra Norrland","description":"","potentialAction":[{"@type":"SearchAction","target":{"@type":"EntryPoint","urlTemplate":"https:\/\/noaksark.org\/norra-norrland\/?s={search_term_string}"},"query-input":{"@type":"PropertyValueSpecification","valueRequired":true,"valueName":"search_term_string"}}],"inLanguage":"sv-SE"}]}},"_links":{"self":[{"href":"https:\/\/noaksark.org\/norra-norrland\/wp-json\/wp\/v2\/pages\/117","targetHints":{"allow":["GET"]}}],"collection":[{"href":"https:\/\/noaksark.org\/norra-norrland\/wp-json\/wp\/v2\/pages"}],"about":[{"href":"https:\/\/noaksark.org\/norra-norrland\/wp-json\/wp\/v2\/types\/page"}],"author":[{"embeddable":true,"href":"https:\/\/noaksark.org\/norra-norrland\/wp-json\/wp\/v2\/users\/27"}],"replies":[{"embeddable":true,"href":"https:\/\/noaksark.org\/norra-norrland\/wp-json\/wp\/v2\/comments?post=117"}],"version-history":[{"count":32,"href":"https:\/\/noaksark.org\/norra-norrland\/wp-json\/wp\/v2\/pages\/117\/revisions"}],"predecessor-version":[{"id":918,"href":"https:\/\/noaksark.org\/norra-norrland\/wp-json\/wp\/v2\/pages\/117\/revisions\/918"}],"wp:featuredmedia":[{"embeddable":true,"href":"https:\/\/noaksark.org\/norra-norrland\/wp-json\/wp\/v2\/media\/161"}],"wp:attachment":[{"href":"https:\/\/noaksark.org\/norra-norrland\/wp-json\/wp\/v2\/media?parent=117"}],"curies":[{"name":"wp","href":"https:\/\/api.w.org\/{rel}","templated":true}]}}