{"id":3076,"date":"2025-06-30T14:16:54","date_gmt":"2025-06-30T12:16:54","guid":{"rendered":"https:\/\/noaksark.org\/mosaik\/?page_id=3076"},"modified":"2026-03-23T12:03:20","modified_gmt":"2026-03-23T11:03:20","slug":"insatser","status":"publish","type":"page","link":"https:\/\/noaksark.org\/mosaik\/insatser\/","title":{"rendered":"Projekt"},"content":{"rendered":"\n<p>P\u00e5 Noaks Ark Mosaik driver och samverkar vi i ett antal projekt som syftar till att \u00f6ka kunskapen kring hiv, ut\u00f6ka testning, bidra till en tillg\u00e4nglig och god sexuell h\u00e4lsa f\u00f6r alla, samt minska stigma och tabu kring hiv, med s\u00e4rskilt fokus p\u00e5 migranter och m\u00e4nniskor i utsatthet. Projekten finansieras av b\u00e5de nationella och internationella akt\u00f6rer. <\/p>\n\n\n\n<p>F\u00f6r mer information om v\u00e5ra projekt \u00e4r ni v\u00e4lkomna att kontakta oss.<\/p>\n\n\n\n<p><\/p>\n\n\n\n<p><\/p>\n\n\n\n<div class=\"wp-block-columns has-pale-cyan-blue-background-color has-background is-layout-flex wp-container-core-columns-is-layout-9d6595d7 wp-block-columns-is-layout-flex\">\n<div class=\"wp-block-column is-layout-flow wp-block-column-is-layout-flow\" style=\"flex-basis:50%\">\n<h3 class=\"wp-block-heading\" id=\"h-united-for-health-amp-life\">United for Health &amp; Life<\/h3>\n\n\n\n<p class=\"has-text-align-left\">Vi \u00e4r glada att meddela att v\u00e5rt projekt <strong>United for Health &amp; Life<\/strong> har beviljats finansiering genom <strong>Svenska institutets Baltic Sea Neighbourhood Seed Programme<\/strong>. Projektet samlar akt\u00f6rer fr\u00e5n <strong>Sverige, Ukraina, Tyskland och Polen<\/strong> i ett gemensamt arbete f\u00f6r att st\u00e4rka folkh\u00e4lsa och hiv-respons \u00f6ver nationsgr\u00e4nser.<\/p>\n\n\n\n<p>Projektet syftar till att f\u00f6rdjupa samarbetet mellan organisationer som samtliga arbetar med hiv-prevention, migration och folkh\u00e4lsa. Initiativet v\u00e4xte fram ur samtal under AIDS 2024-konferensen i M\u00fcnchen, d\u00e4r behovet av gr\u00e4ns\u00f6verskridande l\u00f6sningar f\u00f6r att m\u00f6ta h\u00e4lsoutmaningar kopplade till krig, m\u00e4nniskor p\u00e5 flykt och social s\u00e5rbarhet lyftes fram \u2013 s\u00e4rskilt med koppling till Ukraina.<\/p>\n\n\n\n<p><strong>Fokus i projektet:<\/strong><\/p>\n\n\n\n<ul class=\"wp-block-list\">\n<li>Skapa en h\u00e5llbar modell f\u00f6r hiv-v\u00e5rd \u00f6ver gr\u00e4nser<\/li>\n\n\n\n<li>F\u00f6rb\u00e4ttra tidig testning och behandling<\/li>\n\n\n\n<li>Dela kunskap och goda exempel<\/li>\n\n\n\n<li>Utveckla inkluderande, stigmafri v\u00e5rd f\u00f6r alla som lever med eller p\u00e5verkas av hiv<\/li>\n<\/ul>\n\n\n\n<p>Som huvudpartner kommer<strong> Noaks Ark Mosaik<\/strong> att samordna projektet och st\u00f6dja kunskapsdelning mellan alla medverkande organisationer med fokus p\u00e5 personcentrerad v\u00e5rd och j\u00e4mlik folkh\u00e4lsa.<\/p>\n\n\n\n<p><\/p>\n\n\n\n<p><\/p>\n\n\n\n<div style=\"height:100px\" aria-hidden=\"true\" class=\"wp-block-spacer\"><\/div>\n<\/div>\n\n\n\n<div class=\"wp-block-column is-layout-flow wp-block-column-is-layout-flow\" style=\"flex-basis:50%\">\n<figure class=\"wp-block-image size-full is-style-default\"><img loading=\"lazy\" decoding=\"async\" width=\"2048\" height=\"1367\" src=\"https:\/\/noaksark.org\/mosaik\/wp-content\/uploads\/sites\/6\/2025\/10\/the-oresund-bridge-2048x1367-1.jpg\" alt=\"\" class=\"wp-image-3273\" style=\"aspect-ratio:1.3333333333333333;object-fit:contain\" srcset=\"https:\/\/noaksark.org\/mosaik\/wp-content\/uploads\/sites\/6\/2025\/10\/the-oresund-bridge-2048x1367-1.jpg 2048w, https:\/\/noaksark.org\/mosaik\/wp-content\/uploads\/sites\/6\/2025\/10\/the-oresund-bridge-2048x1367-1-300x200.jpg 300w, https:\/\/noaksark.org\/mosaik\/wp-content\/uploads\/sites\/6\/2025\/10\/the-oresund-bridge-2048x1367-1-1024x684.jpg 1024w, https:\/\/noaksark.org\/mosaik\/wp-content\/uploads\/sites\/6\/2025\/10\/the-oresund-bridge-2048x1367-1-768x513.jpg 768w, https:\/\/noaksark.org\/mosaik\/wp-content\/uploads\/sites\/6\/2025\/10\/the-oresund-bridge-2048x1367-1-1536x1025.jpg 1536w, https:\/\/noaksark.org\/mosaik\/wp-content\/uploads\/sites\/6\/2025\/10\/the-oresund-bridge-2048x1367-1-150x100.jpg 150w, https:\/\/noaksark.org\/mosaik\/wp-content\/uploads\/sites\/6\/2025\/10\/the-oresund-bridge-2048x1367-1-1151x768.jpg 1151w\" sizes=\"auto, (max-width: 2048px) 100vw, 2048px\" \/><\/figure>\n\n\n\n<h4 class=\"wp-block-heading has-text-align-left\" id=\"h-\"><\/h4>\n\n\n\n<p><strong>Samarbetspartners:<\/strong><\/p>\n\n\n\n<ul class=\"wp-block-list\">\n<li>\ud83c\uddf8\ud83c\uddea <strong>Noaks Ark Mosaik<\/strong> (Sverige)<\/li>\n\n\n\n<li>\ud83c\uddfa\ud83c\udde6 <strong>100% Life Ukraine<\/strong><\/li>\n\n\n\n<li>\ud83c\uddf5\ud83c\uddf1 <strong>HelpNowHub Poland<\/strong><\/li>\n\n\n\n<li>\ud83c\udde9\ud83c\uddea <strong>100% Life Germany<\/strong><\/li>\n<\/ul>\n\n\n\n<p>Projektet p\u00e5g\u00e5r mellan <strong>september 2025 och juni 2026<\/strong> och syftar till att l\u00e4gga grunden f\u00f6r framtida samarbete p\u00e5 EU-niv\u00e5 inom hiv och folkh\u00e4lsa.<\/p>\n\n\n\n<p><\/p>\n\n\n\n<p><strong>Finansi\u00e4r:<\/strong> Projektet finansieras av <strong>Svenska institutet (SI)<\/strong> inom ramen f\u00f6r<br>#BalticSeaNeighbourhoodProgramme<br>F\u00f6lj uppdateringar via @SweInstitute p\u00e5 X (f.d. Twitter) | #FundedbyS<\/p>\n\n\n\n<figure class=\"wp-block-image size-large is-resized\"><img loading=\"lazy\" decoding=\"async\" width=\"1024\" height=\"302\" src=\"https:\/\/noaksark.org\/mosaik\/wp-content\/uploads\/sites\/6\/2025\/10\/image-1-1024x302.png\" alt=\"\" class=\"wp-image-3298\" style=\"width:117px;height:auto\" srcset=\"https:\/\/noaksark.org\/mosaik\/wp-content\/uploads\/sites\/6\/2025\/10\/image-1-1024x302.png 1024w, https:\/\/noaksark.org\/mosaik\/wp-content\/uploads\/sites\/6\/2025\/10\/image-1-300x89.png 300w, https:\/\/noaksark.org\/mosaik\/wp-content\/uploads\/sites\/6\/2025\/10\/image-1-768x227.png 768w, https:\/\/noaksark.org\/mosaik\/wp-content\/uploads\/sites\/6\/2025\/10\/image-1-200x59.png 200w, https:\/\/noaksark.org\/mosaik\/wp-content\/uploads\/sites\/6\/2025\/10\/image-1.png 1199w\" sizes=\"auto, (max-width: 1024px) 100vw, 1024px\" \/><\/figure>\n\n\n\n<div style=\"height:53px\" aria-hidden=\"true\" class=\"wp-block-spacer\"><\/div>\n<\/div>\n<\/div>\n\n\n\n<div style=\"height:37px\" aria-hidden=\"true\" class=\"wp-block-spacer\"><\/div>\n\n\n\n<div class=\"wp-block-group\"><div class=\"wp-block-group__inner-container is-layout-constrained wp-block-group-is-layout-constrained\">\n<div class=\"wp-block-columns has-background is-layout-flex wp-container-core-columns-is-layout-9d6595d7 wp-block-columns-is-layout-flex\" style=\"background-color:#fcb900d1\">\n<div class=\"wp-block-column is-layout-flow wp-block-column-is-layout-flow\" style=\"flex-basis:50%\">\n<h4 class=\"wp-block-heading has-text-align-left\" id=\"h-hiv-i-skuggan-av-tro\">Hiv i skuggan av tro<\/h4>\n\n\n\n<p>Kombinationen l\u00e5g kunskap om hiv\/sexuell h\u00e4lsa och missuppfattningar p\u00e5 grund av religion bidrar starkt till stigma mot personer som lever med hiv och g\u00f6r det sv\u00e5rt f\u00f6r dem att leva med infektionen. Med grunden i detta, och med inspiration fr\u00e5n f\u00f6reningar som arbetar med liknande m\u00e5lgrupper i andra l\u00e4nder i Europa och specifikt i Storbritannien, s\u00f6kte Noaks Ark Mosaik medel f\u00f6r att arbeta specifikt med trossamfund i v\u00e5r region. Ett pilotprojekt genomf\u00f6rdes med goda resultat under 2023.&nbsp; Projektet har genom Folkh\u00e4lsomyndigheten f\u00e5tt finansiering \u00e4ven \u00e5r 2024 och 2025 och m\u00e5let med projektet \u00e4r att etablera ett l\u00e5ngsiktigt samarbete med trossamfund och \u00f6vriga religi\u00f6sa organisationer f\u00f6r att genom dem n\u00e5 deras medlemmar med uppdaterad information om hiv\/STI och SRHR.<\/p>\n\n\n\n<p>N\u00e5gra av aktiviteter inom ramen av projektet har varit utbildning f\u00f6r religi\u00f6sa ledare.<\/p>\n<\/div>\n\n\n\n<div class=\"wp-block-column is-layout-flow wp-block-column-is-layout-flow\">\n<figure class=\"wp-block-image size-large is-style-rounded-corners\"><img loading=\"lazy\" decoding=\"async\" width=\"1024\" height=\"683\" src=\"https:\/\/noaksark.org\/mosaik\/wp-content\/uploads\/sites\/6\/2025\/02\/HER67644-Enhanced-NR-1024x683.jpg\" alt=\"\" class=\"wp-image-1715\" style=\"aspect-ratio:4\/3;object-fit:cover\" srcset=\"https:\/\/noaksark.org\/mosaik\/wp-content\/uploads\/sites\/6\/2025\/02\/HER67644-Enhanced-NR-1024x683.jpg 1024w, https:\/\/noaksark.org\/mosaik\/wp-content\/uploads\/sites\/6\/2025\/02\/HER67644-Enhanced-NR-300x200.jpg 300w, https:\/\/noaksark.org\/mosaik\/wp-content\/uploads\/sites\/6\/2025\/02\/HER67644-Enhanced-NR-768x512.jpg 768w, https:\/\/noaksark.org\/mosaik\/wp-content\/uploads\/sites\/6\/2025\/02\/HER67644-Enhanced-NR-1536x1024.jpg 1536w, https:\/\/noaksark.org\/mosaik\/wp-content\/uploads\/sites\/6\/2025\/02\/HER67644-Enhanced-NR-2048x1365.jpg 2048w, https:\/\/noaksark.org\/mosaik\/wp-content\/uploads\/sites\/6\/2025\/02\/HER67644-Enhanced-NR-150x100.jpg 150w, https:\/\/noaksark.org\/mosaik\/wp-content\/uploads\/sites\/6\/2025\/02\/HER67644-Enhanced-NR-1152x768.jpg 1152w\" sizes=\"auto, (max-width: 1024px) 100vw, 1024px\" \/><\/figure>\n<\/div>\n<\/div>\n\n\n\n<div class=\"wp-block-columns has-background is-layout-flex wp-container-core-columns-is-layout-9d6595d7 wp-block-columns-is-layout-flex\" style=\"background-color:#eec6e2\">\n<div class=\"wp-block-column is-layout-flow wp-block-column-is-layout-flow\" style=\"flex-basis:50%\">\n<figure class=\"wp-block-image size-full is-style-default\"><img loading=\"lazy\" decoding=\"async\" width=\"1193\" height=\"1193\" src=\"https:\/\/noaksark.org\/mosaik\/wp-content\/uploads\/sites\/6\/2023\/11\/CORE.jpg\" alt=\"\" class=\"wp-image-829\" style=\"aspect-ratio:4\/3;object-fit:contain\" srcset=\"https:\/\/noaksark.org\/mosaik\/wp-content\/uploads\/sites\/6\/2023\/11\/CORE.jpg 1193w, https:\/\/noaksark.org\/mosaik\/wp-content\/uploads\/sites\/6\/2023\/11\/CORE-300x300.jpg 300w, https:\/\/noaksark.org\/mosaik\/wp-content\/uploads\/sites\/6\/2023\/11\/CORE-1024x1024.jpg 1024w, https:\/\/noaksark.org\/mosaik\/wp-content\/uploads\/sites\/6\/2023\/11\/CORE-150x150.jpg 150w, https:\/\/noaksark.org\/mosaik\/wp-content\/uploads\/sites\/6\/2023\/11\/CORE-768x768.jpg 768w, https:\/\/noaksark.org\/mosaik\/wp-content\/uploads\/sites\/6\/2023\/11\/CORE-100x100.jpg 100w\" sizes=\"auto, (max-width: 1193px) 100vw, 1193px\" \/><\/figure>\n\n\n\n<div style=\"height:21px\" aria-hidden=\"true\" class=\"wp-block-spacer\"><\/div>\n\n\n\n<h6 class=\"wp-block-heading\" id=\"h-core-lecture-series\"><strong>Core lecture series<\/strong><\/h6>\n\n\n\n<p><a href=\"https:\/\/core-action.eu\/knowledge-hub\">CORE Knowledge Hub<\/a> is introducing a series of meetings aimed at sharing best practices in community health services for communities most affected by HIV, TB, viral hepatitis and STIs<\/p>\n\n\n\n<p><strong><a href=\"https:\/\/youtube.com\/playlist?list=PL9q4VNEkrpOuZkRarllNFokK4AdSG3yli\">CORE Knowledge Hub Webinars<\/a><\/strong><\/p>\n\n\n\n<p><\/p>\n\n\n\n<div style=\"height:100px\" aria-hidden=\"true\" class=\"wp-block-spacer\"><\/div>\n<\/div>\n\n\n\n<div class=\"wp-block-column is-layout-flow wp-block-column-is-layout-flow\" style=\"flex-basis:50%\">\n<h4 class=\"wp-block-heading has-text-align-left\" id=\"h-eu-core-project\">EU CORE project<\/h4>\n\n\n\n<p>Vi \u00e4r ocks\u00e5 glada att v\u00e5r F\u00f6rening \u00e4r en av 24 som ing\u00e5r i <a href=\"https:\/\/core-action.eu\/core-home\">CORE-projektet<\/a> \u2013 Community Response to End Inequalities \u2013 ett tre\u00e5rigt projekt (1 januari 2023 &#8211; 31 december 2025) finansierad av EU-kommissionens EU4Health-program. CORE-projektet samlar 24 partnerorganisationer och n\u00e4tverk baserade i 16 l\u00e4nder och bygger p\u00e5 insatser, verktyg och resultat fr\u00e5n tidigare genomf\u00f6rda EU-projekt och initiativ som COBATEST och Quality Action. Den samordnande organisationen \u00e4r Deutsche Aidshilfe i Berlin, den st\u00f6rsta hivakt\u00f6ren i regionen.<\/p>\n\n\n\n<p>Projektets aktiviteter och \u00e5tg\u00e4rder \u00e4r uppdelade p\u00e5 sju separat koordinerade arbetspaket och st\u00f6ds av en styrgrupp som representerar nyckelpopulationer. Noaks Ark Mosaik \u00e4r med i Arbetsgrupp 5 som handlar om att ut\u00f6ka testm\u00f6jligheter till utsatta grupper i samh\u00e4llet.<\/p>\n\n\n\n<p>Inom ramen av projektet \u00e4r Noaks Ark Mosaik den enda frivilligorganisation i Sverige som erbjuder test med snabbsvar f\u00f6r hiv, syfillis, hepatit B och hepatit C<\/p>\n\n\n\n<div style=\"height:53px\" aria-hidden=\"true\" class=\"wp-block-spacer\"><\/div>\n\n\n\n<figure class=\"wp-block-embed is-type-video is-provider-youtube wp-block-embed-youtube wp-embed-aspect-16-9 wp-has-aspect-ratio\"><div class=\"wp-block-embed__wrapper\">\n<iframe loading=\"lazy\" title=\"CORE aids Noaks Ark Mozaik in Sweden in scaling up integrated HIV testing among migrants\" width=\"500\" height=\"281\" src=\"https:\/\/www.youtube.com\/embed\/2aWBViqvbN8?feature=oembed\" frameborder=\"0\" allow=\"accelerometer; autoplay; clipboard-write; encrypted-media; gyroscope; picture-in-picture; web-share\" referrerpolicy=\"strict-origin-when-cross-origin\" allowfullscreen><\/iframe>\n<\/div><figcaption class=\"wp-element-caption\"><em>CORE aids Noaks Ark Mozaik in Sweden is scaling up integrated HIV testing among migrants<\/em><\/figcaption><\/figure>\n<\/div>\n<\/div>\n\n\n\n<div class=\"wp-block-columns has-light-green-cyan-background-color has-background is-layout-flex wp-container-core-columns-is-layout-9d6595d7 wp-block-columns-is-layout-flex\">\n<div class=\"wp-block-column is-layout-flow wp-block-column-is-layout-flow\" style=\"flex-basis:50%\">\n<h4 class=\"wp-block-heading\" id=\"h-mi-health-europe\">MI-Health Europe<\/h4>\n\n\n\n<p>Vi \u00e4r glada \u00f6ver att vara med i den andra fasen av <a href=\"https:\/\/mihealtheurope.org\/migrant-hiv-partnership-europe-phase-2\/\">Mi-Health HIV-partnerskap<\/a> d\u00e4r vi kan n\u00e5 ut till fler och g\u00f6ra st\u00f6rre skillnad i den europeiska regionen. V\u00e5r vision \u00e4r densamma: ett Europa d\u00e4r alla migranter kan leva ett h\u00e4lsosamt och tryggt liv.<\/p>\n\n\n\n<p>Vi kommer att forts\u00e4tta att anv\u00e4nda den expertis och erfarenhet som f\u00f6respr\u00e5kare f\u00f6r migranth\u00e4lsov\u00e5rd har p\u00e5 frontlinjen. Vi vet att det h\u00e4r samarbetet \u00e4r avg\u00f6rande f\u00f6r att hitta innovativa l\u00f6sningar p\u00e5 de oj\u00e4mlikheter som migranter m\u00f6ter n\u00e4r det g\u00e4ller h\u00e4lsa i Europa.&nbsp;Vi kommer att fokusera p\u00e5:<\/p>\n\n\n\n<ul class=\"wp-block-list\">\n<li>Kunskap om PrEP och tillg\u00e5ng till det<\/li>\n\n\n\n<li>Hiv-utbildning och testning<\/li>\n\n\n\n<li>R\u00e4ttigheter till hiv-behandling<\/li>\n\n\n\n<li>Hiv-policy<\/li>\n<\/ul>\n\n\n\n<p>Vi ser fram emot att forts\u00e4tta bygga p\u00e5 v\u00e5rt partnerskap och dela resurser, b\u00e4sta praxis och kunskap f\u00f6r att p\u00e5verka nationell och regional politik. M\u00e5let \u00e4r en europeisk region som b\u00e4ttre kan m\u00f6ta behovet av h\u00e4lsov\u00e5rd hos migranter som lever med hiv eller riskerar att drabbas av hiv och som inte har tillg\u00e5ng till den v\u00e5rd de beh\u00f6ver.<\/p>\n<\/div>\n\n\n\n<div class=\"wp-block-column is-layout-flow wp-block-column-is-layout-flow\" style=\"flex-basis:50%\">\n<figure class=\"wp-block-image size-full is-style-rounded-corners\"><img loading=\"lazy\" decoding=\"async\" width=\"1536\" height=\"1489\" src=\"https:\/\/noaksark.org\/mosaik\/wp-content\/uploads\/sites\/6\/2023\/11\/MiHealth_Blue-High-Res1.png\" alt=\"\" class=\"wp-image-846\" style=\"aspect-ratio:1;object-fit:contain\" srcset=\"https:\/\/noaksark.org\/mosaik\/wp-content\/uploads\/sites\/6\/2023\/11\/MiHealth_Blue-High-Res1.png 1536w, https:\/\/noaksark.org\/mosaik\/wp-content\/uploads\/sites\/6\/2023\/11\/MiHealth_Blue-High-Res1-300x291.png 300w, https:\/\/noaksark.org\/mosaik\/wp-content\/uploads\/sites\/6\/2023\/11\/MiHealth_Blue-High-Res1-1024x993.png 1024w, https:\/\/noaksark.org\/mosaik\/wp-content\/uploads\/sites\/6\/2023\/11\/MiHealth_Blue-High-Res1-768x745.png 768w, https:\/\/noaksark.org\/mosaik\/wp-content\/uploads\/sites\/6\/2023\/11\/MiHealth_Blue-High-Res1-103x100.png 103w, https:\/\/noaksark.org\/mosaik\/wp-content\/uploads\/sites\/6\/2023\/11\/MiHealth_Blue-High-Res1-792x768.png 792w\" sizes=\"auto, (max-width: 1536px) 100vw, 1536px\" \/><\/figure>\n<\/div>\n<\/div>\n<\/div><\/div>\n\n\n\n<div style=\"height:16px\" aria-hidden=\"true\" class=\"wp-block-spacer\"><\/div>\n\n\n\n<h3 class=\"wp-block-heading\" id=\"h-\"><\/h3>\n\n\n\n<p><\/p>\n","protected":false},"excerpt":{"rendered":"<p>P\u00e5 Noaks Ark Mosaik driver och samverkar vi i ett antal projekt som syftar till att \u00f6ka kunskapen kring hiv, ut\u00f6ka testning, bidra till en tillg\u00e4nglig och god sexuell h\u00e4lsa f\u00f6r alla, samt minska stigma&#8230;<\/p>\n","protected":false},"author":25,"featured_media":0,"parent":0,"menu_order":0,"comment_status":"closed","ping_status":"closed","template":"","meta":{"_acf_changed":false,"footnotes":""},"class_list":["post-3076","page","type-page","status-publish","hentry"],"acf":[],"yoast_head":"<!-- This site is optimized with the Yoast SEO Premium plugin v27.4 (Yoast SEO v27.4) - https:\/\/yoast.com\/product\/yoast-seo-premium-wordpress\/ -->\n<title>Projekt - Noaks Ark Mosaik - Sk\u00e5ne &amp; Blekinge<\/title>\n<meta name=\"robots\" content=\"index, follow, max-snippet:-1, max-image-preview:large, max-video-preview:-1\" \/>\n<link rel=\"canonical\" href=\"https:\/\/noaksark.org\/mosaik\/insatser\/\" \/>\n<meta property=\"og:locale\" content=\"sv_SE\" \/>\n<meta property=\"og:type\" content=\"article\" \/>\n<meta property=\"og:title\" content=\"Projekt\" \/>\n<meta property=\"og:description\" content=\"P\u00e5 Noaks Ark Mosaik driver och samverkar vi i ett antal projekt som syftar till att \u00f6ka kunskapen kring hiv, ut\u00f6ka testning, bidra till en tillg\u00e4nglig och god sexuell h\u00e4lsa f\u00f6r alla, samt minska stigma...\" \/>\n<meta property=\"og:url\" content=\"https:\/\/noaksark.org\/mosaik\/insatser\/\" \/>\n<meta property=\"og:site_name\" content=\"Noaks Ark Mosaik - Sk\u00e5ne &amp; Blekinge\" \/>\n<meta property=\"article:modified_time\" content=\"2026-03-23T11:03:20+00:00\" \/>\n<meta property=\"og:image\" content=\"https:\/\/noaksark.org\/mosaik\/wp-content\/uploads\/sites\/6\/2025\/10\/the-oresund-bridge-2048x1367-1.jpg\" \/>\n\t<meta property=\"og:image:width\" content=\"2048\" \/>\n\t<meta property=\"og:image:height\" content=\"1367\" \/>\n\t<meta property=\"og:image:type\" content=\"image\/jpeg\" \/>\n<meta name=\"twitter:card\" content=\"summary_large_image\" \/>\n<meta name=\"twitter:label1\" content=\"Ber\u00e4knad l\u00e4stid\" \/>\n\t<meta name=\"twitter:data1\" content=\"5 minuter\" \/>\n<script type=\"application\/ld+json\" class=\"yoast-schema-graph\">{\"@context\":\"https:\\\/\\\/schema.org\",\"@graph\":[{\"@type\":\"WebPage\",\"@id\":\"https:\\\/\\\/noaksark.org\\\/mosaik\\\/insatser\\\/\",\"url\":\"https:\\\/\\\/noaksark.org\\\/mosaik\\\/insatser\\\/\",\"name\":\"Projekt - Noaks Ark Mosaik - Sk\u00e5ne &amp; Blekinge\",\"isPartOf\":{\"@id\":\"https:\\\/\\\/noaksark.org\\\/mosaik\\\/#website\"},\"primaryImageOfPage\":{\"@id\":\"https:\\\/\\\/noaksark.org\\\/mosaik\\\/insatser\\\/#primaryimage\"},\"image\":{\"@id\":\"https:\\\/\\\/noaksark.org\\\/mosaik\\\/insatser\\\/#primaryimage\"},\"thumbnailUrl\":\"https:\\\/\\\/noaksark.org\\\/mosaik\\\/wp-content\\\/uploads\\\/sites\\\/6\\\/2025\\\/10\\\/the-oresund-bridge-2048x1367-1.jpg\",\"datePublished\":\"2025-06-30T12:16:54+00:00\",\"dateModified\":\"2026-03-23T11:03:20+00:00\",\"breadcrumb\":{\"@id\":\"https:\\\/\\\/noaksark.org\\\/mosaik\\\/insatser\\\/#breadcrumb\"},\"inLanguage\":\"sv-SE\",\"potentialAction\":[{\"@type\":\"ReadAction\",\"target\":[\"https:\\\/\\\/noaksark.org\\\/mosaik\\\/insatser\\\/\"]}]},{\"@type\":\"ImageObject\",\"inLanguage\":\"sv-SE\",\"@id\":\"https:\\\/\\\/noaksark.org\\\/mosaik\\\/insatser\\\/#primaryimage\",\"url\":\"https:\\\/\\\/noaksark.org\\\/mosaik\\\/wp-content\\\/uploads\\\/sites\\\/6\\\/2025\\\/10\\\/the-oresund-bridge-2048x1367-1.jpg\",\"contentUrl\":\"https:\\\/\\\/noaksark.org\\\/mosaik\\\/wp-content\\\/uploads\\\/sites\\\/6\\\/2025\\\/10\\\/the-oresund-bridge-2048x1367-1.jpg\",\"width\":2048,\"height\":1367},{\"@type\":\"BreadcrumbList\",\"@id\":\"https:\\\/\\\/noaksark.org\\\/mosaik\\\/insatser\\\/#breadcrumb\",\"itemListElement\":[{\"@type\":\"ListItem\",\"position\":1,\"name\":\"Home\",\"item\":\"https:\\\/\\\/noaksark.org\\\/mosaik\\\/\"},{\"@type\":\"ListItem\",\"position\":2,\"name\":\"Projekt\"}]},{\"@type\":\"WebSite\",\"@id\":\"https:\\\/\\\/noaksark.org\\\/mosaik\\\/#website\",\"url\":\"https:\\\/\\\/noaksark.org\\\/mosaik\\\/\",\"name\":\"Noaks Ark Mosaik - Sk\u00e5ne &amp; Blekinge\",\"description\":\"\",\"potentialAction\":[{\"@type\":\"SearchAction\",\"target\":{\"@type\":\"EntryPoint\",\"urlTemplate\":\"https:\\\/\\\/noaksark.org\\\/mosaik\\\/?s={search_term_string}\"},\"query-input\":{\"@type\":\"PropertyValueSpecification\",\"valueRequired\":true,\"valueName\":\"search_term_string\"}}],\"inLanguage\":\"sv-SE\"}]}<\/script>\n<!-- \/ Yoast SEO Premium plugin. -->","yoast_head_json":{"title":"Projekt - Noaks Ark Mosaik - Sk\u00e5ne &amp; Blekinge","robots":{"index":"index","follow":"follow","max-snippet":"max-snippet:-1","max-image-preview":"max-image-preview:large","max-video-preview":"max-video-preview:-1"},"canonical":"https:\/\/noaksark.org\/mosaik\/insatser\/","og_locale":"sv_SE","og_type":"article","og_title":"Projekt","og_description":"P\u00e5 Noaks Ark Mosaik driver och samverkar vi i ett antal projekt som syftar till att \u00f6ka kunskapen kring hiv, ut\u00f6ka testning, bidra till en tillg\u00e4nglig och god sexuell h\u00e4lsa f\u00f6r alla, samt minska stigma...","og_url":"https:\/\/noaksark.org\/mosaik\/insatser\/","og_site_name":"Noaks Ark Mosaik - Sk\u00e5ne &amp; Blekinge","article_modified_time":"2026-03-23T11:03:20+00:00","og_image":[{"width":2048,"height":1367,"url":"https:\/\/noaksark.org\/mosaik\/wp-content\/uploads\/sites\/6\/2025\/10\/the-oresund-bridge-2048x1367-1.jpg","type":"image\/jpeg"}],"twitter_card":"summary_large_image","twitter_misc":{"Ber\u00e4knad l\u00e4stid":"5 minuter"},"schema":{"@context":"https:\/\/schema.org","@graph":[{"@type":"WebPage","@id":"https:\/\/noaksark.org\/mosaik\/insatser\/","url":"https:\/\/noaksark.org\/mosaik\/insatser\/","name":"Projekt - Noaks Ark Mosaik - Sk\u00e5ne &amp; Blekinge","isPartOf":{"@id":"https:\/\/noaksark.org\/mosaik\/#website"},"primaryImageOfPage":{"@id":"https:\/\/noaksark.org\/mosaik\/insatser\/#primaryimage"},"image":{"@id":"https:\/\/noaksark.org\/mosaik\/insatser\/#primaryimage"},"thumbnailUrl":"https:\/\/noaksark.org\/mosaik\/wp-content\/uploads\/sites\/6\/2025\/10\/the-oresund-bridge-2048x1367-1.jpg","datePublished":"2025-06-30T12:16:54+00:00","dateModified":"2026-03-23T11:03:20+00:00","breadcrumb":{"@id":"https:\/\/noaksark.org\/mosaik\/insatser\/#breadcrumb"},"inLanguage":"sv-SE","potentialAction":[{"@type":"ReadAction","target":["https:\/\/noaksark.org\/mosaik\/insatser\/"]}]},{"@type":"ImageObject","inLanguage":"sv-SE","@id":"https:\/\/noaksark.org\/mosaik\/insatser\/#primaryimage","url":"https:\/\/noaksark.org\/mosaik\/wp-content\/uploads\/sites\/6\/2025\/10\/the-oresund-bridge-2048x1367-1.jpg","contentUrl":"https:\/\/noaksark.org\/mosaik\/wp-content\/uploads\/sites\/6\/2025\/10\/the-oresund-bridge-2048x1367-1.jpg","width":2048,"height":1367},{"@type":"BreadcrumbList","@id":"https:\/\/noaksark.org\/mosaik\/insatser\/#breadcrumb","itemListElement":[{"@type":"ListItem","position":1,"name":"Home","item":"https:\/\/noaksark.org\/mosaik\/"},{"@type":"ListItem","position":2,"name":"Projekt"}]},{"@type":"WebSite","@id":"https:\/\/noaksark.org\/mosaik\/#website","url":"https:\/\/noaksark.org\/mosaik\/","name":"Noaks Ark Mosaik - Sk\u00e5ne &amp; Blekinge","description":"","potentialAction":[{"@type":"SearchAction","target":{"@type":"EntryPoint","urlTemplate":"https:\/\/noaksark.org\/mosaik\/?s={search_term_string}"},"query-input":{"@type":"PropertyValueSpecification","valueRequired":true,"valueName":"search_term_string"}}],"inLanguage":"sv-SE"}]}},"_links":{"self":[{"href":"https:\/\/noaksark.org\/mosaik\/wp-json\/wp\/v2\/pages\/3076","targetHints":{"allow":["GET"]}}],"collection":[{"href":"https:\/\/noaksark.org\/mosaik\/wp-json\/wp\/v2\/pages"}],"about":[{"href":"https:\/\/noaksark.org\/mosaik\/wp-json\/wp\/v2\/types\/page"}],"author":[{"embeddable":true,"href":"https:\/\/noaksark.org\/mosaik\/wp-json\/wp\/v2\/users\/25"}],"replies":[{"embeddable":true,"href":"https:\/\/noaksark.org\/mosaik\/wp-json\/wp\/v2\/comments?post=3076"}],"version-history":[{"count":9,"href":"https:\/\/noaksark.org\/mosaik\/wp-json\/wp\/v2\/pages\/3076\/revisions"}],"predecessor-version":[{"id":3793,"href":"https:\/\/noaksark.org\/mosaik\/wp-json\/wp\/v2\/pages\/3076\/revisions\/3793"}],"wp:attachment":[{"href":"https:\/\/noaksark.org\/mosaik\/wp-json\/wp\/v2\/media?parent=3076"}],"curies":[{"name":"wp","href":"https:\/\/api.w.org\/{rel}","templated":true}]}}