{"id":24,"date":"2022-11-23T12:58:02","date_gmt":"2022-11-23T12:58:02","guid":{"rendered":"https:\/\/noaksark.test\/mosaik\/?page_id=24"},"modified":"2026-03-23T10:58:18","modified_gmt":"2026-03-23T09:58:18","slug":"noaks-ark-mosaik","status":"publish","type":"page","link":"https:\/\/noaksark.org\/mosaik\/","title":{"rendered":"Noaks Ark Mosaik"},"content":{"rendered":"<a class=\"wp-block-read-more\" href=\"https:\/\/noaksark.org\/mosaik\/\" target=\"_self\">L\u00e4s mer<span class=\"screen-reader-text\">: Noaks Ark Mosaik<\/span><\/a>","protected":false},"excerpt":{"rendered":"","protected":false},"author":27,"featured_media":3749,"parent":0,"menu_order":0,"comment_status":"closed","ping_status":"closed","template":"","meta":{"_acf_changed":false,"footnotes":""},"class_list":["post-24","page","type-page","status-publish","has-post-thumbnail","hentry"],"acf":[],"yoast_head":"<!-- This site is optimized with the Yoast SEO Premium plugin v27.4 (Yoast SEO v27.4) - https:\/\/yoast.com\/product\/yoast-seo-premium-wordpress\/ -->\n<title>Noaks Ark Mosaik - Sk\u00e5ne &amp; Blekinge<\/title>\n<meta name=\"description\" content=\"Noaks Ark Sk\u00e5ne &amp; Blekinge hj\u00e4lper m\u00e4nniskor som lever med hiv, n\u00e4rst\u00e5ende eller personer i behov av st\u00f6d, testning och utbildning.\" \/>\n<meta name=\"robots\" content=\"index, follow, max-snippet:-1, max-image-preview:large, max-video-preview:-1\" \/>\n<link rel=\"canonical\" href=\"https:\/\/noaksark.org\/mosaik\/\" \/>\n<meta property=\"og:locale\" content=\"sv_SE\" \/>\n<meta property=\"og:type\" content=\"article\" \/>\n<meta property=\"og:title\" content=\"Noaks Ark Mosaik\" \/>\n<meta property=\"og:description\" content=\"Noaks Ark Sk\u00e5ne &amp; Blekinge hj\u00e4lper m\u00e4nniskor som lever med hiv, n\u00e4rst\u00e5ende eller personer i behov av st\u00f6d, testning och utbildning.\" \/>\n<meta property=\"og:url\" content=\"https:\/\/noaksark.org\/mosaik\/\" \/>\n<meta property=\"og:site_name\" content=\"Noaks Ark Mosaik - Sk\u00e5ne &amp; Blekinge\" \/>\n<meta property=\"article:modified_time\" content=\"2026-03-23T09:58:18+00:00\" \/>\n<meta property=\"og:image\" content=\"https:\/\/noaksark.org\/mosaik\/wp-content\/uploads\/sites\/6\/2026\/03\/VP-2026-6-e1774259755841.png\" \/>\n\t<meta property=\"og:image:width\" content=\"2230\" \/>\n\t<meta property=\"og:image:height\" content=\"1613\" \/>\n\t<meta property=\"og:image:type\" content=\"image\/png\" \/>\n<meta name=\"twitter:card\" content=\"summary_large_image\" \/>\n<meta name=\"twitter:label1\" content=\"Ber\u00e4knad l\u00e4stid\" \/>\n\t<meta name=\"twitter:data1\" content=\"2 minuter\" \/>\n<script type=\"application\/ld+json\" class=\"yoast-schema-graph\">{\"@context\":\"https:\\\/\\\/schema.org\",\"@graph\":[{\"@type\":\"WebPage\",\"@id\":\"https:\\\/\\\/noaksark.org\\\/mosaik\\\/\",\"url\":\"https:\\\/\\\/noaksark.org\\\/mosaik\\\/\",\"name\":\"Noaks Ark Mosaik - Sk\u00e5ne & Blekinge\",\"isPartOf\":{\"@id\":\"https:\\\/\\\/noaksark.org\\\/mosaik\\\/#website\"},\"primaryImageOfPage\":{\"@id\":\"https:\\\/\\\/noaksark.org\\\/mosaik\\\/#primaryimage\"},\"image\":{\"@id\":\"https:\\\/\\\/noaksark.org\\\/mosaik\\\/#primaryimage\"},\"thumbnailUrl\":\"https:\\\/\\\/noaksark.org\\\/mosaik\\\/wp-content\\\/uploads\\\/sites\\\/6\\\/2026\\\/03\\\/VP-2026-6-e1774259755841.png\",\"datePublished\":\"2022-11-23T12:58:02+00:00\",\"dateModified\":\"2026-03-23T09:58:18+00:00\",\"description\":\"Noaks Ark Sk\u00e5ne & Blekinge hj\u00e4lper m\u00e4nniskor som lever med hiv, n\u00e4rst\u00e5ende eller personer i behov av st\u00f6d, testning och utbildning.\",\"breadcrumb\":{\"@id\":\"https:\\\/\\\/noaksark.org\\\/mosaik\\\/#breadcrumb\"},\"inLanguage\":\"sv-SE\",\"potentialAction\":[{\"@type\":\"ReadAction\",\"target\":[\"https:\\\/\\\/noaksark.org\\\/mosaik\\\/\"]}]},{\"@type\":\"ImageObject\",\"inLanguage\":\"sv-SE\",\"@id\":\"https:\\\/\\\/noaksark.org\\\/mosaik\\\/#primaryimage\",\"url\":\"https:\\\/\\\/noaksark.org\\\/mosaik\\\/wp-content\\\/uploads\\\/sites\\\/6\\\/2026\\\/03\\\/VP-2026-6-e1774259755841.png\",\"contentUrl\":\"https:\\\/\\\/noaksark.org\\\/mosaik\\\/wp-content\\\/uploads\\\/sites\\\/6\\\/2026\\\/03\\\/VP-2026-6-e1774259755841.png\",\"width\":2230,\"height\":1613},{\"@type\":\"BreadcrumbList\",\"@id\":\"https:\\\/\\\/noaksark.org\\\/mosaik\\\/#breadcrumb\",\"itemListElement\":[{\"@type\":\"ListItem\",\"position\":1,\"name\":\"Home\",\"item\":\"https:\\\/\\\/noaksark.org\\\/mosaik\\\/\"},{\"@type\":\"ListItem\",\"position\":2,\"name\":\"Noaks Ark Mosaik\"}]},{\"@type\":\"WebSite\",\"@id\":\"https:\\\/\\\/noaksark.org\\\/mosaik\\\/#website\",\"url\":\"https:\\\/\\\/noaksark.org\\\/mosaik\\\/\",\"name\":\"Noaks Ark Mosaik - Sk\u00e5ne &amp; Blekinge\",\"description\":\"\",\"potentialAction\":[{\"@type\":\"SearchAction\",\"target\":{\"@type\":\"EntryPoint\",\"urlTemplate\":\"https:\\\/\\\/noaksark.org\\\/mosaik\\\/?s={search_term_string}\"},\"query-input\":{\"@type\":\"PropertyValueSpecification\",\"valueRequired\":true,\"valueName\":\"search_term_string\"}}],\"inLanguage\":\"sv-SE\"}]}<\/script>\n<!-- \/ Yoast SEO Premium plugin. -->","yoast_head_json":{"title":"Noaks Ark Mosaik - Sk\u00e5ne & Blekinge","description":"Noaks Ark Sk\u00e5ne & Blekinge hj\u00e4lper m\u00e4nniskor som lever med hiv, n\u00e4rst\u00e5ende eller personer i behov av st\u00f6d, testning och utbildning.","robots":{"index":"index","follow":"follow","max-snippet":"max-snippet:-1","max-image-preview":"max-image-preview:large","max-video-preview":"max-video-preview:-1"},"canonical":"https:\/\/noaksark.org\/mosaik\/","og_locale":"sv_SE","og_type":"article","og_title":"Noaks Ark Mosaik","og_description":"Noaks Ark Sk\u00e5ne & Blekinge hj\u00e4lper m\u00e4nniskor som lever med hiv, n\u00e4rst\u00e5ende eller personer i behov av st\u00f6d, testning och utbildning.","og_url":"https:\/\/noaksark.org\/mosaik\/","og_site_name":"Noaks Ark Mosaik - Sk\u00e5ne &amp; Blekinge","article_modified_time":"2026-03-23T09:58:18+00:00","og_image":[{"width":2230,"height":1613,"url":"https:\/\/noaksark.org\/mosaik\/wp-content\/uploads\/sites\/6\/2026\/03\/VP-2026-6-e1774259755841.png","type":"image\/png"}],"twitter_card":"summary_large_image","twitter_misc":{"Ber\u00e4knad l\u00e4stid":"2 minuter"},"schema":{"@context":"https:\/\/schema.org","@graph":[{"@type":"WebPage","@id":"https:\/\/noaksark.org\/mosaik\/","url":"https:\/\/noaksark.org\/mosaik\/","name":"Noaks Ark Mosaik - Sk\u00e5ne & Blekinge","isPartOf":{"@id":"https:\/\/noaksark.org\/mosaik\/#website"},"primaryImageOfPage":{"@id":"https:\/\/noaksark.org\/mosaik\/#primaryimage"},"image":{"@id":"https:\/\/noaksark.org\/mosaik\/#primaryimage"},"thumbnailUrl":"https:\/\/noaksark.org\/mosaik\/wp-content\/uploads\/sites\/6\/2026\/03\/VP-2026-6-e1774259755841.png","datePublished":"2022-11-23T12:58:02+00:00","dateModified":"2026-03-23T09:58:18+00:00","description":"Noaks Ark Sk\u00e5ne & Blekinge hj\u00e4lper m\u00e4nniskor som lever med hiv, n\u00e4rst\u00e5ende eller personer i behov av st\u00f6d, testning och utbildning.","breadcrumb":{"@id":"https:\/\/noaksark.org\/mosaik\/#breadcrumb"},"inLanguage":"sv-SE","potentialAction":[{"@type":"ReadAction","target":["https:\/\/noaksark.org\/mosaik\/"]}]},{"@type":"ImageObject","inLanguage":"sv-SE","@id":"https:\/\/noaksark.org\/mosaik\/#primaryimage","url":"https:\/\/noaksark.org\/mosaik\/wp-content\/uploads\/sites\/6\/2026\/03\/VP-2026-6-e1774259755841.png","contentUrl":"https:\/\/noaksark.org\/mosaik\/wp-content\/uploads\/sites\/6\/2026\/03\/VP-2026-6-e1774259755841.png","width":2230,"height":1613},{"@type":"BreadcrumbList","@id":"https:\/\/noaksark.org\/mosaik\/#breadcrumb","itemListElement":[{"@type":"ListItem","position":1,"name":"Home","item":"https:\/\/noaksark.org\/mosaik\/"},{"@type":"ListItem","position":2,"name":"Noaks Ark Mosaik"}]},{"@type":"WebSite","@id":"https:\/\/noaksark.org\/mosaik\/#website","url":"https:\/\/noaksark.org\/mosaik\/","name":"Noaks Ark Mosaik - Sk\u00e5ne &amp; Blekinge","description":"","potentialAction":[{"@type":"SearchAction","target":{"@type":"EntryPoint","urlTemplate":"https:\/\/noaksark.org\/mosaik\/?s={search_term_string}"},"query-input":{"@type":"PropertyValueSpecification","valueRequired":true,"valueName":"search_term_string"}}],"inLanguage":"sv-SE"}]}},"_links":{"self":[{"href":"https:\/\/noaksark.org\/mosaik\/wp-json\/wp\/v2\/pages\/24","targetHints":{"allow":["GET"]}}],"collection":[{"href":"https:\/\/noaksark.org\/mosaik\/wp-json\/wp\/v2\/pages"}],"about":[{"href":"https:\/\/noaksark.org\/mosaik\/wp-json\/wp\/v2\/types\/page"}],"author":[{"embeddable":true,"href":"https:\/\/noaksark.org\/mosaik\/wp-json\/wp\/v2\/users\/27"}],"replies":[{"embeddable":true,"href":"https:\/\/noaksark.org\/mosaik\/wp-json\/wp\/v2\/comments?post=24"}],"version-history":[{"count":114,"href":"https:\/\/noaksark.org\/mosaik\/wp-json\/wp\/v2\/pages\/24\/revisions"}],"predecessor-version":[{"id":3756,"href":"https:\/\/noaksark.org\/mosaik\/wp-json\/wp\/v2\/pages\/24\/revisions\/3756"}],"wp:featuredmedia":[{"embeddable":true,"href":"https:\/\/noaksark.org\/mosaik\/wp-json\/wp\/v2\/media\/3749"}],"wp:attachment":[{"href":"https:\/\/noaksark.org\/mosaik\/wp-json\/wp\/v2\/media?parent=24"}],"curies":[{"name":"wp","href":"https:\/\/api.w.org\/{rel}","templated":true}]}}