{"id":55,"date":"2022-11-23T15:12:16","date_gmt":"2022-11-23T15:12:16","guid":{"rendered":"https:\/\/noaksark.test\/goteborg-vastra-gotaland\/?page_id=55"},"modified":"2026-01-13T14:45:50","modified_gmt":"2026-01-13T13:45:50","slug":"for-dig-i-din-yrkesroll","status":"publish","type":"page","link":"https:\/\/noaksark.org\/gvg\/stod-och-rad\/for-dig-i-din-yrkesroll\/","title":{"rendered":"F\u00f6r dig i din yrkesroll"},"content":{"rendered":"\n<h2 class=\"wp-block-heading\" id=\"h-utbildningar-om-hiv-for-olika-yrkesgrupper\">Utbildningar om hiv f\u00f6r olika yrkesgrupper<\/h2>\n\n\n\n<p>Du som vill veta mer om hiv \u00e4r alltid v\u00e4lkommen att kontakta oss. Kanske beh\u00f6ver du ut\u00f6ka de kunskaper som kr\u00e4vs i din yrkesroll eller fr\u00e4scha upp kunskaper som fallit i gl\u00f6mska. Noaks Ark samarbetar ofta med personal inom v\u00e5rd, skola, kriminalv\u00e5rden, socialtj\u00e4nsten, Migrationsverket m.fl. Vi har l\u00e5ng erfarenhet av speciellt anpassade utbildningar f\u00f6r olika yrkesgrupper. Skr\u00e4ddarsy en kurs \u2013 kontakta oss s\u00e5 kan vi tillsammans s\u00e4tta ihop en utbildning som passar just dig och din arbetsplats.<\/p>\n\n\n\n<ul class=\"wp-block-list\">\n<li>hiv-utbildningar f\u00f6r dig som jobbar inom v\u00e5rden<\/li>\n\n\n\n<li>hiv-utbildningar f\u00f6r handl\u00e4ggare inom sociala sektorn, kriminalv\u00e5rden, Migrationsverket m.fl.<\/li>\n\n\n\n<li>utbildningar f\u00f6r dig som jobbar med ungdomar<\/li>\n<\/ul>\n\n\n\n<figure class=\"wp-block-image size-large is-style-rounded-corners\"><img loading=\"lazy\" decoding=\"async\" width=\"1024\" height=\"768\" src=\"https:\/\/noaksark.org\/gvg\/wp-content\/uploads\/sites\/7\/2023\/05\/noaks-ark-gvg-i-din-yrkesroll-1024x768.jpg\" alt=\"Noaks Ark G\u00f6teborg &amp; V\u00e4stra G\u00f6taland - I din yrkesroll\" class=\"wp-image-2508\" srcset=\"https:\/\/noaksark.org\/gvg\/wp-content\/uploads\/sites\/7\/2023\/05\/noaks-ark-gvg-i-din-yrkesroll-1024x768.jpg 1024w, https:\/\/noaksark.org\/gvg\/wp-content\/uploads\/sites\/7\/2023\/05\/noaks-ark-gvg-i-din-yrkesroll-300x225.jpg 300w, https:\/\/noaksark.org\/gvg\/wp-content\/uploads\/sites\/7\/2023\/05\/noaks-ark-gvg-i-din-yrkesroll-768x576.jpg 768w, https:\/\/noaksark.org\/gvg\/wp-content\/uploads\/sites\/7\/2023\/05\/noaks-ark-gvg-i-din-yrkesroll-1536x1152.jpg 1536w, https:\/\/noaksark.org\/gvg\/wp-content\/uploads\/sites\/7\/2023\/05\/noaks-ark-gvg-i-din-yrkesroll-2048x1536.jpg 2048w, https:\/\/noaksark.org\/gvg\/wp-content\/uploads\/sites\/7\/2023\/05\/noaks-ark-gvg-i-din-yrkesroll-133x100.jpg 133w\" sizes=\"auto, (max-width: 1024px) 100vw, 1024px\" \/><\/figure>\n\n\n\n<h3 class=\"wp-block-heading\" id=\"h-for-vardpersonal\">F\u00f6r v\u00e5rdpersonal<\/h3>\n\n\n\n<p>Det ligger ett stort ansvar hos v\u00e5rdpersonalen att p\u00e5 r\u00e4tt s\u00e4tt ta emot och behandla personer som lever med hiv. Oavsett om det \u00e4r vid diagnostillf\u00e4llet eller vid uppf\u00f6ljningsbes\u00f6k. L\u00e4kares och sjuksk\u00f6terskors f\u00f6rh\u00e5llningss\u00e4tt, attityder och v\u00e4rderingar kan skapa ett lidande f\u00f6r personen om man ger ett intryck av kr\u00e4nkning och diskriminering vid bem\u00f6tandet. Detta kan i sin tur f\u00f6rs\u00e4mra v\u00e5rdkvaliteten och upplevelsen f\u00f6r personen som lever med hiv. Genom ett professionellt bem\u00f6tande kan h\u00e4lso- och sjukv\u00e5rden f\u00f6rb\u00e4ttra situationen f\u00f6r personer som lever med hiv och s\u00e4nka tr\u00f6skeln f\u00f6r att testa sig f\u00f6r hiv.&nbsp;<\/p>\n\n\n\n<p>Studier visar p\u00e5 att personer som lever med hiv upplever d\u00e5ligt bem\u00f6tande, inte bara fr\u00e5n n\u00e4rst\u00e5ende och samh\u00e4llet, utan ocks\u00e5 fr\u00e5n h\u00e4lso- och sjukv\u00e5rdspersonal. D\u00e4rf\u00f6r \u00e4r det viktigt f\u00f6r yrkesverksamma inom denna sektorn att ha gedigen kunskap om hiv. Du som jobbar inom v\u00e5rden kan i ditt arbete komma i kontakt med hiv. Kanske har du fr\u00e5gor kring&nbsp;vilken risk du uts\u00e4tts f\u00f6r som personal&nbsp;eller har funderingar kring m\u00f6tet med den som \u00e4r hivpositiv?&nbsp;<\/p>\n\n\n\n<p>\u00c4ldreomsorgen st\u00e5r idag inf\u00f6r den f\u00f6rsta generationen som \u00e5ldras med hiv och m\u00e5ste d\u00e4rf\u00f6r anpassas och utvecklas. Kunskapen kring behandlingen uppdateras och \u00e4r inte alls som den var f\u00f6r 20-30 \u00e5r sedan samtidigt som hiv bland \u00e4ldre beh\u00f6ver uppm\u00e4rksammas.&nbsp;<\/p>\n\n\n\n<p>Detta inneb\u00e4r att&nbsp;personer som jobbar inom \u00e4ldreomsorgen m\u00e5ste vara medvetna och ha kunskap om hur man ska hantera personer som lever med hiv. Vid hanteringen av personer med demens och hiv \u00e4r det \u00e4nnu viktigare att vara medveten om hur viktig hivmedicinen \u00e4r och att den m\u00e5ste tas dagligen, utan uppeh\u00e5ll.&nbsp;<\/p>\n\n\n\n<p>Vi erbjuder och anordnar flera specialutbildningar f\u00f6r v\u00e5rdpersonal. Vi skr\u00e4ddarsyr \u00e4ven kurser om ni har \u00f6nskem\u00e5l om utbildning eller f\u00f6rdjupning inom n\u00e5got s\u00e4rskilt omr\u00e5de. M\u00e5nga fr\u00e5gor kan du direkt f\u00e5 svar p\u00e5 v\u00e5r hemsida eller genom att ringa oss 031 \u2013 44 22 09.&nbsp;<\/p>\n\n\n\n<p>Vi har \u00e4ven informationsmaterial att erbjuda er verksamhet, h\u00f6r av er till oss f\u00f6r att ta del av gratis materialet eller ladda ner det h\u00e4r:<\/p>\n\n\n\n<ul class=\"wp-block-list\">\n<li><a href=\"https:\/\/noaksark.info\/i-din-yrkesroll\/prep-svenska\/\">PrEP svenska<\/a><\/li>\n\n\n\n<li><a href=\"https:\/\/noaksark.info\/i-din-yrkesroll\/prep-engelska\/\">PrEP engelska<\/a><\/li>\n\n\n\n<li><a href=\"https:\/\/noaksark.info\/i-din-yrkesroll\/stodorad-svenska\/\">St\u00f6dor\u00e5d svenska<\/a><\/li>\n\n\n\n<li><a href=\"https:\/\/noaksark.info\/i-din-yrkesroll\/stodorad-engelska\/\">St\u00f6dor\u00e5d engelska<\/a><\/li>\n<\/ul>\n\n\n\n<h2 class=\"wp-block-heading\" id=\"h-for-dig-som-arbetar-med-ungdomar\">F\u00f6r dig som arbetar med ungdomar<\/h2>\n\n\n\n<p>Sex- och samlevnadsundervisningen prioriteras h\u00f6gt av elever och \u00e4r en obligatorisk del av undervisningen. Att l\u00e4ra sig mer om sin kropp och sin sexualitet \u00e4r viktigt f\u00f6r unga som h\u00e5ller p\u00e5 att bli vuxna. Du som l\u00e4rare kan ge dina elever livsviktiga kunskaper s\u00e5 att de kan skydda sig mot sexuellt \u00f6verf\u00f6rbara infektioner. Detta moment i undervisningen \u00e4r b\u00e5de viktigt men ocks\u00e5 sv\u00e5rt. Hur n\u00e5r man fram till eleverna med r\u00e4tt kunskap utan att l\u00e4gga sina egna v\u00e4rderingar i det eller hur besvarar man de fr\u00e5gor som dyker upp p\u00e5 b\u00e4sta s\u00e4tt?<\/p>\n\n\n\n<p>Noaks Ark erbjuder l\u00e4rare och andra yrkesgrupper som arbetar med unga, fortbildning om sex och samlevnadsundervisning och om att prata om hiv med unga. Vi hoppas kunna inspirera till st\u00f6rre engagemang och nya infallsvinklar. P\u00e5 kursen f\u00e5r du mer fakta inom omr\u00e5det och f\u00f6rslag p\u00e5 metoder och \u00f6vningar. Vi hoppas kunna ge dig nya id\u00e9er och st\u00f6rre s\u00e4kerhet inf\u00f6r arbetet med sex- och samlevnad med dina elever.<\/p>\n\n\n\n<h2 class=\"wp-block-heading\" id=\"h-for-dig-som-arbetar-med-nyanlanda\">F\u00f6r dig som arbetar med nyanl\u00e4nda<\/h2>\n\n\n\n<p>Noaks Ark G\u00f6teborg och V\u00e4stra G\u00f6taland har mycket erfarenhet av att jobba tillsammans med olika myndigheter. Hur man bem\u00f6ter personer som lever med hiv eller personer som befinner sig i en riskgrupp, dvs kommer fr\u00e5n riskl\u00e4nder, kan ibland vara sv\u00e5rt. En s\u00e4rskilt angel\u00e4gen grupp \u00e4r nyanl\u00e4nda och migranter och hur man bem\u00f6ter och informerar om just hiv och STI. Spr\u00e5ksv\u00e5righeter och kulturella krockar kan f\u00f6rsv\u00e5ra bem\u00f6tandet med denna grupp. Vi ser d\u00e4rf\u00f6r att det finns ett stort behov av att utbilda och ge information om hur man kan arbeta med hiv och STI fr\u00e5gor inom myndigheter och andra verksamheter som kommer i kontakt med nyanl\u00e4nda.&nbsp;<\/p>\n\n\n\n<p>Vi besitter specialkompetens vad g\u00e4ller nyanl\u00e4nda, dels p\u00e5 grund av den dagliga kontakten vi har med m\u00e5lgruppen och dels p\u00e5 grund av den multikulturella bakgrund v\u00e5r personal har. Med v\u00e5r erfarenhet, specialkompetens och v\u00e5r f\u00f6rst\u00e5else f\u00f6r andra kulturer kan vi utbilda personal p\u00e5 asylboenden, myndigheter som Migrationsverket och andra verksamheter som kommer i kontakt med nyanl\u00e4nda. Vi anpassar material, information och utbildningar utifr\u00e5n m\u00e5lgrupp och jobbar med enkel svenska.&nbsp;&nbsp;<\/p>\n\n\n\n<p>Vi erbjuder och anordnar flera specialutbildningar f\u00f6r myndigheter och akt\u00f6rer som arbetar med nyanl\u00e4nda. Vi skr\u00e4ddarsyr \u00e4ven kurser om ni har \u00f6nskem\u00e5l om utbildning eller f\u00f6rdjupning inom n\u00e5got s\u00e4rskilt omr\u00e5de. M\u00e5nga fr\u00e5gor kan du direkt f\u00e5 svar p\u00e5 v\u00e5r hemsida eller genom att ringa oss 031 \u2013 44 22 09.&nbsp;<\/p>\n\n\n\n<p>Vi har \u00e4ven informationsmaterial att erbjuda er verksamhet, h\u00f6r av er till oss f\u00f6r att ta del av gratis materialet eller ladda ner det&nbsp;<a href=\"https:\/\/noaksark.org\/languages\/\">h\u00e4r<\/a>.<\/p>\n","protected":false},"excerpt":{"rendered":"<p>Utbildningar om hiv f\u00f6r olika yrkesgrupper Du som vill veta mer om hiv \u00e4r alltid v\u00e4lkommen att kontakta oss. Kanske beh\u00f6ver du ut\u00f6ka de kunskaper som kr\u00e4vs i din yrkesroll eller fr\u00e4scha upp kunskaper som&#8230;<\/p>\n","protected":false},"author":27,"featured_media":0,"parent":29,"menu_order":4,"comment_status":"closed","ping_status":"closed","template":"","meta":{"_acf_changed":false,"footnotes":""},"class_list":["post-55","page","type-page","status-publish","hentry"],"acf":[],"yoast_head":"<!-- This site is optimized with the Yoast SEO Premium plugin v27.3 (Yoast SEO v27.4) - https:\/\/yoast.com\/product\/yoast-seo-premium-wordpress\/ -->\n<title>F\u00f6r dig i din yrkesroll - Noaks Ark G\u00f6teborg &amp; V\u00e4stra G\u00f6taland<\/title>\n<meta name=\"robots\" content=\"index, follow, max-snippet:-1, max-image-preview:large, max-video-preview:-1\" \/>\n<link rel=\"canonical\" href=\"https:\/\/noaksark.org\/gvg\/stod-och-rad\/for-dig-i-din-yrkesroll\/\" \/>\n<meta property=\"og:locale\" content=\"sv_SE\" \/>\n<meta property=\"og:type\" content=\"article\" \/>\n<meta property=\"og:title\" content=\"F\u00f6r dig i din yrkesroll\" \/>\n<meta property=\"og:description\" content=\"Utbildningar om hiv f\u00f6r olika yrkesgrupper Du som vill veta mer om hiv \u00e4r alltid v\u00e4lkommen att kontakta oss. Kanske beh\u00f6ver du ut\u00f6ka de kunskaper som kr\u00e4vs i din yrkesroll eller fr\u00e4scha upp kunskaper som...\" \/>\n<meta property=\"og:url\" content=\"https:\/\/noaksark.org\/gvg\/stod-och-rad\/for-dig-i-din-yrkesroll\/\" \/>\n<meta property=\"og:site_name\" content=\"Noaks Ark G\u00f6teborg &amp; V\u00e4stra G\u00f6taland\" \/>\n<meta property=\"article:modified_time\" content=\"2026-01-13T13:45:50+00:00\" \/>\n<meta property=\"og:image\" content=\"https:\/\/noaksark.org\/gvg\/wp-content\/uploads\/sites\/7\/2023\/05\/noaks-ark-gvg-i-din-yrkesroll-scaled.jpg\" \/>\n\t<meta property=\"og:image:width\" content=\"2560\" \/>\n\t<meta property=\"og:image:height\" content=\"1920\" \/>\n\t<meta property=\"og:image:type\" content=\"image\/jpeg\" \/>\n<meta name=\"twitter:card\" content=\"summary_large_image\" \/>\n<meta name=\"twitter:label1\" content=\"Ber\u00e4knad l\u00e4stid\" \/>\n\t<meta name=\"twitter:data1\" content=\"5 minuter\" \/>\n<script type=\"application\/ld+json\" class=\"yoast-schema-graph\">{\"@context\":\"https:\\\/\\\/schema.org\",\"@graph\":[{\"@type\":\"WebPage\",\"@id\":\"https:\\\/\\\/noaksark.org\\\/gvg\\\/stod-och-rad\\\/for-dig-i-din-yrkesroll\\\/\",\"url\":\"https:\\\/\\\/noaksark.org\\\/gvg\\\/stod-och-rad\\\/for-dig-i-din-yrkesroll\\\/\",\"name\":\"F\u00f6r dig i din yrkesroll - Noaks Ark G\u00f6teborg &amp; V\u00e4stra G\u00f6taland\",\"isPartOf\":{\"@id\":\"https:\\\/\\\/noaksark.org\\\/gvg\\\/#website\"},\"primaryImageOfPage\":{\"@id\":\"https:\\\/\\\/noaksark.org\\\/gvg\\\/stod-och-rad\\\/for-dig-i-din-yrkesroll\\\/#primaryimage\"},\"image\":{\"@id\":\"https:\\\/\\\/noaksark.org\\\/gvg\\\/stod-och-rad\\\/for-dig-i-din-yrkesroll\\\/#primaryimage\"},\"thumbnailUrl\":\"https:\\\/\\\/noaksark.org\\\/gvg\\\/wp-content\\\/uploads\\\/sites\\\/7\\\/2023\\\/05\\\/noaks-ark-gvg-i-din-yrkesroll-1024x768.jpg\",\"datePublished\":\"2022-11-23T15:12:16+00:00\",\"dateModified\":\"2026-01-13T13:45:50+00:00\",\"breadcrumb\":{\"@id\":\"https:\\\/\\\/noaksark.org\\\/gvg\\\/stod-och-rad\\\/for-dig-i-din-yrkesroll\\\/#breadcrumb\"},\"inLanguage\":\"sv-SE\",\"potentialAction\":[{\"@type\":\"ReadAction\",\"target\":[\"https:\\\/\\\/noaksark.org\\\/gvg\\\/stod-och-rad\\\/for-dig-i-din-yrkesroll\\\/\"]}]},{\"@type\":\"ImageObject\",\"inLanguage\":\"sv-SE\",\"@id\":\"https:\\\/\\\/noaksark.org\\\/gvg\\\/stod-och-rad\\\/for-dig-i-din-yrkesroll\\\/#primaryimage\",\"url\":\"https:\\\/\\\/noaksark.org\\\/gvg\\\/wp-content\\\/uploads\\\/sites\\\/7\\\/2023\\\/05\\\/noaks-ark-gvg-i-din-yrkesroll-scaled.jpg\",\"contentUrl\":\"https:\\\/\\\/noaksark.org\\\/gvg\\\/wp-content\\\/uploads\\\/sites\\\/7\\\/2023\\\/05\\\/noaks-ark-gvg-i-din-yrkesroll-scaled.jpg\",\"width\":2560,\"height\":1920,\"caption\":\"Noaks Ark G\u00f6teborg & V\u00e4stra G\u00f6taland - I din yrkesroll\"},{\"@type\":\"BreadcrumbList\",\"@id\":\"https:\\\/\\\/noaksark.org\\\/gvg\\\/stod-och-rad\\\/for-dig-i-din-yrkesroll\\\/#breadcrumb\",\"itemListElement\":[{\"@type\":\"ListItem\",\"position\":1,\"name\":\"Home\",\"item\":\"https:\\\/\\\/noaksark.org\\\/gvg\\\/\"},{\"@type\":\"ListItem\",\"position\":2,\"name\":\"St\u00f6d &amp; R\u00e5d\",\"item\":\"https:\\\/\\\/noaksark.org\\\/gvg\\\/stod-och-rad\\\/\"},{\"@type\":\"ListItem\",\"position\":3,\"name\":\"F\u00f6r dig i din yrkesroll\"}]},{\"@type\":\"WebSite\",\"@id\":\"https:\\\/\\\/noaksark.org\\\/gvg\\\/#website\",\"url\":\"https:\\\/\\\/noaksark.org\\\/gvg\\\/\",\"name\":\"Noaks Ark G\u00f6teborg &amp; V\u00e4stra G\u00f6taland\",\"description\":\"\",\"potentialAction\":[{\"@type\":\"SearchAction\",\"target\":{\"@type\":\"EntryPoint\",\"urlTemplate\":\"https:\\\/\\\/noaksark.org\\\/gvg\\\/?s={search_term_string}\"},\"query-input\":{\"@type\":\"PropertyValueSpecification\",\"valueRequired\":true,\"valueName\":\"search_term_string\"}}],\"inLanguage\":\"sv-SE\"}]}<\/script>\n<!-- \/ Yoast SEO Premium plugin. -->","yoast_head_json":{"title":"F\u00f6r dig i din yrkesroll - Noaks Ark G\u00f6teborg &amp; V\u00e4stra G\u00f6taland","robots":{"index":"index","follow":"follow","max-snippet":"max-snippet:-1","max-image-preview":"max-image-preview:large","max-video-preview":"max-video-preview:-1"},"canonical":"https:\/\/noaksark.org\/gvg\/stod-och-rad\/for-dig-i-din-yrkesroll\/","og_locale":"sv_SE","og_type":"article","og_title":"F\u00f6r dig i din yrkesroll","og_description":"Utbildningar om hiv f\u00f6r olika yrkesgrupper Du som vill veta mer om hiv \u00e4r alltid v\u00e4lkommen att kontakta oss. Kanske beh\u00f6ver du ut\u00f6ka de kunskaper som kr\u00e4vs i din yrkesroll eller fr\u00e4scha upp kunskaper som...","og_url":"https:\/\/noaksark.org\/gvg\/stod-och-rad\/for-dig-i-din-yrkesroll\/","og_site_name":"Noaks Ark G\u00f6teborg &amp; V\u00e4stra G\u00f6taland","article_modified_time":"2026-01-13T13:45:50+00:00","og_image":[{"width":2560,"height":1920,"url":"https:\/\/noaksark.org\/gvg\/wp-content\/uploads\/sites\/7\/2023\/05\/noaks-ark-gvg-i-din-yrkesroll-scaled.jpg","type":"image\/jpeg"}],"twitter_card":"summary_large_image","twitter_misc":{"Ber\u00e4knad l\u00e4stid":"5 minuter"},"schema":{"@context":"https:\/\/schema.org","@graph":[{"@type":"WebPage","@id":"https:\/\/noaksark.org\/gvg\/stod-och-rad\/for-dig-i-din-yrkesroll\/","url":"https:\/\/noaksark.org\/gvg\/stod-och-rad\/for-dig-i-din-yrkesroll\/","name":"F\u00f6r dig i din yrkesroll - Noaks Ark G\u00f6teborg &amp; V\u00e4stra G\u00f6taland","isPartOf":{"@id":"https:\/\/noaksark.org\/gvg\/#website"},"primaryImageOfPage":{"@id":"https:\/\/noaksark.org\/gvg\/stod-och-rad\/for-dig-i-din-yrkesroll\/#primaryimage"},"image":{"@id":"https:\/\/noaksark.org\/gvg\/stod-och-rad\/for-dig-i-din-yrkesroll\/#primaryimage"},"thumbnailUrl":"https:\/\/noaksark.org\/gvg\/wp-content\/uploads\/sites\/7\/2023\/05\/noaks-ark-gvg-i-din-yrkesroll-1024x768.jpg","datePublished":"2022-11-23T15:12:16+00:00","dateModified":"2026-01-13T13:45:50+00:00","breadcrumb":{"@id":"https:\/\/noaksark.org\/gvg\/stod-och-rad\/for-dig-i-din-yrkesroll\/#breadcrumb"},"inLanguage":"sv-SE","potentialAction":[{"@type":"ReadAction","target":["https:\/\/noaksark.org\/gvg\/stod-och-rad\/for-dig-i-din-yrkesroll\/"]}]},{"@type":"ImageObject","inLanguage":"sv-SE","@id":"https:\/\/noaksark.org\/gvg\/stod-och-rad\/for-dig-i-din-yrkesroll\/#primaryimage","url":"https:\/\/noaksark.org\/gvg\/wp-content\/uploads\/sites\/7\/2023\/05\/noaks-ark-gvg-i-din-yrkesroll-scaled.jpg","contentUrl":"https:\/\/noaksark.org\/gvg\/wp-content\/uploads\/sites\/7\/2023\/05\/noaks-ark-gvg-i-din-yrkesroll-scaled.jpg","width":2560,"height":1920,"caption":"Noaks Ark G\u00f6teborg & V\u00e4stra G\u00f6taland - I din yrkesroll"},{"@type":"BreadcrumbList","@id":"https:\/\/noaksark.org\/gvg\/stod-och-rad\/for-dig-i-din-yrkesroll\/#breadcrumb","itemListElement":[{"@type":"ListItem","position":1,"name":"Home","item":"https:\/\/noaksark.org\/gvg\/"},{"@type":"ListItem","position":2,"name":"St\u00f6d &amp; R\u00e5d","item":"https:\/\/noaksark.org\/gvg\/stod-och-rad\/"},{"@type":"ListItem","position":3,"name":"F\u00f6r dig i din yrkesroll"}]},{"@type":"WebSite","@id":"https:\/\/noaksark.org\/gvg\/#website","url":"https:\/\/noaksark.org\/gvg\/","name":"Noaks Ark G\u00f6teborg &amp; V\u00e4stra G\u00f6taland","description":"","potentialAction":[{"@type":"SearchAction","target":{"@type":"EntryPoint","urlTemplate":"https:\/\/noaksark.org\/gvg\/?s={search_term_string}"},"query-input":{"@type":"PropertyValueSpecification","valueRequired":true,"valueName":"search_term_string"}}],"inLanguage":"sv-SE"}]}},"_links":{"self":[{"href":"https:\/\/noaksark.org\/gvg\/wp-json\/wp\/v2\/pages\/55","targetHints":{"allow":["GET"]}}],"collection":[{"href":"https:\/\/noaksark.org\/gvg\/wp-json\/wp\/v2\/pages"}],"about":[{"href":"https:\/\/noaksark.org\/gvg\/wp-json\/wp\/v2\/types\/page"}],"author":[{"embeddable":true,"href":"https:\/\/noaksark.org\/gvg\/wp-json\/wp\/v2\/users\/27"}],"replies":[{"embeddable":true,"href":"https:\/\/noaksark.org\/gvg\/wp-json\/wp\/v2\/comments?post=55"}],"version-history":[{"count":7,"href":"https:\/\/noaksark.org\/gvg\/wp-json\/wp\/v2\/pages\/55\/revisions"}],"predecessor-version":[{"id":3186,"href":"https:\/\/noaksark.org\/gvg\/wp-json\/wp\/v2\/pages\/55\/revisions\/3186"}],"up":[{"embeddable":true,"href":"https:\/\/noaksark.org\/gvg\/wp-json\/wp\/v2\/pages\/29"}],"wp:attachment":[{"href":"https:\/\/noaksark.org\/gvg\/wp-json\/wp\/v2\/media?parent=55"}],"curies":[{"name":"wp","href":"https:\/\/api.w.org\/{rel}","templated":true}]}}