{"id":3083,"date":"2025-11-05T15:17:08","date_gmt":"2025-11-05T14:17:08","guid":{"rendered":"https:\/\/noaksark.org\/gvg\/?page_id=3083"},"modified":"2026-04-09T13:44:27","modified_gmt":"2026-04-09T11:44:27","slug":"hivtesta-dig","status":"publish","type":"page","link":"https:\/\/noaksark.org\/gvg\/hivtesta-dig\/","title":{"rendered":"Hivtesta dig"},"content":{"rendered":"\n<h2 class=\"wp-block-heading\" id=\"h-det-finns-inga-trakiga-hivbesked-langre\">Det finns inga tr\u00e5kiga hivbesked l\u00e4ngre<\/h2>\n\n\n\n<p>Testar du positivt f\u00e5r du medicin som h\u00e5ller dig frisk och smittfri. Testar du negativt s\u00e5 vet du din status. Behandlad hiv smittar inte.<\/p>\n\n\n\n<p>Hiv \u00e4r ett virus som orsakar en kronisk infektion, men dagens behandling fungerar s\u00e5 bra att den som har hiv kan leva lika l\u00e4nge som vem som helst. Behandlingen g\u00f6r dessutom att hiv inte kan \u00f6verf\u00f6ras vid sex. Testa dig om du tror att du utsatt dig f\u00f6r en risk. Svaret kan ge dig ett friskt liv.<\/p>\n\n\n\n    <p class=\"text-start\">\n        <a href=\"#testing-faq-section\" class=\"bootstrap-btn-block btn mb-4 btn-primary\">\n            Har du fr\u00e5gor om hivtest?        <\/a>\n    <\/p>\n\n\n\n\n<h3 class=\"wp-block-heading\" id=\"h-har-kan-du-ta-hivtest-i-goteborg-amp-vastra-gotaland\">H\u00e4r kan du ta hivtest i G\u00f6teborg &amp; V\u00e4stra G\u00f6taland<\/h3>\n\n\n\n<p><\/p>\n","protected":false},"excerpt":{"rendered":"<p>Det finns inga tr\u00e5kiga hivbesked l\u00e4ngre Testar du positivt f\u00e5r du medicin som h\u00e5ller dig frisk och smittfri. Testar du negativt s\u00e5 vet du din status. Behandlad hiv smittar inte. Hiv \u00e4r ett virus som&#8230;<\/p>\n","protected":false},"author":27,"featured_media":3086,"parent":0,"menu_order":0,"comment_status":"closed","ping_status":"closed","template":"_template-test-landing.php","meta":{"_acf_changed":false,"footnotes":""},"class_list":["post-3083","page","type-page","status-publish","has-post-thumbnail","hentry"],"acf":[],"yoast_head":"<!-- This site is optimized with the Yoast SEO Premium plugin v27.5 (Yoast SEO v27.5) - https:\/\/yoast.com\/product\/yoast-seo-premium-wordpress\/ -->\n<title>Hivtesta dig - Noaks Ark G\u00f6teborg &amp; V\u00e4stra G\u00f6taland<\/title>\n<meta name=\"description\" content=\"P\u00e5 den h\u00e4r sidan kan du ta reda p\u00e5 vart du kan ta ett hivtest i G\u00f6teborg &amp; V\u00e4stra G\u00f6taland. L\u00e4s mer h\u00e4r p\u00e5 Noaksark.org\" \/>\n<meta name=\"robots\" content=\"index, follow, max-snippet:-1, max-image-preview:large, max-video-preview:-1\" \/>\n<link rel=\"canonical\" href=\"https:\/\/noaksark.org\/gvg\/hivtesta-dig\/\" \/>\n<meta property=\"og:locale\" content=\"sv_SE\" \/>\n<meta property=\"og:type\" content=\"article\" \/>\n<meta property=\"og:title\" content=\"Hivtesta dig\" \/>\n<meta property=\"og:description\" content=\"P\u00e5 den h\u00e4r sidan kan du ta reda p\u00e5 vart du kan ta ett hivtest i G\u00f6teborg &amp; V\u00e4stra G\u00f6taland. L\u00e4s mer h\u00e4r p\u00e5 Noaksark.org\" \/>\n<meta property=\"og:url\" content=\"https:\/\/noaksark.org\/gvg\/hivtesta-dig\/\" \/>\n<meta property=\"og:site_name\" content=\"Noaks Ark G\u00f6teborg &amp; V\u00e4stra G\u00f6taland\" \/>\n<meta property=\"article:modified_time\" content=\"2026-04-09T11:44:27+00:00\" \/>\n<meta property=\"og:image\" content=\"https:\/\/noaksark.org\/gvg\/wp-content\/uploads\/sites\/7\/2025\/11\/noaks-ark-hivtesta-dig-hero.jpg\" \/>\n\t<meta property=\"og:image:width\" content=\"2500\" \/>\n\t<meta property=\"og:image:height\" content=\"1667\" \/>\n\t<meta property=\"og:image:type\" content=\"image\/jpeg\" \/>\n<meta name=\"twitter:card\" content=\"summary_large_image\" \/>\n<meta name=\"twitter:label1\" content=\"Ber\u00e4knad l\u00e4stid\" \/>\n\t<meta name=\"twitter:data1\" content=\"5 minuter\" \/>\n<script type=\"application\/ld+json\" class=\"yoast-schema-graph\">{\"@context\":\"https:\\\/\\\/schema.org\",\"@graph\":[{\"@type\":\"WebPage\",\"@id\":\"https:\\\/\\\/noaksark.org\\\/gvg\\\/hivtesta-dig\\\/\",\"url\":\"https:\\\/\\\/noaksark.org\\\/gvg\\\/hivtesta-dig\\\/\",\"name\":\"Hivtesta dig - Noaks Ark G\u00f6teborg &amp; V\u00e4stra G\u00f6taland\",\"isPartOf\":{\"@id\":\"https:\\\/\\\/noaksark.org\\\/gvg\\\/#website\"},\"primaryImageOfPage\":{\"@id\":\"https:\\\/\\\/noaksark.org\\\/gvg\\\/hivtesta-dig\\\/#primaryimage\"},\"image\":{\"@id\":\"https:\\\/\\\/noaksark.org\\\/gvg\\\/hivtesta-dig\\\/#primaryimage\"},\"thumbnailUrl\":\"https:\\\/\\\/noaksark.org\\\/gvg\\\/wp-content\\\/uploads\\\/sites\\\/7\\\/2025\\\/11\\\/noaks-ark-hivtesta-dig-hero.jpg\",\"datePublished\":\"2025-11-05T14:17:08+00:00\",\"dateModified\":\"2026-04-09T11:44:27+00:00\",\"description\":\"P\u00e5 den h\u00e4r sidan kan du ta reda p\u00e5 vart du kan ta ett hivtest i G\u00f6teborg & V\u00e4stra G\u00f6taland. L\u00e4s mer h\u00e4r p\u00e5 Noaksark.org\",\"breadcrumb\":{\"@id\":\"https:\\\/\\\/noaksark.org\\\/gvg\\\/hivtesta-dig\\\/#breadcrumb\"},\"inLanguage\":\"sv-SE\",\"potentialAction\":[{\"@type\":\"ReadAction\",\"target\":[\"https:\\\/\\\/noaksark.org\\\/gvg\\\/hivtesta-dig\\\/\"]}]},{\"@type\":\"ImageObject\",\"inLanguage\":\"sv-SE\",\"@id\":\"https:\\\/\\\/noaksark.org\\\/gvg\\\/hivtesta-dig\\\/#primaryimage\",\"url\":\"https:\\\/\\\/noaksark.org\\\/gvg\\\/wp-content\\\/uploads\\\/sites\\\/7\\\/2025\\\/11\\\/noaks-ark-hivtesta-dig-hero.jpg\",\"contentUrl\":\"https:\\\/\\\/noaksark.org\\\/gvg\\\/wp-content\\\/uploads\\\/sites\\\/7\\\/2025\\\/11\\\/noaks-ark-hivtesta-dig-hero.jpg\",\"width\":2500,\"height\":1667,\"caption\":\"Noaks Ark G\u00f6teborg & V\u00e4stra G\u00f6taland - Hivtesta dig - Hero\"},{\"@type\":\"BreadcrumbList\",\"@id\":\"https:\\\/\\\/noaksark.org\\\/gvg\\\/hivtesta-dig\\\/#breadcrumb\",\"itemListElement\":[{\"@type\":\"ListItem\",\"position\":1,\"name\":\"Home\",\"item\":\"https:\\\/\\\/noaksark.org\\\/gvg\\\/\"},{\"@type\":\"ListItem\",\"position\":2,\"name\":\"Hivtesta dig\"}]},{\"@type\":\"WebSite\",\"@id\":\"https:\\\/\\\/noaksark.org\\\/gvg\\\/#website\",\"url\":\"https:\\\/\\\/noaksark.org\\\/gvg\\\/\",\"name\":\"Noaks Ark G\u00f6teborg &amp; V\u00e4stra G\u00f6taland\",\"description\":\"\",\"potentialAction\":[{\"@type\":\"SearchAction\",\"target\":{\"@type\":\"EntryPoint\",\"urlTemplate\":\"https:\\\/\\\/noaksark.org\\\/gvg\\\/?s={search_term_string}\"},\"query-input\":{\"@type\":\"PropertyValueSpecification\",\"valueRequired\":true,\"valueName\":\"search_term_string\"}}],\"inLanguage\":\"sv-SE\"}]}<\/script>\n<!-- \/ Yoast SEO Premium plugin. -->","yoast_head_json":{"title":"Hivtesta dig - Noaks Ark G\u00f6teborg &amp; V\u00e4stra G\u00f6taland","description":"P\u00e5 den h\u00e4r sidan kan du ta reda p\u00e5 vart du kan ta ett hivtest i G\u00f6teborg & V\u00e4stra G\u00f6taland. L\u00e4s mer h\u00e4r p\u00e5 Noaksark.org","robots":{"index":"index","follow":"follow","max-snippet":"max-snippet:-1","max-image-preview":"max-image-preview:large","max-video-preview":"max-video-preview:-1"},"canonical":"https:\/\/noaksark.org\/gvg\/hivtesta-dig\/","og_locale":"sv_SE","og_type":"article","og_title":"Hivtesta dig","og_description":"P\u00e5 den h\u00e4r sidan kan du ta reda p\u00e5 vart du kan ta ett hivtest i G\u00f6teborg & V\u00e4stra G\u00f6taland. L\u00e4s mer h\u00e4r p\u00e5 Noaksark.org","og_url":"https:\/\/noaksark.org\/gvg\/hivtesta-dig\/","og_site_name":"Noaks Ark G\u00f6teborg &amp; V\u00e4stra G\u00f6taland","article_modified_time":"2026-04-09T11:44:27+00:00","og_image":[{"width":2500,"height":1667,"url":"https:\/\/noaksark.org\/gvg\/wp-content\/uploads\/sites\/7\/2025\/11\/noaks-ark-hivtesta-dig-hero.jpg","type":"image\/jpeg"}],"twitter_card":"summary_large_image","twitter_misc":{"Ber\u00e4knad l\u00e4stid":"5 minuter"},"schema":{"@context":"https:\/\/schema.org","@graph":[{"@type":"WebPage","@id":"https:\/\/noaksark.org\/gvg\/hivtesta-dig\/","url":"https:\/\/noaksark.org\/gvg\/hivtesta-dig\/","name":"Hivtesta dig - Noaks Ark G\u00f6teborg &amp; V\u00e4stra G\u00f6taland","isPartOf":{"@id":"https:\/\/noaksark.org\/gvg\/#website"},"primaryImageOfPage":{"@id":"https:\/\/noaksark.org\/gvg\/hivtesta-dig\/#primaryimage"},"image":{"@id":"https:\/\/noaksark.org\/gvg\/hivtesta-dig\/#primaryimage"},"thumbnailUrl":"https:\/\/noaksark.org\/gvg\/wp-content\/uploads\/sites\/7\/2025\/11\/noaks-ark-hivtesta-dig-hero.jpg","datePublished":"2025-11-05T14:17:08+00:00","dateModified":"2026-04-09T11:44:27+00:00","description":"P\u00e5 den h\u00e4r sidan kan du ta reda p\u00e5 vart du kan ta ett hivtest i G\u00f6teborg & V\u00e4stra G\u00f6taland. L\u00e4s mer h\u00e4r p\u00e5 Noaksark.org","breadcrumb":{"@id":"https:\/\/noaksark.org\/gvg\/hivtesta-dig\/#breadcrumb"},"inLanguage":"sv-SE","potentialAction":[{"@type":"ReadAction","target":["https:\/\/noaksark.org\/gvg\/hivtesta-dig\/"]}]},{"@type":"ImageObject","inLanguage":"sv-SE","@id":"https:\/\/noaksark.org\/gvg\/hivtesta-dig\/#primaryimage","url":"https:\/\/noaksark.org\/gvg\/wp-content\/uploads\/sites\/7\/2025\/11\/noaks-ark-hivtesta-dig-hero.jpg","contentUrl":"https:\/\/noaksark.org\/gvg\/wp-content\/uploads\/sites\/7\/2025\/11\/noaks-ark-hivtesta-dig-hero.jpg","width":2500,"height":1667,"caption":"Noaks Ark G\u00f6teborg & V\u00e4stra G\u00f6taland - Hivtesta dig - Hero"},{"@type":"BreadcrumbList","@id":"https:\/\/noaksark.org\/gvg\/hivtesta-dig\/#breadcrumb","itemListElement":[{"@type":"ListItem","position":1,"name":"Home","item":"https:\/\/noaksark.org\/gvg\/"},{"@type":"ListItem","position":2,"name":"Hivtesta dig"}]},{"@type":"WebSite","@id":"https:\/\/noaksark.org\/gvg\/#website","url":"https:\/\/noaksark.org\/gvg\/","name":"Noaks Ark G\u00f6teborg &amp; V\u00e4stra G\u00f6taland","description":"","potentialAction":[{"@type":"SearchAction","target":{"@type":"EntryPoint","urlTemplate":"https:\/\/noaksark.org\/gvg\/?s={search_term_string}"},"query-input":{"@type":"PropertyValueSpecification","valueRequired":true,"valueName":"search_term_string"}}],"inLanguage":"sv-SE"}]}},"_links":{"self":[{"href":"https:\/\/noaksark.org\/gvg\/wp-json\/wp\/v2\/pages\/3083","targetHints":{"allow":["GET"]}}],"collection":[{"href":"https:\/\/noaksark.org\/gvg\/wp-json\/wp\/v2\/pages"}],"about":[{"href":"https:\/\/noaksark.org\/gvg\/wp-json\/wp\/v2\/types\/page"}],"author":[{"embeddable":true,"href":"https:\/\/noaksark.org\/gvg\/wp-json\/wp\/v2\/users\/27"}],"replies":[{"embeddable":true,"href":"https:\/\/noaksark.org\/gvg\/wp-json\/wp\/v2\/comments?post=3083"}],"version-history":[{"count":8,"href":"https:\/\/noaksark.org\/gvg\/wp-json\/wp\/v2\/pages\/3083\/revisions"}],"predecessor-version":[{"id":3337,"href":"https:\/\/noaksark.org\/gvg\/wp-json\/wp\/v2\/pages\/3083\/revisions\/3337"}],"wp:featuredmedia":[{"embeddable":true,"href":"https:\/\/noaksark.org\/gvg\/wp-json\/wp\/v2\/media\/3086"}],"wp:attachment":[{"href":"https:\/\/noaksark.org\/gvg\/wp-json\/wp\/v2\/media?parent=3083"}],"curies":[{"name":"wp","href":"https:\/\/api.w.org\/{rel}","templated":true}]}}