{"id":3311,"date":"2026-03-27T14:28:48","date_gmt":"2026-03-27T13:28:48","guid":{"rendered":"https:\/\/noaksark.org\/gvg\/?post_type=calendar&#038;p=3311"},"modified":"2026-03-27T15:24:20","modified_gmt":"2026-03-27T14:24:20","slug":"frihamsndagarna-27-28-augusti","status":"publish","type":"calendar","link":"https:\/\/noaksark.org\/gvg\/kalender\/frihamsndagarna-27-28-augusti\/","title":{"rendered":"Frihamnsdagarna 27-28 augusti"},"content":{"rendered":"\n<p class=\"has-large-font-size\"><strong>Vi finns p\u00e5 plats under Frihamnsdagarna p\u00e5 Bananpiren i G\u00f6teborg. <\/strong><\/p>\n\n\n\n<p>Frihamnsdagarna \u00e4r en \u00f6ppen demokratisk m\u00f6tesplats d\u00e4r m\u00e4nniskor och organisationer samlas f\u00f6r samtal om aktuella samh\u00e4llsfr\u00e5gor. <\/p>\n\n\n\n<div style=\"height:100px\" aria-hidden=\"true\" class=\"wp-block-spacer\"><\/div>\n\n\n\n<p><strong>Kom och tr\u00e4ffa oss f\u00f6r quiz, aktiviteter, m\u00f6jlighet att vinna priser och samtal om sexuell h\u00e4lsa, r\u00e4ttigheter och hur det \u00e4r att leva med hiv.<\/strong>  <\/p>\n\n\n\n<div style=\"height:25px\" aria-hidden=\"true\" class=\"wp-block-spacer\"><\/div>\n\n\n\n<p class=\"has-medium-font-size\"><em>Vi s\u00f6ker ocks\u00e5 volont\u00e4rer till dagarna. Vill du vara med som volont\u00e4r? Maila oss p\u00e5 <a href=\"mailto:info.goteborg@noaksark.org\">info.goteborg@noaksark.org<\/a>.<\/em><\/p>\n","protected":false},"excerpt":{"rendered":"<p>Vi finns p\u00e5 plats under Frihamnsdagarna p\u00e5 Bananpiren i G\u00f6teborg. Frihamnsdagarna \u00e4r en \u00f6ppen demokratisk m\u00f6tesplats d\u00e4r m\u00e4nniskor och organisationer samlas f\u00f6r samtal om aktuella samh\u00e4llsfr\u00e5gor. Kom och tr\u00e4ffa oss f\u00f6r quiz, aktiviteter, m\u00f6jlighet att&#8230;<\/p>\n","protected":false},"featured_media":3312,"template":"","calendar-category":[],"target-group":[],"calendar_tag":[],"class_list":["post-3311","calendar","type-calendar","status-publish","has-post-thumbnail","hentry"],"acf":[],"yoast_head":"<!-- This site is optimized with the Yoast SEO Premium plugin v27.4 (Yoast SEO v27.5) - https:\/\/yoast.com\/product\/yoast-seo-premium-wordpress\/ -->\n<title>Frihamnsdagarna 27-28 augusti - Noaks Ark G\u00f6teborg &amp; V\u00e4stra G\u00f6taland<\/title>\n<meta name=\"robots\" content=\"index, follow, max-snippet:-1, max-image-preview:large, max-video-preview:-1\" \/>\n<link rel=\"canonical\" href=\"https:\/\/noaksark.org\/gvg\/kalender\/frihamsndagarna-27-28-augusti\/\" \/>\n<meta property=\"og:locale\" content=\"sv_SE\" \/>\n<meta property=\"og:type\" content=\"article\" \/>\n<meta property=\"og:title\" content=\"Frihamnsdagarna 27-28 augusti\" \/>\n<meta property=\"og:description\" content=\"Vi finns p\u00e5 plats under Frihamnsdagarna p\u00e5 Bananpiren i G\u00f6teborg. Frihamnsdagarna \u00e4r en \u00f6ppen demokratisk m\u00f6tesplats d\u00e4r m\u00e4nniskor och organisationer samlas f\u00f6r samtal om aktuella samh\u00e4llsfr\u00e5gor. Kom och tr\u00e4ffa oss f\u00f6r quiz, aktiviteter, m\u00f6jlighet att...\" \/>\n<meta property=\"og:url\" content=\"https:\/\/noaksark.org\/gvg\/kalender\/frihamsndagarna-27-28-augusti\/\" \/>\n<meta property=\"og:site_name\" content=\"Noaks Ark G\u00f6teborg &amp; V\u00e4stra G\u00f6taland\" \/>\n<meta property=\"article:modified_time\" content=\"2026-03-27T14:24:20+00:00\" \/>\n<meta property=\"og:image\" content=\"https:\/\/noaksark.org\/gvg\/wp-content\/uploads\/sites\/7\/2026\/03\/2026-Frihamnsdagarna.png\" \/>\n\t<meta property=\"og:image:width\" content=\"1080\" \/>\n\t<meta property=\"og:image:height\" content=\"1350\" \/>\n\t<meta property=\"og:image:type\" content=\"image\/png\" \/>\n<meta name=\"twitter:card\" content=\"summary_large_image\" \/>\n<meta name=\"twitter:label1\" content=\"Ber\u00e4knad l\u00e4stid\" \/>\n\t<meta name=\"twitter:data1\" content=\"1 minut\" \/>\n<script type=\"application\/ld+json\" class=\"yoast-schema-graph\">{\"@context\":\"https:\\\/\\\/schema.org\",\"@graph\":[{\"@type\":\"WebPage\",\"@id\":\"https:\\\/\\\/noaksark.org\\\/gvg\\\/kalender\\\/frihamsndagarna-27-28-augusti\\\/\",\"url\":\"https:\\\/\\\/noaksark.org\\\/gvg\\\/kalender\\\/frihamsndagarna-27-28-augusti\\\/\",\"name\":\"Frihamnsdagarna 27-28 augusti - Noaks Ark G\u00f6teborg &amp; V\u00e4stra G\u00f6taland\",\"isPartOf\":{\"@id\":\"https:\\\/\\\/noaksark.org\\\/gvg\\\/#website\"},\"primaryImageOfPage\":{\"@id\":\"https:\\\/\\\/noaksark.org\\\/gvg\\\/kalender\\\/frihamsndagarna-27-28-augusti\\\/#primaryimage\"},\"image\":{\"@id\":\"https:\\\/\\\/noaksark.org\\\/gvg\\\/kalender\\\/frihamsndagarna-27-28-augusti\\\/#primaryimage\"},\"thumbnailUrl\":\"https:\\\/\\\/noaksark.org\\\/gvg\\\/wp-content\\\/uploads\\\/sites\\\/7\\\/2026\\\/03\\\/2026-Frihamnsdagarna.png\",\"datePublished\":\"2026-03-27T13:28:48+00:00\",\"dateModified\":\"2026-03-27T14:24:20+00:00\",\"breadcrumb\":{\"@id\":\"https:\\\/\\\/noaksark.org\\\/gvg\\\/kalender\\\/frihamsndagarna-27-28-augusti\\\/#breadcrumb\"},\"inLanguage\":\"sv-SE\",\"potentialAction\":[{\"@type\":\"ReadAction\",\"target\":[\"https:\\\/\\\/noaksark.org\\\/gvg\\\/kalender\\\/frihamsndagarna-27-28-augusti\\\/\"]}]},{\"@type\":\"ImageObject\",\"inLanguage\":\"sv-SE\",\"@id\":\"https:\\\/\\\/noaksark.org\\\/gvg\\\/kalender\\\/frihamsndagarna-27-28-augusti\\\/#primaryimage\",\"url\":\"https:\\\/\\\/noaksark.org\\\/gvg\\\/wp-content\\\/uploads\\\/sites\\\/7\\\/2026\\\/03\\\/2026-Frihamnsdagarna.png\",\"contentUrl\":\"https:\\\/\\\/noaksark.org\\\/gvg\\\/wp-content\\\/uploads\\\/sites\\\/7\\\/2026\\\/03\\\/2026-Frihamnsdagarna.png\",\"width\":1080,\"height\":1350},{\"@type\":\"BreadcrumbList\",\"@id\":\"https:\\\/\\\/noaksark.org\\\/gvg\\\/kalender\\\/frihamsndagarna-27-28-augusti\\\/#breadcrumb\",\"itemListElement\":[{\"@type\":\"ListItem\",\"position\":1,\"name\":\"Home\",\"item\":\"https:\\\/\\\/noaksark.org\\\/gvg\\\/\"},{\"@type\":\"ListItem\",\"position\":2,\"name\":\"Frihamnsdagarna 27-28 augusti\"}]},{\"@type\":\"WebSite\",\"@id\":\"https:\\\/\\\/noaksark.org\\\/gvg\\\/#website\",\"url\":\"https:\\\/\\\/noaksark.org\\\/gvg\\\/\",\"name\":\"Noaks Ark G\u00f6teborg &amp; V\u00e4stra G\u00f6taland\",\"description\":\"\",\"potentialAction\":[{\"@type\":\"SearchAction\",\"target\":{\"@type\":\"EntryPoint\",\"urlTemplate\":\"https:\\\/\\\/noaksark.org\\\/gvg\\\/?s={search_term_string}\"},\"query-input\":{\"@type\":\"PropertyValueSpecification\",\"valueRequired\":true,\"valueName\":\"search_term_string\"}}],\"inLanguage\":\"sv-SE\"}]}<\/script>\n<!-- \/ Yoast SEO Premium plugin. -->","yoast_head_json":{"title":"Frihamnsdagarna 27-28 augusti - Noaks Ark G\u00f6teborg &amp; V\u00e4stra G\u00f6taland","robots":{"index":"index","follow":"follow","max-snippet":"max-snippet:-1","max-image-preview":"max-image-preview:large","max-video-preview":"max-video-preview:-1"},"canonical":"https:\/\/noaksark.org\/gvg\/kalender\/frihamsndagarna-27-28-augusti\/","og_locale":"sv_SE","og_type":"article","og_title":"Frihamnsdagarna 27-28 augusti","og_description":"Vi finns p\u00e5 plats under Frihamnsdagarna p\u00e5 Bananpiren i G\u00f6teborg. Frihamnsdagarna \u00e4r en \u00f6ppen demokratisk m\u00f6tesplats d\u00e4r m\u00e4nniskor och organisationer samlas f\u00f6r samtal om aktuella samh\u00e4llsfr\u00e5gor. Kom och tr\u00e4ffa oss f\u00f6r quiz, aktiviteter, m\u00f6jlighet att...","og_url":"https:\/\/noaksark.org\/gvg\/kalender\/frihamsndagarna-27-28-augusti\/","og_site_name":"Noaks Ark G\u00f6teborg &amp; V\u00e4stra G\u00f6taland","article_modified_time":"2026-03-27T14:24:20+00:00","og_image":[{"width":1080,"height":1350,"url":"https:\/\/noaksark.org\/gvg\/wp-content\/uploads\/sites\/7\/2026\/03\/2026-Frihamnsdagarna.png","type":"image\/png"}],"twitter_card":"summary_large_image","twitter_misc":{"Ber\u00e4knad l\u00e4stid":"1 minut"},"schema":{"@context":"https:\/\/schema.org","@graph":[{"@type":"WebPage","@id":"https:\/\/noaksark.org\/gvg\/kalender\/frihamsndagarna-27-28-augusti\/","url":"https:\/\/noaksark.org\/gvg\/kalender\/frihamsndagarna-27-28-augusti\/","name":"Frihamnsdagarna 27-28 augusti - Noaks Ark G\u00f6teborg &amp; V\u00e4stra G\u00f6taland","isPartOf":{"@id":"https:\/\/noaksark.org\/gvg\/#website"},"primaryImageOfPage":{"@id":"https:\/\/noaksark.org\/gvg\/kalender\/frihamsndagarna-27-28-augusti\/#primaryimage"},"image":{"@id":"https:\/\/noaksark.org\/gvg\/kalender\/frihamsndagarna-27-28-augusti\/#primaryimage"},"thumbnailUrl":"https:\/\/noaksark.org\/gvg\/wp-content\/uploads\/sites\/7\/2026\/03\/2026-Frihamnsdagarna.png","datePublished":"2026-03-27T13:28:48+00:00","dateModified":"2026-03-27T14:24:20+00:00","breadcrumb":{"@id":"https:\/\/noaksark.org\/gvg\/kalender\/frihamsndagarna-27-28-augusti\/#breadcrumb"},"inLanguage":"sv-SE","potentialAction":[{"@type":"ReadAction","target":["https:\/\/noaksark.org\/gvg\/kalender\/frihamsndagarna-27-28-augusti\/"]}]},{"@type":"ImageObject","inLanguage":"sv-SE","@id":"https:\/\/noaksark.org\/gvg\/kalender\/frihamsndagarna-27-28-augusti\/#primaryimage","url":"https:\/\/noaksark.org\/gvg\/wp-content\/uploads\/sites\/7\/2026\/03\/2026-Frihamnsdagarna.png","contentUrl":"https:\/\/noaksark.org\/gvg\/wp-content\/uploads\/sites\/7\/2026\/03\/2026-Frihamnsdagarna.png","width":1080,"height":1350},{"@type":"BreadcrumbList","@id":"https:\/\/noaksark.org\/gvg\/kalender\/frihamsndagarna-27-28-augusti\/#breadcrumb","itemListElement":[{"@type":"ListItem","position":1,"name":"Home","item":"https:\/\/noaksark.org\/gvg\/"},{"@type":"ListItem","position":2,"name":"Frihamnsdagarna 27-28 augusti"}]},{"@type":"WebSite","@id":"https:\/\/noaksark.org\/gvg\/#website","url":"https:\/\/noaksark.org\/gvg\/","name":"Noaks Ark G\u00f6teborg &amp; V\u00e4stra G\u00f6taland","description":"","potentialAction":[{"@type":"SearchAction","target":{"@type":"EntryPoint","urlTemplate":"https:\/\/noaksark.org\/gvg\/?s={search_term_string}"},"query-input":{"@type":"PropertyValueSpecification","valueRequired":true,"valueName":"search_term_string"}}],"inLanguage":"sv-SE"}]}},"_links":{"self":[{"href":"https:\/\/noaksark.org\/gvg\/wp-json\/wp\/v2\/calendar\/3311","targetHints":{"allow":["GET"]}}],"collection":[{"href":"https:\/\/noaksark.org\/gvg\/wp-json\/wp\/v2\/calendar"}],"about":[{"href":"https:\/\/noaksark.org\/gvg\/wp-json\/wp\/v2\/types\/calendar"}],"wp:featuredmedia":[{"embeddable":true,"href":"https:\/\/noaksark.org\/gvg\/wp-json\/wp\/v2\/media\/3312"}],"wp:attachment":[{"href":"https:\/\/noaksark.org\/gvg\/wp-json\/wp\/v2\/media?parent=3311"}],"wp:term":[{"taxonomy":"calendar-category","embeddable":true,"href":"https:\/\/noaksark.org\/gvg\/wp-json\/wp\/v2\/calendar-category?post=3311"},{"taxonomy":"target-group","embeddable":true,"href":"https:\/\/noaksark.org\/gvg\/wp-json\/wp\/v2\/target-group?post=3311"},{"taxonomy":"calendar_tag","embeddable":true,"href":"https:\/\/noaksark.org\/gvg\/wp-json\/wp\/v2\/calendar_tag?post=3311"}],"curies":[{"name":"wp","href":"https:\/\/api.w.org\/{rel}","templated":true}]}}

<p class="has-large-font-size"><strong>Vi finns på plats under Frihamnsdagarna på Bananpiren i Göteborg. </strong></p>



<p>Frihamnsdagarna är en öppen demokratisk mötesplats där människor och organisationer samlas för samtal om aktuella samhällsfrågor. </p>



<div style="height:100px" aria-hidden="true" class="wp-block-spacer"></div>



<p><strong>Kom och träffa oss för quiz, aktiviteter, möjlighet att vinna priser och samtal om sexuell hälsa, rättigheter och hur det är att leva med hiv.</strong>  </p>



<div style="height:25px" aria-hidden="true" class="wp-block-spacer"></div>



<p class="has-medium-font-size"><em>Vi söker också volontärer till dagarna. Vill du vara med som volontär? Maila oss på <a href="mailto:info.goteborg@noaksark.org">info.goteborg@noaksark.org</a>.</em></p>

<p>Vi finns på plats under Frihamnsdagarna på Bananpiren i Göteborg. Frihamnsdagarna är en öppen demokratisk mötesplats där människor och organisationer samlas för samtal om aktuella samhällsfrågor. Kom och träffa oss för quiz, aktiviteter, möjlighet att&#8230;</p>

<!-- This site is optimized with the Yoast SEO Premium plugin v27.4 (Yoast SEO v27.5) - https://yoast.com/product/yoast-seo-premium-wordpress/ -->
<title>Frihamnsdagarna 27-28 augusti - Noaks Ark Göteborg &amp; Västra Götaland</title>
<meta name="robots" content="index, follow, max-snippet:-1, max-image-preview:large, max-video-preview:-1" />
<link rel="canonical" href="https://noaksark.org/gvg/kalender/frihamsndagarna-27-28-augusti/" />
<meta property="og:locale" content="sv_SE" />
<meta property="og:type" content="article" />
<meta property="og:title" content="Frihamnsdagarna 27-28 augusti" />
<meta property="og:description" content="Vi finns på plats under Frihamnsdagarna på Bananpiren i Göteborg. Frihamnsdagarna är en öppen demokratisk mötesplats där människor och organisationer samlas för samtal om aktuella samhällsfrågor. Kom och träffa oss för quiz, aktiviteter, möjlighet att..." />
<meta property="og:url" content="https://noaksark.org/gvg/kalender/frihamsndagarna-27-28-augusti/" />
<meta property="og:site_name" content="Noaks Ark Göteborg &amp; Västra Götaland" />
<meta property="article:modified_time" content="2026-03-27T14:24:20+00:00" />
<meta property="og:image" content="https://noaksark.org/gvg/wp-content/uploads/sites/7/2026/03/2026-Frihamnsdagarna.png" />
	<meta property="og:image:width" content="1080" />
	<meta property="og:image:height" content="1350" />
	<meta property="og:image:type" content="image/png" />
<meta name="twitter:card" content="summary_large_image" />
<meta name="twitter:label1" content="Beräknad lästid" />
	<meta name="twitter:data1" content="1 minut" />
<script type="application/ld+json" class="yoast-schema-graph">{"@context":"https:\/\/schema.org","@graph":[{"@type":"WebPage","@id":"https:\/\/noaksark.org\/gvg\/kalender\/frihamsndagarna-27-28-augusti\/","url":"https:\/\/noaksark.org\/gvg\/kalender\/frihamsndagarna-27-28-augusti\/","name":"Frihamnsdagarna 27-28 augusti - Noaks Ark Göteborg &amp; Västra Götaland","isPartOf":{"@id":"https:\/\/noaksark.org\/gvg\/#website"},"primaryImageOfPage":{"@id":"https:\/\/noaksark.org\/gvg\/kalender\/frihamsndagarna-27-28-augusti\/#primaryimage"},"image":{"@id":"https:\/\/noaksark.org\/gvg\/kalender\/frihamsndagarna-27-28-augusti\/#primaryimage"},"thumbnailUrl":"https:\/\/noaksark.org\/gvg\/wp-content\/uploads\/sites\/7\/2026\/03\/2026-Frihamnsdagarna.png","datePublished":"2026-03-27T13:28:48+00:00","dateModified":"2026-03-27T14:24:20+00:00","breadcrumb":{"@id":"https:\/\/noaksark.org\/gvg\/kalender\/frihamsndagarna-27-28-augusti\/#breadcrumb"},"inLanguage":"sv-SE","potentialAction":[{"@type":"ReadAction","target":["https:\/\/noaksark.org\/gvg\/kalender\/frihamsndagarna-27-28-augusti\/"]}]},{"@type":"ImageObject","inLanguage":"sv-SE","@id":"https:\/\/noaksark.org\/gvg\/kalender\/frihamsndagarna-27-28-augusti\/#primaryimage","url":"https:\/\/noaksark.org\/gvg\/wp-content\/uploads\/sites\/7\/2026\/03\/2026-Frihamnsdagarna.png","contentUrl":"https:\/\/noaksark.org\/gvg\/wp-content\/uploads\/sites\/7\/2026\/03\/2026-Frihamnsdagarna.png","width":1080,"height":1350},{"@type":"BreadcrumbList","@id":"https:\/\/noaksark.org\/gvg\/kalender\/frihamsndagarna-27-28-augusti\/#breadcrumb","itemListElement":[{"@type":"ListItem","position":1,"name":"Home","item":"https:\/\/noaksark.org\/gvg\/"},{"@type":"ListItem","position":2,"name":"Frihamnsdagarna 27-28 augusti"}]},{"@type":"WebSite","@id":"https:\/\/noaksark.org\/gvg\/#website","url":"https:\/\/noaksark.org\/gvg\/","name":"Noaks Ark Göteborg &amp; Västra Götaland","description":"","potentialAction":[{"@type":"SearchAction","target":{"@type":"EntryPoint","urlTemplate":"https:\/\/noaksark.org\/gvg\/?s={search_term_string}"},"query-input":{"@type":"PropertyValueSpecification","valueRequired":true,"valueName":"search_term_string"}}],"inLanguage":"sv-SE"}]}</script>
<!-- / Yoast SEO Premium plugin. -->

Frihamnsdagarna 27-28 augusti - Noaks Ark Göteborg &amp; Västra Götaland

Vi finns på plats under Frihamnsdagarna på Bananpiren i Göteborg. Frihamnsdagarna är en öppen demokratisk mötesplats där människor och organisationer samlas för samtal om aktuella samhällsfrågor. Kom och träffa oss för quiz, aktiviteter, möjlighet att...

Noaks Ark Göteborg &amp; Västra Götaland
