{"id":3299,"date":"2026-03-27T11:49:22","date_gmt":"2026-03-27T10:49:22","guid":{"rendered":"https:\/\/noaksark.org\/gvg\/?post_type=calendar&#038;p=3299"},"modified":"2026-04-02T15:00:36","modified_gmt":"2026-04-02T13:00:36","slug":"social-traff","status":"publish","type":"calendar","link":"https:\/\/noaksark.org\/gvg\/kalender\/social-traff\/","title":{"rendered":"Social tr\u00e4ff; Yoga &amp; fika"},"content":{"rendered":"\n<p>V\u00e4lkommen p\u00e5 en social tr\u00e4ff med yoga och fika f\u00f6r dig som lever med hiv.<\/p>\n\n\n\n<p>Vi ses <strong>tisdag 28 april<\/strong> p\u00e5 <strong>Nordic Wellness, Odinsgatan 6 i G\u00f6teborg<\/strong>. Du \u00e4r v\u00e4lkommen fr\u00e5n <strong>kl. 18.00<\/strong> om du vill ha tid att byta om innan passet. <strong>Yogapasset b\u00f6rjar kl. 18.30<\/strong>.<\/p>\n\n\n\n<p>Efter yogan finns det m\u00f6jlighet f\u00f6r den som vill att f\u00f6lja med och ta en fika tillsammans. Det \u00e4r helt frivilligt, men ett fint tillf\u00e4lle till fortsatt samtal och gemenskap.<\/p>\n\n\n\n<p>Tr\u00e4ffen riktar sig fr\u00e4mst till dig som lever med hiv och syftar till att skapa gemenskap, social samvaro och en trygg plats att m\u00f6tas p\u00e5.<\/p>\n\n\n\n<div style=\"height:50px\" aria-hidden=\"true\" class=\"wp-block-spacer\"><\/div>\n\n\n\n<p class=\"has-medium-font-size\">F\u00f6r mer information eller om du vill anm\u00e4la dig \u00e4r du v\u00e4lkommen att kontakta v\u00e5r socionom Eliza p\u00e5 <a href=\"mailto:eliza.ohberg@noaksark.org\">eliza.ohberg@noaksark.org<\/a>.<\/p>\n\n\n\n<div style=\"height:25px\" aria-hidden=\"true\" class=\"wp-block-spacer\"><\/div>\n\n\n\n<p><strong>Sociala tr\u00e4ffar f\u00f6r dig som lever med hiv med fokus p\u00e5 gemenskap, samtal och social samvaro i en trygg milj\u00f6.<\/strong> Ibland g\u00e5r det bra att ta med en n\u00e4rst\u00e5ende, men h\u00f6r g\u00e4rna av dig i f\u00f6rv\u00e4g eftersom vissa tr\u00e4ffar \u00e4r separatistiska. Syftet med v\u00e5ra sociala tr\u00e4ffar \u00e4r att skapa gemenskap, erbjuda social samvaro och ge m\u00f6jlighet att tr\u00e4ffa andra i en trygg och v\u00e4lkomnande milj\u00f6.<\/p>\n\n\n\n<p class=\"has-medium-font-size\"><\/p>\n\n\n\n<p class=\"has-large-font-size\"><\/p>\n\n\n\n<p><\/p>\n","protected":false},"excerpt":{"rendered":"<p>V\u00e4lkommen p\u00e5 en social tr\u00e4ff med yoga och fika f\u00f6r dig som lever med hiv. Vi ses tisdag 28 april p\u00e5 Nordic Wellness, Odinsgatan 6 i G\u00f6teborg. Du \u00e4r v\u00e4lkommen fr\u00e5n kl. 18.00 om du&#8230;<\/p>\n","protected":false},"featured_media":3323,"template":"","calendar-category":[],"target-group":[],"calendar_tag":[],"class_list":["post-3299","calendar","type-calendar","status-publish","has-post-thumbnail","hentry"],"acf":[],"yoast_head":"<!-- This site is optimized with the Yoast SEO Premium plugin v27.4 (Yoast SEO v27.5) - https:\/\/yoast.com\/product\/yoast-seo-premium-wordpress\/ -->\n<title>Social tr\u00e4ff; Yoga &amp; fika - Noaks Ark G\u00f6teborg &amp; V\u00e4stra G\u00f6taland<\/title>\n<meta name=\"robots\" content=\"index, follow, max-snippet:-1, max-image-preview:large, max-video-preview:-1\" \/>\n<link rel=\"canonical\" href=\"https:\/\/noaksark.org\/gvg\/kalender\/social-traff\/\" \/>\n<meta property=\"og:locale\" content=\"sv_SE\" \/>\n<meta property=\"og:type\" content=\"article\" \/>\n<meta property=\"og:title\" content=\"Social tr\u00e4ff; Yoga &amp; fika\" \/>\n<meta property=\"og:description\" content=\"V\u00e4lkommen p\u00e5 en social tr\u00e4ff med yoga och fika f\u00f6r dig som lever med hiv. Vi ses tisdag 28 april p\u00e5 Nordic Wellness, Odinsgatan 6 i G\u00f6teborg. Du \u00e4r v\u00e4lkommen fr\u00e5n kl. 18.00 om du...\" \/>\n<meta property=\"og:url\" content=\"https:\/\/noaksark.org\/gvg\/kalender\/social-traff\/\" \/>\n<meta property=\"og:site_name\" content=\"Noaks Ark G\u00f6teborg &amp; V\u00e4stra G\u00f6taland\" \/>\n<meta property=\"article:modified_time\" content=\"2026-04-02T13:00:36+00:00\" \/>\n<meta property=\"og:image\" content=\"https:\/\/noaksark.org\/gvg\/wp-content\/uploads\/sites\/7\/2026\/03\/yoga-festival-napoli.png\" \/>\n\t<meta property=\"og:image:width\" content=\"875\" \/>\n\t<meta property=\"og:image:height\" content=\"600\" \/>\n\t<meta property=\"og:image:type\" content=\"image\/png\" \/>\n<meta name=\"twitter:card\" content=\"summary_large_image\" \/>\n<meta name=\"twitter:label1\" content=\"Ber\u00e4knad l\u00e4stid\" \/>\n\t<meta name=\"twitter:data1\" content=\"2 minuter\" \/>\n<script type=\"application\/ld+json\" class=\"yoast-schema-graph\">{\"@context\":\"https:\\\/\\\/schema.org\",\"@graph\":[{\"@type\":\"WebPage\",\"@id\":\"https:\\\/\\\/noaksark.org\\\/gvg\\\/kalender\\\/social-traff\\\/\",\"url\":\"https:\\\/\\\/noaksark.org\\\/gvg\\\/kalender\\\/social-traff\\\/\",\"name\":\"Social tr\u00e4ff; Yoga &amp; fika - Noaks Ark G\u00f6teborg &amp; V\u00e4stra G\u00f6taland\",\"isPartOf\":{\"@id\":\"https:\\\/\\\/noaksark.org\\\/gvg\\\/#website\"},\"primaryImageOfPage\":{\"@id\":\"https:\\\/\\\/noaksark.org\\\/gvg\\\/kalender\\\/social-traff\\\/#primaryimage\"},\"image\":{\"@id\":\"https:\\\/\\\/noaksark.org\\\/gvg\\\/kalender\\\/social-traff\\\/#primaryimage\"},\"thumbnailUrl\":\"https:\\\/\\\/noaksark.org\\\/gvg\\\/wp-content\\\/uploads\\\/sites\\\/7\\\/2026\\\/03\\\/yoga-festival-napoli.png\",\"datePublished\":\"2026-03-27T10:49:22+00:00\",\"dateModified\":\"2026-04-02T13:00:36+00:00\",\"breadcrumb\":{\"@id\":\"https:\\\/\\\/noaksark.org\\\/gvg\\\/kalender\\\/social-traff\\\/#breadcrumb\"},\"inLanguage\":\"sv-SE\",\"potentialAction\":[{\"@type\":\"ReadAction\",\"target\":[\"https:\\\/\\\/noaksark.org\\\/gvg\\\/kalender\\\/social-traff\\\/\"]}]},{\"@type\":\"ImageObject\",\"inLanguage\":\"sv-SE\",\"@id\":\"https:\\\/\\\/noaksark.org\\\/gvg\\\/kalender\\\/social-traff\\\/#primaryimage\",\"url\":\"https:\\\/\\\/noaksark.org\\\/gvg\\\/wp-content\\\/uploads\\\/sites\\\/7\\\/2026\\\/03\\\/yoga-festival-napoli.png\",\"contentUrl\":\"https:\\\/\\\/noaksark.org\\\/gvg\\\/wp-content\\\/uploads\\\/sites\\\/7\\\/2026\\\/03\\\/yoga-festival-napoli.png\",\"width\":875,\"height\":600},{\"@type\":\"BreadcrumbList\",\"@id\":\"https:\\\/\\\/noaksark.org\\\/gvg\\\/kalender\\\/social-traff\\\/#breadcrumb\",\"itemListElement\":[{\"@type\":\"ListItem\",\"position\":1,\"name\":\"Home\",\"item\":\"https:\\\/\\\/noaksark.org\\\/gvg\\\/\"},{\"@type\":\"ListItem\",\"position\":2,\"name\":\"Social tr\u00e4ff; Yoga &amp; fika\"}]},{\"@type\":\"WebSite\",\"@id\":\"https:\\\/\\\/noaksark.org\\\/gvg\\\/#website\",\"url\":\"https:\\\/\\\/noaksark.org\\\/gvg\\\/\",\"name\":\"Noaks Ark G\u00f6teborg &amp; V\u00e4stra G\u00f6taland\",\"description\":\"\",\"potentialAction\":[{\"@type\":\"SearchAction\",\"target\":{\"@type\":\"EntryPoint\",\"urlTemplate\":\"https:\\\/\\\/noaksark.org\\\/gvg\\\/?s={search_term_string}\"},\"query-input\":{\"@type\":\"PropertyValueSpecification\",\"valueRequired\":true,\"valueName\":\"search_term_string\"}}],\"inLanguage\":\"sv-SE\"}]}<\/script>\n<!-- \/ Yoast SEO Premium plugin. -->","yoast_head_json":{"title":"Social tr\u00e4ff; Yoga &amp; fika - Noaks Ark G\u00f6teborg &amp; V\u00e4stra G\u00f6taland","robots":{"index":"index","follow":"follow","max-snippet":"max-snippet:-1","max-image-preview":"max-image-preview:large","max-video-preview":"max-video-preview:-1"},"canonical":"https:\/\/noaksark.org\/gvg\/kalender\/social-traff\/","og_locale":"sv_SE","og_type":"article","og_title":"Social tr\u00e4ff; Yoga &amp; fika","og_description":"V\u00e4lkommen p\u00e5 en social tr\u00e4ff med yoga och fika f\u00f6r dig som lever med hiv. Vi ses tisdag 28 april p\u00e5 Nordic Wellness, Odinsgatan 6 i G\u00f6teborg. Du \u00e4r v\u00e4lkommen fr\u00e5n kl. 18.00 om du...","og_url":"https:\/\/noaksark.org\/gvg\/kalender\/social-traff\/","og_site_name":"Noaks Ark G\u00f6teborg &amp; V\u00e4stra G\u00f6taland","article_modified_time":"2026-04-02T13:00:36+00:00","og_image":[{"width":875,"height":600,"url":"https:\/\/noaksark.org\/gvg\/wp-content\/uploads\/sites\/7\/2026\/03\/yoga-festival-napoli.png","type":"image\/png"}],"twitter_card":"summary_large_image","twitter_misc":{"Ber\u00e4knad l\u00e4stid":"2 minuter"},"schema":{"@context":"https:\/\/schema.org","@graph":[{"@type":"WebPage","@id":"https:\/\/noaksark.org\/gvg\/kalender\/social-traff\/","url":"https:\/\/noaksark.org\/gvg\/kalender\/social-traff\/","name":"Social tr\u00e4ff; Yoga &amp; fika - Noaks Ark G\u00f6teborg &amp; V\u00e4stra G\u00f6taland","isPartOf":{"@id":"https:\/\/noaksark.org\/gvg\/#website"},"primaryImageOfPage":{"@id":"https:\/\/noaksark.org\/gvg\/kalender\/social-traff\/#primaryimage"},"image":{"@id":"https:\/\/noaksark.org\/gvg\/kalender\/social-traff\/#primaryimage"},"thumbnailUrl":"https:\/\/noaksark.org\/gvg\/wp-content\/uploads\/sites\/7\/2026\/03\/yoga-festival-napoli.png","datePublished":"2026-03-27T10:49:22+00:00","dateModified":"2026-04-02T13:00:36+00:00","breadcrumb":{"@id":"https:\/\/noaksark.org\/gvg\/kalender\/social-traff\/#breadcrumb"},"inLanguage":"sv-SE","potentialAction":[{"@type":"ReadAction","target":["https:\/\/noaksark.org\/gvg\/kalender\/social-traff\/"]}]},{"@type":"ImageObject","inLanguage":"sv-SE","@id":"https:\/\/noaksark.org\/gvg\/kalender\/social-traff\/#primaryimage","url":"https:\/\/noaksark.org\/gvg\/wp-content\/uploads\/sites\/7\/2026\/03\/yoga-festival-napoli.png","contentUrl":"https:\/\/noaksark.org\/gvg\/wp-content\/uploads\/sites\/7\/2026\/03\/yoga-festival-napoli.png","width":875,"height":600},{"@type":"BreadcrumbList","@id":"https:\/\/noaksark.org\/gvg\/kalender\/social-traff\/#breadcrumb","itemListElement":[{"@type":"ListItem","position":1,"name":"Home","item":"https:\/\/noaksark.org\/gvg\/"},{"@type":"ListItem","position":2,"name":"Social tr\u00e4ff; Yoga &amp; fika"}]},{"@type":"WebSite","@id":"https:\/\/noaksark.org\/gvg\/#website","url":"https:\/\/noaksark.org\/gvg\/","name":"Noaks Ark G\u00f6teborg &amp; V\u00e4stra G\u00f6taland","description":"","potentialAction":[{"@type":"SearchAction","target":{"@type":"EntryPoint","urlTemplate":"https:\/\/noaksark.org\/gvg\/?s={search_term_string}"},"query-input":{"@type":"PropertyValueSpecification","valueRequired":true,"valueName":"search_term_string"}}],"inLanguage":"sv-SE"}]}},"_links":{"self":[{"href":"https:\/\/noaksark.org\/gvg\/wp-json\/wp\/v2\/calendar\/3299","targetHints":{"allow":["GET"]}}],"collection":[{"href":"https:\/\/noaksark.org\/gvg\/wp-json\/wp\/v2\/calendar"}],"about":[{"href":"https:\/\/noaksark.org\/gvg\/wp-json\/wp\/v2\/types\/calendar"}],"wp:featuredmedia":[{"embeddable":true,"href":"https:\/\/noaksark.org\/gvg\/wp-json\/wp\/v2\/media\/3323"}],"wp:attachment":[{"href":"https:\/\/noaksark.org\/gvg\/wp-json\/wp\/v2\/media?parent=3299"}],"wp:term":[{"taxonomy":"calendar-category","embeddable":true,"href":"https:\/\/noaksark.org\/gvg\/wp-json\/wp\/v2\/calendar-category?post=3299"},{"taxonomy":"target-group","embeddable":true,"href":"https:\/\/noaksark.org\/gvg\/wp-json\/wp\/v2\/target-group?post=3299"},{"taxonomy":"calendar_tag","embeddable":true,"href":"https:\/\/noaksark.org\/gvg\/wp-json\/wp\/v2\/calendar_tag?post=3299"}],"curies":[{"name":"wp","href":"https:\/\/api.w.org\/{rel}","templated":true}]}}

Social träff; Yoga &amp; fika

<p>Välkommen på en social träff med yoga och fika för dig som lever med hiv.</p>



<p>Vi ses <strong>tisdag 28 april</strong> på <strong>Nordic Wellness, Odinsgatan 6 i Göteborg</strong>. Du är välkommen från <strong>kl. 18.00</strong> om du vill ha tid att byta om innan passet. <strong>Yogapasset börjar kl. 18.30</strong>.</p>



<p>Efter yogan finns det möjlighet för den som vill att följa med och ta en fika tillsammans. Det är helt frivilligt, men ett fint tillfälle till fortsatt samtal och gemenskap.</p>



<p>Träffen riktar sig främst till dig som lever med hiv och syftar till att skapa gemenskap, social samvaro och en trygg plats att mötas på.</p>



<div style="height:50px" aria-hidden="true" class="wp-block-spacer"></div>



<p class="has-medium-font-size">För mer information eller om du vill anmäla dig är du välkommen att kontakta vår socionom Eliza på <a href="mailto:eliza.ohberg@noaksark.org">eliza.ohberg@noaksark.org</a>.</p>



<div style="height:25px" aria-hidden="true" class="wp-block-spacer"></div>



<p><strong>Sociala träffar för dig som lever med hiv med fokus på gemenskap, samtal och social samvaro i en trygg miljö.</strong> Ibland går det bra att ta med en närstående, men hör gärna av dig i förväg eftersom vissa träffar är separatistiska. Syftet med våra sociala träffar är att skapa gemenskap, erbjuda social samvaro och ge möjlighet att träffa andra i en trygg och välkomnande miljö.</p>



<p class="has-medium-font-size"></p>



<p class="has-large-font-size"></p>



<p></p>

<p>Välkommen på en social träff med yoga och fika för dig som lever med hiv. Vi ses tisdag 28 april på Nordic Wellness, Odinsgatan 6 i Göteborg. Du är välkommen från kl. 18.00 om du&#8230;</p>

<!-- This site is optimized with the Yoast SEO Premium plugin v27.4 (Yoast SEO v27.5) - https://yoast.com/product/yoast-seo-premium-wordpress/ -->
<title>Social träff; Yoga &amp; fika - Noaks Ark Göteborg &amp; Västra Götaland</title>
<meta name="robots" content="index, follow, max-snippet:-1, max-image-preview:large, max-video-preview:-1" />
<link rel="canonical" href="https://noaksark.org/gvg/kalender/social-traff/" />
<meta property="og:locale" content="sv_SE" />
<meta property="og:type" content="article" />
<meta property="og:title" content="Social träff; Yoga &amp; fika" />
<meta property="og:description" content="Välkommen på en social träff med yoga och fika för dig som lever med hiv. Vi ses tisdag 28 april på Nordic Wellness, Odinsgatan 6 i Göteborg. Du är välkommen från kl. 18.00 om du..." />
<meta property="og:url" content="https://noaksark.org/gvg/kalender/social-traff/" />
<meta property="og:site_name" content="Noaks Ark Göteborg &amp; Västra Götaland" />
<meta property="article:modified_time" content="2026-04-02T13:00:36+00:00" />
<meta property="og:image" content="https://noaksark.org/gvg/wp-content/uploads/sites/7/2026/03/yoga-festival-napoli.png" />
	<meta property="og:image:width" content="875" />
	<meta property="og:image:height" content="600" />
	<meta property="og:image:type" content="image/png" />
<meta name="twitter:card" content="summary_large_image" />
<meta name="twitter:label1" content="Beräknad lästid" />
	<meta name="twitter:data1" content="2 minuter" />
<script type="application/ld+json" class="yoast-schema-graph">{"@context":"https:\/\/schema.org","@graph":[{"@type":"WebPage","@id":"https:\/\/noaksark.org\/gvg\/kalender\/social-traff\/","url":"https:\/\/noaksark.org\/gvg\/kalender\/social-traff\/","name":"Social träff; Yoga &amp; fika - Noaks Ark Göteborg &amp; Västra Götaland","isPartOf":{"@id":"https:\/\/noaksark.org\/gvg\/#website"},"primaryImageOfPage":{"@id":"https:\/\/noaksark.org\/gvg\/kalender\/social-traff\/#primaryimage"},"image":{"@id":"https:\/\/noaksark.org\/gvg\/kalender\/social-traff\/#primaryimage"},"thumbnailUrl":"https:\/\/noaksark.org\/gvg\/wp-content\/uploads\/sites\/7\/2026\/03\/yoga-festival-napoli.png","datePublished":"2026-03-27T10:49:22+00:00","dateModified":"2026-04-02T13:00:36+00:00","breadcrumb":{"@id":"https:\/\/noaksark.org\/gvg\/kalender\/social-traff\/#breadcrumb"},"inLanguage":"sv-SE","potentialAction":[{"@type":"ReadAction","target":["https:\/\/noaksark.org\/gvg\/kalender\/social-traff\/"]}]},{"@type":"ImageObject","inLanguage":"sv-SE","@id":"https:\/\/noaksark.org\/gvg\/kalender\/social-traff\/#primaryimage","url":"https:\/\/noaksark.org\/gvg\/wp-content\/uploads\/sites\/7\/2026\/03\/yoga-festival-napoli.png","contentUrl":"https:\/\/noaksark.org\/gvg\/wp-content\/uploads\/sites\/7\/2026\/03\/yoga-festival-napoli.png","width":875,"height":600},{"@type":"BreadcrumbList","@id":"https:\/\/noaksark.org\/gvg\/kalender\/social-traff\/#breadcrumb","itemListElement":[{"@type":"ListItem","position":1,"name":"Home","item":"https:\/\/noaksark.org\/gvg\/"},{"@type":"ListItem","position":2,"name":"Social träff; Yoga &amp; fika"}]},{"@type":"WebSite","@id":"https:\/\/noaksark.org\/gvg\/#website","url":"https:\/\/noaksark.org\/gvg\/","name":"Noaks Ark Göteborg &amp; Västra Götaland","description":"","potentialAction":[{"@type":"SearchAction","target":{"@type":"EntryPoint","urlTemplate":"https:\/\/noaksark.org\/gvg\/?s={search_term_string}"},"query-input":{"@type":"PropertyValueSpecification","valueRequired":true,"valueName":"search_term_string"}}],"inLanguage":"sv-SE"}]}</script>
<!-- / Yoast SEO Premium plugin. -->

Social träff; Yoga &amp; fika - Noaks Ark Göteborg &amp; Västra Götaland

Välkommen på en social träff med yoga och fika för dig som lever med hiv. Vi ses tisdag 28 april på Nordic Wellness, Odinsgatan 6 i Göteborg. Du är välkommen från kl. 18.00 om du...

Noaks Ark Göteborg &amp; Västra Götaland
