{"id":3444,"date":"2026-09-04T14:31:19","date_gmt":"2026-09-04T12:31:19","guid":{"rendered":"https:\/\/noaksark.org\/gvg\/?post_type=calendar&#038;p=3444"},"modified":"2026-09-04T14:31:20","modified_gmt":"2026-09-04T12:31:20","slug":"social-traff-save-the-date","status":"publish","type":"calendar","link":"https:\/\/noaksark.org\/gvg\/en\/kalender\/social-traff-save-the-date\/","title":{"rendered":"Social tr\u00e4ff: Save the date!"},"content":{"rendered":"\n<p class=\"wp-block-paragraph\"><strong>Datum: 8 december<\/strong><br><strong>Plats och tid meddelas senare<\/strong><\/p>\n\n\n\n<p class=\"has-large-font-size wp-block-paragraph\">Den 8 december \u00e4r det dags f\u00f6r \u00e5rets sista sociala tr\u00e4ff!<\/p>\n\n\n\n<p class=\"wp-block-paragraph\">Exakt vad vi hittar p\u00e5 under kv\u00e4llen \u00e4r inte best\u00e4mt \u00e4nnu, men precis som p\u00e5 v\u00e5ra andra tr\u00e4ffar \u00e4r tanken enkel: att f\u00e5 m\u00f6jlighet att tr\u00e4ffa andra som lever med hiv, umg\u00e5s och ha en trevlig stund tillsammans i en avslappnad milj\u00f6.<\/p>\n\n\n\n<p class=\"wp-block-paragraph\">Du f\u00e5r g\u00e4rna ta med dig en n\u00e4rst\u00e5ende om du vill.<\/p>\n\n\n\n<p class=\"wp-block-paragraph\"><strong>Har du en id\u00e9 om vad vi skulle kunna g\u00f6ra under kv\u00e4llen?<\/strong> H\u00f6r g\u00e4rna av dig till Eliza med f\u00f6rslag \u2013 vi tar g\u00e4rna emot \u00f6nskem\u00e5l fr\u00e5n er som deltar p\u00e5 tr\u00e4ffarna.<\/p>\n\n\n\n<p class=\"wp-block-paragraph\">Du kan ocks\u00e5 redan nu <strong>anm\u00e4la ditt intresse genom att mejla <\/strong><a href=\"mailto:eliza.ohberg@noaksark.org\">eliza.ohberg@noaksark.org<\/a>. Mer information om kv\u00e4llens tema, tid och plats kommer l\u00e4ngre fram.<\/p>\n\n\n\n<p class=\"has-medium-font-size wp-block-paragraph\">Save the date \u2013 <strong>8 december!<\/strong> \ud83d\udc9b<\/p>\n","protected":false},"excerpt":{"rendered":"<p>Datum: 8 decemberPlats och tid meddelas senare Den 8 december \u00e4r det dags f\u00f6r \u00e5rets sista sociala tr\u00e4ff! Exakt vad vi hittar p\u00e5 under kv\u00e4llen \u00e4r inte best\u00e4mt \u00e4nnu, men precis som p\u00e5 v\u00e5ra andra&#8230;<\/p>\n","protected":false},"featured_media":2505,"template":"","calendar-category":[],"target-group":[],"calendar_tag":[],"class_list":["post-3444","calendar","type-calendar","status-publish","has-post-thumbnail","hentry"],"acf":[],"yoast_head":"<!-- This site is optimized with the Yoast SEO Premium plugin v28.3 (Yoast SEO v28.4) - https:\/\/yoast.com\/product\/yoast-seo-premium-wordpress\/ -->\n<title>Social tr\u00e4ff: Save the date! - Noaks Ark G\u00f6teborg &amp; V\u00e4stra G\u00f6taland<\/title>\n<meta name=\"robots\" content=\"index, follow, max-snippet:-1, max-image-preview:large, max-video-preview:-1\" \/>\n<link rel=\"canonical\" href=\"https:\/\/noaksark.org\/gvg\/en\/kalender\/social-traff-save-the-date\/\" \/>\n<meta property=\"og:locale\" content=\"en_US\" \/>\n<meta property=\"og:type\" content=\"article\" \/>\n<meta property=\"og:title\" content=\"Social tr\u00e4ff: Save the date!\" \/>\n<meta property=\"og:description\" content=\"Datum: 8 decemberPlats och tid meddelas senare Den 8 december \u00e4r det dags f\u00f6r \u00e5rets sista sociala tr\u00e4ff! Exakt vad vi hittar p\u00e5 under kv\u00e4llen \u00e4r inte best\u00e4mt \u00e4nnu, men precis som p\u00e5 v\u00e5ra andra...\" \/>\n<meta property=\"og:url\" content=\"https:\/\/noaksark.org\/gvg\/en\/kalender\/social-traff-save-the-date\/\" \/>\n<meta property=\"og:site_name\" content=\"Noaks Ark G\u00f6teborg &amp; V\u00e4stra G\u00f6taland\" \/>\n<meta property=\"article:modified_time\" content=\"2026-09-04T12:31:20+00:00\" \/>\n<meta property=\"og:image\" content=\"https:\/\/noaksark.org\/gvg\/wp-content\/uploads\/sites\/7\/2023\/05\/hans-ott-b0U4Ypj_7zY-unsplash-scaled.jpg\" \/>\n\t<meta property=\"og:image:width\" content=\"1707\" \/>\n\t<meta property=\"og:image:height\" content=\"2560\" \/>\n\t<meta property=\"og:image:type\" content=\"image\/jpeg\" \/>\n<meta name=\"twitter:card\" content=\"summary_large_image\" \/>\n<meta name=\"twitter:label1\" content=\"Est. reading time\" \/>\n\t<meta name=\"twitter:data1\" content=\"1 minute\" \/>\n<script type=\"application\/ld+json\" class=\"yoast-schema-graph\">{\"@context\":\"https:\\\/\\\/schema.org\",\"@graph\":[{\"@type\":\"WebPage\",\"@id\":\"https:\\\/\\\/noaksark.org\\\/gvg\\\/en\\\/kalender\\\/social-traff-save-the-date\\\/\",\"url\":\"https:\\\/\\\/noaksark.org\\\/gvg\\\/en\\\/kalender\\\/social-traff-save-the-date\\\/\",\"name\":\"Social tr\u00e4ff: Save the date! - Noaks Ark G\u00f6teborg &amp; V\u00e4stra G\u00f6taland\",\"isPartOf\":{\"@id\":\"https:\\\/\\\/noaksark.org\\\/gvg\\\/en\\\/#website\"},\"primaryImageOfPage\":{\"@id\":\"https:\\\/\\\/noaksark.org\\\/gvg\\\/en\\\/kalender\\\/social-traff-save-the-date\\\/#primaryimage\"},\"image\":{\"@id\":\"https:\\\/\\\/noaksark.org\\\/gvg\\\/en\\\/kalender\\\/social-traff-save-the-date\\\/#primaryimage\"},\"thumbnailUrl\":\"https:\\\/\\\/noaksark.org\\\/gvg\\\/wp-content\\\/uploads\\\/sites\\\/7\\\/2023\\\/05\\\/hans-ott-b0U4Ypj_7zY-unsplash-scaled.jpg\",\"datePublished\":\"2026-09-04T12:31:19+00:00\",\"dateModified\":\"2026-09-04T12:31:20+00:00\",\"breadcrumb\":{\"@id\":\"https:\\\/\\\/noaksark.org\\\/gvg\\\/en\\\/kalender\\\/social-traff-save-the-date\\\/#breadcrumb\"},\"inLanguage\":\"en-US\",\"potentialAction\":[{\"@type\":\"ReadAction\",\"target\":[\"https:\\\/\\\/noaksark.org\\\/gvg\\\/en\\\/kalender\\\/social-traff-save-the-date\\\/\"]}]},{\"@type\":\"ImageObject\",\"inLanguage\":\"en-US\",\"@id\":\"https:\\\/\\\/noaksark.org\\\/gvg\\\/en\\\/kalender\\\/social-traff-save-the-date\\\/#primaryimage\",\"url\":\"https:\\\/\\\/noaksark.org\\\/gvg\\\/wp-content\\\/uploads\\\/sites\\\/7\\\/2023\\\/05\\\/hans-ott-b0U4Ypj_7zY-unsplash-scaled.jpg\",\"contentUrl\":\"https:\\\/\\\/noaksark.org\\\/gvg\\\/wp-content\\\/uploads\\\/sites\\\/7\\\/2023\\\/05\\\/hans-ott-b0U4Ypj_7zY-unsplash-scaled.jpg\",\"width\":1707,\"height\":2560},{\"@type\":\"BreadcrumbList\",\"@id\":\"https:\\\/\\\/noaksark.org\\\/gvg\\\/en\\\/kalender\\\/social-traff-save-the-date\\\/#breadcrumb\",\"itemListElement\":[{\"@type\":\"ListItem\",\"position\":1,\"name\":\"Home\",\"item\":\"https:\\\/\\\/noaksark.org\\\/gvg\\\/en\\\/\"},{\"@type\":\"ListItem\",\"position\":2,\"name\":\"Social tr\u00e4ff: Save the date!\"}]},{\"@type\":\"WebSite\",\"@id\":\"https:\\\/\\\/noaksark.org\\\/gvg\\\/en\\\/#website\",\"url\":\"https:\\\/\\\/noaksark.org\\\/gvg\\\/en\\\/\",\"name\":\"Noaks Ark G\u00f6teborg &amp; V\u00e4stra G\u00f6taland\",\"description\":\"\",\"potentialAction\":[{\"@type\":\"SearchAction\",\"target\":{\"@type\":\"EntryPoint\",\"urlTemplate\":\"https:\\\/\\\/noaksark.org\\\/gvg\\\/en\\\/?s={search_term_string}\"},\"query-input\":{\"@type\":\"PropertyValueSpecification\",\"valueRequired\":true,\"valueName\":\"search_term_string\"}}],\"inLanguage\":\"en-US\"}]}<\/script>\n<!-- \/ Yoast SEO Premium plugin. -->","yoast_head_json":{"title":"Social tr\u00e4ff: Save the date! - Noaks Ark G\u00f6teborg &amp; V\u00e4stra G\u00f6taland","robots":{"index":"index","follow":"follow","max-snippet":"max-snippet:-1","max-image-preview":"max-image-preview:large","max-video-preview":"max-video-preview:-1"},"canonical":"https:\/\/noaksark.org\/gvg\/en\/kalender\/social-traff-save-the-date\/","og_locale":"en_US","og_type":"article","og_title":"Social tr\u00e4ff: Save the date!","og_description":"Datum: 8 decemberPlats och tid meddelas senare Den 8 december \u00e4r det dags f\u00f6r \u00e5rets sista sociala tr\u00e4ff! Exakt vad vi hittar p\u00e5 under kv\u00e4llen \u00e4r inte best\u00e4mt \u00e4nnu, men precis som p\u00e5 v\u00e5ra andra...","og_url":"https:\/\/noaksark.org\/gvg\/en\/kalender\/social-traff-save-the-date\/","og_site_name":"Noaks Ark G\u00f6teborg &amp; V\u00e4stra G\u00f6taland","article_modified_time":"2026-09-04T12:31:20+00:00","og_image":[{"width":1707,"height":2560,"url":"https:\/\/noaksark.org\/gvg\/wp-content\/uploads\/sites\/7\/2023\/05\/hans-ott-b0U4Ypj_7zY-unsplash-scaled.jpg","type":"image\/jpeg"}],"twitter_card":"summary_large_image","twitter_misc":{"Est. reading time":"1 minute"},"schema":{"@context":"https:\/\/schema.org","@graph":[{"@type":"WebPage","@id":"https:\/\/noaksark.org\/gvg\/en\/kalender\/social-traff-save-the-date\/","url":"https:\/\/noaksark.org\/gvg\/en\/kalender\/social-traff-save-the-date\/","name":"Social tr\u00e4ff: Save the date! - Noaks Ark G\u00f6teborg &amp; V\u00e4stra G\u00f6taland","isPartOf":{"@id":"https:\/\/noaksark.org\/gvg\/en\/#website"},"primaryImageOfPage":{"@id":"https:\/\/noaksark.org\/gvg\/en\/kalender\/social-traff-save-the-date\/#primaryimage"},"image":{"@id":"https:\/\/noaksark.org\/gvg\/en\/kalender\/social-traff-save-the-date\/#primaryimage"},"thumbnailUrl":"https:\/\/noaksark.org\/gvg\/wp-content\/uploads\/sites\/7\/2023\/05\/hans-ott-b0U4Ypj_7zY-unsplash-scaled.jpg","datePublished":"2026-09-04T12:31:19+00:00","dateModified":"2026-09-04T12:31:20+00:00","breadcrumb":{"@id":"https:\/\/noaksark.org\/gvg\/en\/kalender\/social-traff-save-the-date\/#breadcrumb"},"inLanguage":"en-US","potentialAction":[{"@type":"ReadAction","target":["https:\/\/noaksark.org\/gvg\/en\/kalender\/social-traff-save-the-date\/"]}]},{"@type":"ImageObject","inLanguage":"en-US","@id":"https:\/\/noaksark.org\/gvg\/en\/kalender\/social-traff-save-the-date\/#primaryimage","url":"https:\/\/noaksark.org\/gvg\/wp-content\/uploads\/sites\/7\/2023\/05\/hans-ott-b0U4Ypj_7zY-unsplash-scaled.jpg","contentUrl":"https:\/\/noaksark.org\/gvg\/wp-content\/uploads\/sites\/7\/2023\/05\/hans-ott-b0U4Ypj_7zY-unsplash-scaled.jpg","width":1707,"height":2560},{"@type":"BreadcrumbList","@id":"https:\/\/noaksark.org\/gvg\/en\/kalender\/social-traff-save-the-date\/#breadcrumb","itemListElement":[{"@type":"ListItem","position":1,"name":"Home","item":"https:\/\/noaksark.org\/gvg\/en\/"},{"@type":"ListItem","position":2,"name":"Social tr\u00e4ff: Save the date!"}]},{"@type":"WebSite","@id":"https:\/\/noaksark.org\/gvg\/en\/#website","url":"https:\/\/noaksark.org\/gvg\/en\/","name":"Noaks Ark G\u00f6teborg &amp; V\u00e4stra G\u00f6taland","description":"","potentialAction":[{"@type":"SearchAction","target":{"@type":"EntryPoint","urlTemplate":"https:\/\/noaksark.org\/gvg\/en\/?s={search_term_string}"},"query-input":{"@type":"PropertyValueSpecification","valueRequired":true,"valueName":"search_term_string"}}],"inLanguage":"en-US"}]}},"_links":{"self":[{"href":"https:\/\/noaksark.org\/gvg\/en\/wp-json\/wp\/v2\/calendar\/3444","targetHints":{"allow":["GET"]}}],"collection":[{"href":"https:\/\/noaksark.org\/gvg\/en\/wp-json\/wp\/v2\/calendar"}],"about":[{"href":"https:\/\/noaksark.org\/gvg\/en\/wp-json\/wp\/v2\/types\/calendar"}],"wp:featuredmedia":[{"embeddable":true,"href":"https:\/\/noaksark.org\/gvg\/en\/wp-json\/wp\/v2\/media\/2505"}],"wp:attachment":[{"href":"https:\/\/noaksark.org\/gvg\/en\/wp-json\/wp\/v2\/media?parent=3444"}],"wp:term":[{"taxonomy":"calendar-category","embeddable":true,"href":"https:\/\/noaksark.org\/gvg\/en\/wp-json\/wp\/v2\/calendar-category?post=3444"},{"taxonomy":"target-group","embeddable":true,"href":"https:\/\/noaksark.org\/gvg\/en\/wp-json\/wp\/v2\/target-group?post=3444"},{"taxonomy":"calendar_tag","embeddable":true,"href":"https:\/\/noaksark.org\/gvg\/en\/wp-json\/wp\/v2\/calendar_tag?post=3444"}],"curies":[{"name":"wp","href":"https:\/\/api.w.org\/{rel}","templated":true}]}}

Social träff: Save the date!

<p class="wp-block-paragraph"><strong>Datum: 8 december</strong><br><strong>Plats och tid meddelas senare</strong></p>



<p class="has-large-font-size wp-block-paragraph">Den 8 december är det dags för årets sista sociala träff!</p>



<p class="wp-block-paragraph">Exakt vad vi hittar på under kvällen är inte bestämt ännu, men precis som på våra andra träffar är tanken enkel: att få möjlighet att träffa andra som lever med hiv, umgås och ha en trevlig stund tillsammans i en avslappnad miljö.</p>



<p class="wp-block-paragraph">Du får gärna ta med dig en närstående om du vill.</p>



<p class="wp-block-paragraph"><strong>Har du en idé om vad vi skulle kunna göra under kvällen?</strong> Hör gärna av dig till Eliza med förslag – vi tar gärna emot önskemål från er som deltar på träffarna.</p>



<p class="wp-block-paragraph">Du kan också redan nu <strong>anmäla ditt intresse genom att mejla </strong><a href="mailto:eliza.ohberg@noaksark.org">eliza.ohberg@noaksark.org</a>. Mer information om kvällens tema, tid och plats kommer längre fram.</p>



<p class="has-medium-font-size wp-block-paragraph">Save the date – <strong>8 december!</strong> 💛</p>

<p>Datum: 8 decemberPlats och tid meddelas senare Den 8 december är det dags för årets sista sociala träff! Exakt vad vi hittar på under kvällen är inte bestämt ännu, men precis som på våra andra&#8230;</p>

<!-- This site is optimized with the Yoast SEO Premium plugin v28.3 (Yoast SEO v28.4) - https://yoast.com/product/yoast-seo-premium-wordpress/ -->
<title>Social träff: Save the date! - Noaks Ark Göteborg &amp; Västra Götaland</title>
<meta name="robots" content="index, follow, max-snippet:-1, max-image-preview:large, max-video-preview:-1" />
<link rel="canonical" href="https://noaksark.org/gvg/en/kalender/social-traff-save-the-date/" />
<meta property="og:locale" content="en_US" />
<meta property="og:type" content="article" />
<meta property="og:title" content="Social träff: Save the date!" />
<meta property="og:description" content="Datum: 8 decemberPlats och tid meddelas senare Den 8 december är det dags för årets sista sociala träff! Exakt vad vi hittar på under kvällen är inte bestämt ännu, men precis som på våra andra..." />
<meta property="og:url" content="https://noaksark.org/gvg/en/kalender/social-traff-save-the-date/" />
<meta property="og:site_name" content="Noaks Ark Göteborg &amp; Västra Götaland" />
<meta property="article:modified_time" content="2026-09-04T12:31:20+00:00" />
<meta property="og:image" content="https://noaksark.org/gvg/wp-content/uploads/sites/7/2023/05/hans-ott-b0U4Ypj_7zY-unsplash-scaled.jpg" />
	<meta property="og:image:width" content="1707" />
	<meta property="og:image:height" content="2560" />
	<meta property="og:image:type" content="image/jpeg" />
<meta name="twitter:card" content="summary_large_image" />
<meta name="twitter:label1" content="Est. reading time" />
	<meta name="twitter:data1" content="1 minute" />
<script type="application/ld+json" class="yoast-schema-graph">{"@context":"https:\/\/schema.org","@graph":[{"@type":"WebPage","@id":"https:\/\/noaksark.org\/gvg\/en\/kalender\/social-traff-save-the-date\/","url":"https:\/\/noaksark.org\/gvg\/en\/kalender\/social-traff-save-the-date\/","name":"Social träff: Save the date! - Noaks Ark Göteborg &amp; Västra Götaland","isPartOf":{"@id":"https:\/\/noaksark.org\/gvg\/en\/#website"},"primaryImageOfPage":{"@id":"https:\/\/noaksark.org\/gvg\/en\/kalender\/social-traff-save-the-date\/#primaryimage"},"image":{"@id":"https:\/\/noaksark.org\/gvg\/en\/kalender\/social-traff-save-the-date\/#primaryimage"},"thumbnailUrl":"https:\/\/noaksark.org\/gvg\/wp-content\/uploads\/sites\/7\/2023\/05\/hans-ott-b0U4Ypj_7zY-unsplash-scaled.jpg","datePublished":"2026-09-04T12:31:19+00:00","dateModified":"2026-09-04T12:31:20+00:00","breadcrumb":{"@id":"https:\/\/noaksark.org\/gvg\/en\/kalender\/social-traff-save-the-date\/#breadcrumb"},"inLanguage":"en-US","potentialAction":[{"@type":"ReadAction","target":["https:\/\/noaksark.org\/gvg\/en\/kalender\/social-traff-save-the-date\/"]}]},{"@type":"ImageObject","inLanguage":"en-US","@id":"https:\/\/noaksark.org\/gvg\/en\/kalender\/social-traff-save-the-date\/#primaryimage","url":"https:\/\/noaksark.org\/gvg\/wp-content\/uploads\/sites\/7\/2023\/05\/hans-ott-b0U4Ypj_7zY-unsplash-scaled.jpg","contentUrl":"https:\/\/noaksark.org\/gvg\/wp-content\/uploads\/sites\/7\/2023\/05\/hans-ott-b0U4Ypj_7zY-unsplash-scaled.jpg","width":1707,"height":2560},{"@type":"BreadcrumbList","@id":"https:\/\/noaksark.org\/gvg\/en\/kalender\/social-traff-save-the-date\/#breadcrumb","itemListElement":[{"@type":"ListItem","position":1,"name":"Home","item":"https:\/\/noaksark.org\/gvg\/en\/"},{"@type":"ListItem","position":2,"name":"Social träff: Save the date!"}]},{"@type":"WebSite","@id":"https:\/\/noaksark.org\/gvg\/en\/#website","url":"https:\/\/noaksark.org\/gvg\/en\/","name":"Noaks Ark Göteborg &amp; Västra Götaland","description":"","potentialAction":[{"@type":"SearchAction","target":{"@type":"EntryPoint","urlTemplate":"https:\/\/noaksark.org\/gvg\/en\/?s={search_term_string}"},"query-input":{"@type":"PropertyValueSpecification","valueRequired":true,"valueName":"search_term_string"}}],"inLanguage":"en-US"}]}</script>
<!-- / Yoast SEO Premium plugin. -->

Social träff: Save the date! - Noaks Ark Göteborg &amp; Västra Götaland

Datum: 8 decemberPlats och tid meddelas senare Den 8 december är det dags för årets sista sociala träff! Exakt vad vi hittar på under kvällen är inte bestämt ännu, men precis som på våra andra...

Noaks Ark Göteborg &amp; Västra Götaland
