{"id":3129,"date":"2025-11-27T09:48:44","date_gmt":"2025-11-27T08:48:44","guid":{"rendered":"https:\/\/noaksark.org\/gvg\/?post_type=calendar&#038;p=3129"},"modified":"2025-11-27T09:57:41","modified_gmt":"2025-11-27T08:57:41","slug":"varldsaidsdagen","status":"publish","type":"calendar","link":"https:\/\/noaksark.org\/gvg\/en\/kalender\/varldsaidsdagen\/","title":{"rendered":"V\u00e4rldsAidsDagen"},"content":{"rendered":"\n<p>Den 1 december \u00e4r det World AIDS Day, en dag f\u00f6r att minnas och uppm\u00e4rksamma allt som har varit och \u00e4r. En dag d\u00e5 vi l\u00e4gger extra krut p\u00e5 att sprida kunskapen: <em>Behandlad hiv \u00f6verf\u00f6rs inte via sex!<\/em> <\/p>\n\n\n\n<p>H\u00e4r kan du tr\u00e4ffa oss och v\u00e5ra v\u00e4norganisationer n\u00e4r vi delar ut viktig information, sprider kunskap och anordnar quiz och roliga t\u00e4vlingar: <\/p>\n\n\n\n<p>\ud83d\udd35 M\u00e5ndag 1 december<br>\ud83d\udccd Lindholmens Gymnasiebibliotek <br>\ud83d\udd51 10.00 &#8211; 14.00<\/p>\n\n\n\n<p>\ud83d\udd35 Tisdag 2 december<br>\ud83d\udccd H\u00f6gskolan i Bor\u00e5s <br>\ud83d\udd51 10.00 &#8211; 14.00<\/p>\n\n\n\n<p><\/p>\n","protected":false},"excerpt":{"rendered":"<p>Den 1 december \u00e4r det World AIDS Day, en dag f\u00f6r att minnas och uppm\u00e4rksamma allt som har varit och \u00e4r. En dag d\u00e5 vi l\u00e4gger extra krut p\u00e5 att sprida kunskapen: Behandlad hiv \u00f6verf\u00f6rs&#8230;<\/p>\n","protected":false},"featured_media":3130,"template":"","calendar-category":[],"target-group":[],"calendar_tag":[],"class_list":["post-3129","calendar","type-calendar","status-publish","has-post-thumbnail","hentry"],"acf":[],"yoast_head":"<!-- This site is optimized with the Yoast SEO Premium plugin v27.4 (Yoast SEO v27.5) - https:\/\/yoast.com\/product\/yoast-seo-premium-wordpress\/ -->\n<title>V\u00e4rldsAidsDagen - Noaks Ark G\u00f6teborg &amp; V\u00e4stra G\u00f6taland<\/title>\n<meta name=\"robots\" content=\"index, follow, max-snippet:-1, max-image-preview:large, max-video-preview:-1\" \/>\n<link rel=\"canonical\" href=\"https:\/\/noaksark.org\/gvg\/en\/kalender\/varldsaidsdagen\/\" \/>\n<meta property=\"og:locale\" content=\"en_US\" \/>\n<meta property=\"og:type\" content=\"article\" \/>\n<meta property=\"og:title\" content=\"V\u00e4rldsAidsDagen\" \/>\n<meta property=\"og:description\" content=\"Den 1 december \u00e4r det World AIDS Day, en dag f\u00f6r att minnas och uppm\u00e4rksamma allt som har varit och \u00e4r. En dag d\u00e5 vi l\u00e4gger extra krut p\u00e5 att sprida kunskapen: Behandlad hiv \u00f6verf\u00f6rs...\" \/>\n<meta property=\"og:url\" content=\"https:\/\/noaksark.org\/gvg\/en\/kalender\/varldsaidsdagen\/\" \/>\n<meta property=\"og:site_name\" content=\"Noaks Ark G\u00f6teborg &amp; V\u00e4stra G\u00f6taland\" \/>\n<meta property=\"article:modified_time\" content=\"2025-11-27T08:57:41+00:00\" \/>\n<meta property=\"og:image\" content=\"https:\/\/noaksark.org\/gvg\/wp-content\/uploads\/sites\/7\/2025\/11\/Varldsaidsdagen_hemsida.jpg\" \/>\n\t<meta property=\"og:image:width\" content=\"940\" \/>\n\t<meta property=\"og:image:height\" content=\"788\" \/>\n\t<meta property=\"og:image:type\" content=\"image\/jpeg\" \/>\n<meta name=\"twitter:card\" content=\"summary_large_image\" \/>\n<meta name=\"twitter:label1\" content=\"Est. reading time\" \/>\n\t<meta name=\"twitter:data1\" content=\"1 minute\" \/>\n<script type=\"application\/ld+json\" class=\"yoast-schema-graph\">{\"@context\":\"https:\\\/\\\/schema.org\",\"@graph\":[{\"@type\":\"WebPage\",\"@id\":\"https:\\\/\\\/noaksark.org\\\/gvg\\\/en\\\/kalender\\\/varldsaidsdagen\\\/\",\"url\":\"https:\\\/\\\/noaksark.org\\\/gvg\\\/en\\\/kalender\\\/varldsaidsdagen\\\/\",\"name\":\"V\u00e4rldsAidsDagen - Noaks Ark G\u00f6teborg &amp; V\u00e4stra G\u00f6taland\",\"isPartOf\":{\"@id\":\"https:\\\/\\\/noaksark.org\\\/gvg\\\/en\\\/#website\"},\"primaryImageOfPage\":{\"@id\":\"https:\\\/\\\/noaksark.org\\\/gvg\\\/en\\\/kalender\\\/varldsaidsdagen\\\/#primaryimage\"},\"image\":{\"@id\":\"https:\\\/\\\/noaksark.org\\\/gvg\\\/en\\\/kalender\\\/varldsaidsdagen\\\/#primaryimage\"},\"thumbnailUrl\":\"https:\\\/\\\/noaksark.org\\\/gvg\\\/wp-content\\\/uploads\\\/sites\\\/7\\\/2025\\\/11\\\/Varldsaidsdagen_hemsida.jpg\",\"datePublished\":\"2025-11-27T08:48:44+00:00\",\"dateModified\":\"2025-11-27T08:57:41+00:00\",\"breadcrumb\":{\"@id\":\"https:\\\/\\\/noaksark.org\\\/gvg\\\/en\\\/kalender\\\/varldsaidsdagen\\\/#breadcrumb\"},\"inLanguage\":\"en-US\",\"potentialAction\":[{\"@type\":\"ReadAction\",\"target\":[\"https:\\\/\\\/noaksark.org\\\/gvg\\\/en\\\/kalender\\\/varldsaidsdagen\\\/\"]}]},{\"@type\":\"ImageObject\",\"inLanguage\":\"en-US\",\"@id\":\"https:\\\/\\\/noaksark.org\\\/gvg\\\/en\\\/kalender\\\/varldsaidsdagen\\\/#primaryimage\",\"url\":\"https:\\\/\\\/noaksark.org\\\/gvg\\\/wp-content\\\/uploads\\\/sites\\\/7\\\/2025\\\/11\\\/Varldsaidsdagen_hemsida.jpg\",\"contentUrl\":\"https:\\\/\\\/noaksark.org\\\/gvg\\\/wp-content\\\/uploads\\\/sites\\\/7\\\/2025\\\/11\\\/Varldsaidsdagen_hemsida.jpg\",\"width\":940,\"height\":788},{\"@type\":\"BreadcrumbList\",\"@id\":\"https:\\\/\\\/noaksark.org\\\/gvg\\\/en\\\/kalender\\\/varldsaidsdagen\\\/#breadcrumb\",\"itemListElement\":[{\"@type\":\"ListItem\",\"position\":1,\"name\":\"Home\",\"item\":\"https:\\\/\\\/noaksark.org\\\/gvg\\\/en\\\/\"},{\"@type\":\"ListItem\",\"position\":2,\"name\":\"V\u00e4rldsAidsDagen\"}]},{\"@type\":\"WebSite\",\"@id\":\"https:\\\/\\\/noaksark.org\\\/gvg\\\/en\\\/#website\",\"url\":\"https:\\\/\\\/noaksark.org\\\/gvg\\\/en\\\/\",\"name\":\"Noaks Ark G\u00f6teborg &amp; V\u00e4stra G\u00f6taland\",\"description\":\"\",\"potentialAction\":[{\"@type\":\"SearchAction\",\"target\":{\"@type\":\"EntryPoint\",\"urlTemplate\":\"https:\\\/\\\/noaksark.org\\\/gvg\\\/en\\\/?s={search_term_string}\"},\"query-input\":{\"@type\":\"PropertyValueSpecification\",\"valueRequired\":true,\"valueName\":\"search_term_string\"}}],\"inLanguage\":\"en-US\"}]}<\/script>\n<!-- \/ Yoast SEO Premium plugin. -->","yoast_head_json":{"title":"V\u00e4rldsAidsDagen - Noaks Ark G\u00f6teborg &amp; V\u00e4stra G\u00f6taland","robots":{"index":"index","follow":"follow","max-snippet":"max-snippet:-1","max-image-preview":"max-image-preview:large","max-video-preview":"max-video-preview:-1"},"canonical":"https:\/\/noaksark.org\/gvg\/en\/kalender\/varldsaidsdagen\/","og_locale":"en_US","og_type":"article","og_title":"V\u00e4rldsAidsDagen","og_description":"Den 1 december \u00e4r det World AIDS Day, en dag f\u00f6r att minnas och uppm\u00e4rksamma allt som har varit och \u00e4r. En dag d\u00e5 vi l\u00e4gger extra krut p\u00e5 att sprida kunskapen: Behandlad hiv \u00f6verf\u00f6rs...","og_url":"https:\/\/noaksark.org\/gvg\/en\/kalender\/varldsaidsdagen\/","og_site_name":"Noaks Ark G\u00f6teborg &amp; V\u00e4stra G\u00f6taland","article_modified_time":"2025-11-27T08:57:41+00:00","og_image":[{"width":940,"height":788,"url":"https:\/\/noaksark.org\/gvg\/wp-content\/uploads\/sites\/7\/2025\/11\/Varldsaidsdagen_hemsida.jpg","type":"image\/jpeg"}],"twitter_card":"summary_large_image","twitter_misc":{"Est. reading time":"1 minute"},"schema":{"@context":"https:\/\/schema.org","@graph":[{"@type":"WebPage","@id":"https:\/\/noaksark.org\/gvg\/en\/kalender\/varldsaidsdagen\/","url":"https:\/\/noaksark.org\/gvg\/en\/kalender\/varldsaidsdagen\/","name":"V\u00e4rldsAidsDagen - Noaks Ark G\u00f6teborg &amp; V\u00e4stra G\u00f6taland","isPartOf":{"@id":"https:\/\/noaksark.org\/gvg\/en\/#website"},"primaryImageOfPage":{"@id":"https:\/\/noaksark.org\/gvg\/en\/kalender\/varldsaidsdagen\/#primaryimage"},"image":{"@id":"https:\/\/noaksark.org\/gvg\/en\/kalender\/varldsaidsdagen\/#primaryimage"},"thumbnailUrl":"https:\/\/noaksark.org\/gvg\/wp-content\/uploads\/sites\/7\/2025\/11\/Varldsaidsdagen_hemsida.jpg","datePublished":"2025-11-27T08:48:44+00:00","dateModified":"2025-11-27T08:57:41+00:00","breadcrumb":{"@id":"https:\/\/noaksark.org\/gvg\/en\/kalender\/varldsaidsdagen\/#breadcrumb"},"inLanguage":"en-US","potentialAction":[{"@type":"ReadAction","target":["https:\/\/noaksark.org\/gvg\/en\/kalender\/varldsaidsdagen\/"]}]},{"@type":"ImageObject","inLanguage":"en-US","@id":"https:\/\/noaksark.org\/gvg\/en\/kalender\/varldsaidsdagen\/#primaryimage","url":"https:\/\/noaksark.org\/gvg\/wp-content\/uploads\/sites\/7\/2025\/11\/Varldsaidsdagen_hemsida.jpg","contentUrl":"https:\/\/noaksark.org\/gvg\/wp-content\/uploads\/sites\/7\/2025\/11\/Varldsaidsdagen_hemsida.jpg","width":940,"height":788},{"@type":"BreadcrumbList","@id":"https:\/\/noaksark.org\/gvg\/en\/kalender\/varldsaidsdagen\/#breadcrumb","itemListElement":[{"@type":"ListItem","position":1,"name":"Home","item":"https:\/\/noaksark.org\/gvg\/en\/"},{"@type":"ListItem","position":2,"name":"V\u00e4rldsAidsDagen"}]},{"@type":"WebSite","@id":"https:\/\/noaksark.org\/gvg\/en\/#website","url":"https:\/\/noaksark.org\/gvg\/en\/","name":"Noaks Ark G\u00f6teborg &amp; V\u00e4stra G\u00f6taland","description":"","potentialAction":[{"@type":"SearchAction","target":{"@type":"EntryPoint","urlTemplate":"https:\/\/noaksark.org\/gvg\/en\/?s={search_term_string}"},"query-input":{"@type":"PropertyValueSpecification","valueRequired":true,"valueName":"search_term_string"}}],"inLanguage":"en-US"}]}},"_links":{"self":[{"href":"https:\/\/noaksark.org\/gvg\/en\/wp-json\/wp\/v2\/calendar\/3129","targetHints":{"allow":["GET"]}}],"collection":[{"href":"https:\/\/noaksark.org\/gvg\/en\/wp-json\/wp\/v2\/calendar"}],"about":[{"href":"https:\/\/noaksark.org\/gvg\/en\/wp-json\/wp\/v2\/types\/calendar"}],"wp:featuredmedia":[{"embeddable":true,"href":"https:\/\/noaksark.org\/gvg\/en\/wp-json\/wp\/v2\/media\/3130"}],"wp:attachment":[{"href":"https:\/\/noaksark.org\/gvg\/en\/wp-json\/wp\/v2\/media?parent=3129"}],"wp:term":[{"taxonomy":"calendar-category","embeddable":true,"href":"https:\/\/noaksark.org\/gvg\/en\/wp-json\/wp\/v2\/calendar-category?post=3129"},{"taxonomy":"target-group","embeddable":true,"href":"https:\/\/noaksark.org\/gvg\/en\/wp-json\/wp\/v2\/target-group?post=3129"},{"taxonomy":"calendar_tag","embeddable":true,"href":"https:\/\/noaksark.org\/gvg\/en\/wp-json\/wp\/v2\/calendar_tag?post=3129"}],"curies":[{"name":"wp","href":"https:\/\/api.w.org\/{rel}","templated":true}]}}

VärldsAidsDagen

<p>Den 1 december är det World AIDS Day, en dag för att minnas och uppmärksamma allt som har varit och är. En dag då vi lägger extra krut på att sprida kunskapen: <em>Behandlad hiv överförs inte via sex!</em> </p>



<p>Här kan du träffa oss och våra vänorganisationer när vi delar ut viktig information, sprider kunskap och anordnar quiz och roliga tävlingar: </p>



<p>🔵 Måndag 1 december<br>📍 Lindholmens Gymnasiebibliotek <br>🕑 10.00 &#8211; 14.00</p>



<p>🔵 Tisdag 2 december<br>📍 Högskolan i Borås <br>🕑 10.00 &#8211; 14.00</p>



<p></p>

<p>Den 1 december är det World AIDS Day, en dag för att minnas och uppmärksamma allt som har varit och är. En dag då vi lägger extra krut på att sprida kunskapen: Behandlad hiv överförs&#8230;</p>

<!-- This site is optimized with the Yoast SEO Premium plugin v27.4 (Yoast SEO v27.5) - https://yoast.com/product/yoast-seo-premium-wordpress/ -->
<title>VärldsAidsDagen - Noaks Ark Göteborg &amp; Västra Götaland</title>
<meta name="robots" content="index, follow, max-snippet:-1, max-image-preview:large, max-video-preview:-1" />
<link rel="canonical" href="https://noaksark.org/gvg/en/kalender/varldsaidsdagen/" />
<meta property="og:locale" content="en_US" />
<meta property="og:type" content="article" />
<meta property="og:title" content="VärldsAidsDagen" />
<meta property="og:description" content="Den 1 december är det World AIDS Day, en dag för att minnas och uppmärksamma allt som har varit och är. En dag då vi lägger extra krut på att sprida kunskapen: Behandlad hiv överförs..." />
<meta property="og:url" content="https://noaksark.org/gvg/en/kalender/varldsaidsdagen/" />
<meta property="og:site_name" content="Noaks Ark Göteborg &amp; Västra Götaland" />
<meta property="article:modified_time" content="2025-11-27T08:57:41+00:00" />
<meta property="og:image" content="https://noaksark.org/gvg/wp-content/uploads/sites/7/2025/11/Varldsaidsdagen_hemsida.jpg" />
	<meta property="og:image:width" content="940" />
	<meta property="og:image:height" content="788" />
	<meta property="og:image:type" content="image/jpeg" />
<meta name="twitter:card" content="summary_large_image" />
<meta name="twitter:label1" content="Est. reading time" />
	<meta name="twitter:data1" content="1 minute" />
<script type="application/ld+json" class="yoast-schema-graph">{"@context":"https:\/\/schema.org","@graph":[{"@type":"WebPage","@id":"https:\/\/noaksark.org\/gvg\/en\/kalender\/varldsaidsdagen\/","url":"https:\/\/noaksark.org\/gvg\/en\/kalender\/varldsaidsdagen\/","name":"VärldsAidsDagen - Noaks Ark Göteborg &amp; Västra Götaland","isPartOf":{"@id":"https:\/\/noaksark.org\/gvg\/en\/#website"},"primaryImageOfPage":{"@id":"https:\/\/noaksark.org\/gvg\/en\/kalender\/varldsaidsdagen\/#primaryimage"},"image":{"@id":"https:\/\/noaksark.org\/gvg\/en\/kalender\/varldsaidsdagen\/#primaryimage"},"thumbnailUrl":"https:\/\/noaksark.org\/gvg\/wp-content\/uploads\/sites\/7\/2025\/11\/Varldsaidsdagen_hemsida.jpg","datePublished":"2025-11-27T08:48:44+00:00","dateModified":"2025-11-27T08:57:41+00:00","breadcrumb":{"@id":"https:\/\/noaksark.org\/gvg\/en\/kalender\/varldsaidsdagen\/#breadcrumb"},"inLanguage":"en-US","potentialAction":[{"@type":"ReadAction","target":["https:\/\/noaksark.org\/gvg\/en\/kalender\/varldsaidsdagen\/"]}]},{"@type":"ImageObject","inLanguage":"en-US","@id":"https:\/\/noaksark.org\/gvg\/en\/kalender\/varldsaidsdagen\/#primaryimage","url":"https:\/\/noaksark.org\/gvg\/wp-content\/uploads\/sites\/7\/2025\/11\/Varldsaidsdagen_hemsida.jpg","contentUrl":"https:\/\/noaksark.org\/gvg\/wp-content\/uploads\/sites\/7\/2025\/11\/Varldsaidsdagen_hemsida.jpg","width":940,"height":788},{"@type":"BreadcrumbList","@id":"https:\/\/noaksark.org\/gvg\/en\/kalender\/varldsaidsdagen\/#breadcrumb","itemListElement":[{"@type":"ListItem","position":1,"name":"Home","item":"https:\/\/noaksark.org\/gvg\/en\/"},{"@type":"ListItem","position":2,"name":"VärldsAidsDagen"}]},{"@type":"WebSite","@id":"https:\/\/noaksark.org\/gvg\/en\/#website","url":"https:\/\/noaksark.org\/gvg\/en\/","name":"Noaks Ark Göteborg &amp; Västra Götaland","description":"","potentialAction":[{"@type":"SearchAction","target":{"@type":"EntryPoint","urlTemplate":"https:\/\/noaksark.org\/gvg\/en\/?s={search_term_string}"},"query-input":{"@type":"PropertyValueSpecification","valueRequired":true,"valueName":"search_term_string"}}],"inLanguage":"en-US"}]}</script>
<!-- / Yoast SEO Premium plugin. -->

VärldsAidsDagen - Noaks Ark Göteborg &amp; Västra Götaland

Den 1 december är det World AIDS Day, en dag för att minnas och uppmärksamma allt som har varit och är. En dag då vi lägger extra krut på att sprida kunskapen: Behandlad hiv överförs...

Noaks Ark Göteborg &amp; Västra Götaland
