{"id":2789,"date":"2023-10-05T14:25:16","date_gmt":"2023-10-05T13:25:16","guid":{"rendered":"https:\/\/noaksark.org\/gvg\/?post_type=calendar&#038;p=2789"},"modified":"2024-12-19T11:15:12","modified_gmt":"2024-12-19T10:15:12","slug":"kropp-sjalhelg-med-noaks-ark-goteborg-vastra-gotaland","status":"publish","type":"calendar","link":"https:\/\/noaksark.org\/gvg\/en\/kalender\/kropp-sjalhelg-med-noaks-ark-goteborg-vastra-gotaland\/","title":{"rendered":"Kropp- &amp; Sj\u00e4lhelg Med Noaks Ark G\u00f6teborg &amp; V\u00e4stra G\u00f6taland"},"content":{"rendered":"\n<p>V\u00e4lkommen till var \u00e5rliga helg f\u00f6r h\u00e4lsa och v\u00e4lm\u00e5ende riktad till dig som lever med hiv. \ud83e\udd70<\/p>\n\n\n\n<p>Under denna helg f\u00e5r du m\u00f6jlighet att utbyta erfarenheter och delta i sociala aktiviteter med andra.\u2728<br>Helgen \u00e4r kostndadsfri och detta ing\u00e5r:<br>Lunch \u2022 Kortare f\u00f6rel\u00e4sning \u2022 Tankev\u00e4ckande f\u00f6rest\u00e4llning \u2022 Relax med bast och badtunna bland tr\u00e4dtopparna \u2022 3-r\u00e4ttersmiddag \u2022 \u00d6vernattning p\u00e5 hotellet \u2022 Frukostbuff\u00e9.<\/p>\n\n\n\n<p>N\u00e4r: 18-19 november<br>Vart: Treetop Spa, Hangout &amp; Hotel Hisingen<br>L\u00e4s mer och anm\u00e4l dig sj\u00e4lv eller om du vill ha med en v\u00e4n eller anh\u00f6rig &#8211; <a href=\"https:\/\/docs.google.com\/forms\/d\/1z98jDvuEfLi4UXZkpFINeB6TEPmtePmiQ-ScSP6Q3sw\/viewform?pli=1&amp;pli=1&amp;edit_requested=true\">h\u00e4r<\/a>.<\/p>\n","protected":false},"excerpt":{"rendered":"<p>V\u00e4lkommen till var \u00e5rliga helg f\u00f6r h\u00e4lsa och v\u00e4lm\u00e5ende riktad till dig som lever med hiv. \ud83e\udd70 Under denna helg f\u00e5r du m\u00f6jlighet att utbyta erfarenheter och delta i sociala aktiviteter med andra.\u2728Helgen \u00e4r kostndadsfri&#8230;<\/p>\n","protected":false},"featured_media":2790,"template":"","calendar-category":[],"target-group":[],"calendar_tag":[],"class_list":["post-2789","calendar","type-calendar","status-publish","has-post-thumbnail","hentry"],"acf":[],"yoast_head":"<!-- This site is optimized with the Yoast SEO Premium plugin v27.4 (Yoast SEO v27.5) - https:\/\/yoast.com\/product\/yoast-seo-premium-wordpress\/ -->\n<title>Kropp- &amp; Sj\u00e4lhelg Med Noaks Ark G\u00f6teborg &amp; V\u00e4stra G\u00f6taland - Noaks Ark G\u00f6teborg &amp; V\u00e4stra G\u00f6taland<\/title>\n<meta name=\"robots\" content=\"index, follow, max-snippet:-1, max-image-preview:large, max-video-preview:-1\" \/>\n<link rel=\"canonical\" href=\"https:\/\/noaksark.org\/gvg\/en\/kalender\/kropp-sjalhelg-med-noaks-ark-goteborg-vastra-gotaland\/\" \/>\n<meta property=\"og:locale\" content=\"en_US\" \/>\n<meta property=\"og:type\" content=\"article\" \/>\n<meta property=\"og:title\" content=\"Kropp- &amp; Sj\u00e4lhelg Med Noaks Ark G\u00f6teborg &amp; V\u00e4stra G\u00f6taland\" \/>\n<meta property=\"og:description\" content=\"V\u00e4lkommen till var \u00e5rliga helg f\u00f6r h\u00e4lsa och v\u00e4lm\u00e5ende riktad till dig som lever med hiv. \ud83e\udd70 Under denna helg f\u00e5r du m\u00f6jlighet att utbyta erfarenheter och delta i sociala aktiviteter med andra.\u2728Helgen \u00e4r kostndadsfri...\" \/>\n<meta property=\"og:url\" content=\"https:\/\/noaksark.org\/gvg\/en\/kalender\/kropp-sjalhelg-med-noaks-ark-goteborg-vastra-gotaland\/\" \/>\n<meta property=\"og:site_name\" content=\"Noaks Ark G\u00f6teborg &amp; V\u00e4stra G\u00f6taland\" \/>\n<meta property=\"article:modified_time\" content=\"2024-12-19T10:15:12+00:00\" \/>\n<meta property=\"og:image\" content=\"https:\/\/noaksark.org\/gvg\/wp-content\/uploads\/sites\/7\/2023\/10\/Instagram-ruta-4.png\" \/>\n\t<meta property=\"og:image:width\" content=\"1068\" \/>\n\t<meta property=\"og:image:height\" content=\"1080\" \/>\n\t<meta property=\"og:image:type\" content=\"image\/png\" \/>\n<meta name=\"twitter:card\" content=\"summary_large_image\" \/>\n<meta name=\"twitter:label1\" content=\"Est. reading time\" \/>\n\t<meta name=\"twitter:data1\" content=\"1 minute\" \/>\n<script type=\"application\/ld+json\" class=\"yoast-schema-graph\">{\"@context\":\"https:\\\/\\\/schema.org\",\"@graph\":[{\"@type\":\"WebPage\",\"@id\":\"https:\\\/\\\/noaksark.org\\\/gvg\\\/en\\\/kalender\\\/kropp-sjalhelg-med-noaks-ark-goteborg-vastra-gotaland\\\/\",\"url\":\"https:\\\/\\\/noaksark.org\\\/gvg\\\/en\\\/kalender\\\/kropp-sjalhelg-med-noaks-ark-goteborg-vastra-gotaland\\\/\",\"name\":\"Kropp- &amp; Sj\u00e4lhelg Med Noaks Ark G\u00f6teborg &amp; V\u00e4stra G\u00f6taland - Noaks Ark G\u00f6teborg &amp; V\u00e4stra G\u00f6taland\",\"isPartOf\":{\"@id\":\"https:\\\/\\\/noaksark.org\\\/gvg\\\/en\\\/#website\"},\"primaryImageOfPage\":{\"@id\":\"https:\\\/\\\/noaksark.org\\\/gvg\\\/en\\\/kalender\\\/kropp-sjalhelg-med-noaks-ark-goteborg-vastra-gotaland\\\/#primaryimage\"},\"image\":{\"@id\":\"https:\\\/\\\/noaksark.org\\\/gvg\\\/en\\\/kalender\\\/kropp-sjalhelg-med-noaks-ark-goteborg-vastra-gotaland\\\/#primaryimage\"},\"thumbnailUrl\":\"https:\\\/\\\/noaksark.org\\\/gvg\\\/wp-content\\\/uploads\\\/sites\\\/7\\\/2023\\\/10\\\/Instagram-ruta-4.png\",\"datePublished\":\"2023-10-05T13:25:16+00:00\",\"dateModified\":\"2024-12-19T10:15:12+00:00\",\"breadcrumb\":{\"@id\":\"https:\\\/\\\/noaksark.org\\\/gvg\\\/en\\\/kalender\\\/kropp-sjalhelg-med-noaks-ark-goteborg-vastra-gotaland\\\/#breadcrumb\"},\"inLanguage\":\"en-US\",\"potentialAction\":[{\"@type\":\"ReadAction\",\"target\":[\"https:\\\/\\\/noaksark.org\\\/gvg\\\/en\\\/kalender\\\/kropp-sjalhelg-med-noaks-ark-goteborg-vastra-gotaland\\\/\"]}]},{\"@type\":\"ImageObject\",\"inLanguage\":\"en-US\",\"@id\":\"https:\\\/\\\/noaksark.org\\\/gvg\\\/en\\\/kalender\\\/kropp-sjalhelg-med-noaks-ark-goteborg-vastra-gotaland\\\/#primaryimage\",\"url\":\"https:\\\/\\\/noaksark.org\\\/gvg\\\/wp-content\\\/uploads\\\/sites\\\/7\\\/2023\\\/10\\\/Instagram-ruta-4.png\",\"contentUrl\":\"https:\\\/\\\/noaksark.org\\\/gvg\\\/wp-content\\\/uploads\\\/sites\\\/7\\\/2023\\\/10\\\/Instagram-ruta-4.png\",\"width\":1068,\"height\":1080},{\"@type\":\"BreadcrumbList\",\"@id\":\"https:\\\/\\\/noaksark.org\\\/gvg\\\/en\\\/kalender\\\/kropp-sjalhelg-med-noaks-ark-goteborg-vastra-gotaland\\\/#breadcrumb\",\"itemListElement\":[{\"@type\":\"ListItem\",\"position\":1,\"name\":\"Home\",\"item\":\"https:\\\/\\\/noaksark.org\\\/gvg\\\/en\\\/\"},{\"@type\":\"ListItem\",\"position\":2,\"name\":\"Kropp- &amp; Sj\u00e4lhelg Med Noaks Ark G\u00f6teborg &amp; V\u00e4stra G\u00f6taland\"}]},{\"@type\":\"WebSite\",\"@id\":\"https:\\\/\\\/noaksark.org\\\/gvg\\\/en\\\/#website\",\"url\":\"https:\\\/\\\/noaksark.org\\\/gvg\\\/en\\\/\",\"name\":\"Noaks Ark G\u00f6teborg &amp; V\u00e4stra G\u00f6taland\",\"description\":\"\",\"potentialAction\":[{\"@type\":\"SearchAction\",\"target\":{\"@type\":\"EntryPoint\",\"urlTemplate\":\"https:\\\/\\\/noaksark.org\\\/gvg\\\/en\\\/?s={search_term_string}\"},\"query-input\":{\"@type\":\"PropertyValueSpecification\",\"valueRequired\":true,\"valueName\":\"search_term_string\"}}],\"inLanguage\":\"en-US\"}]}<\/script>\n<!-- \/ Yoast SEO Premium plugin. -->","yoast_head_json":{"title":"Kropp- &amp; Sj\u00e4lhelg Med Noaks Ark G\u00f6teborg &amp; V\u00e4stra G\u00f6taland - Noaks Ark G\u00f6teborg &amp; V\u00e4stra G\u00f6taland","robots":{"index":"index","follow":"follow","max-snippet":"max-snippet:-1","max-image-preview":"max-image-preview:large","max-video-preview":"max-video-preview:-1"},"canonical":"https:\/\/noaksark.org\/gvg\/en\/kalender\/kropp-sjalhelg-med-noaks-ark-goteborg-vastra-gotaland\/","og_locale":"en_US","og_type":"article","og_title":"Kropp- &amp; Sj\u00e4lhelg Med Noaks Ark G\u00f6teborg &amp; V\u00e4stra G\u00f6taland","og_description":"V\u00e4lkommen till var \u00e5rliga helg f\u00f6r h\u00e4lsa och v\u00e4lm\u00e5ende riktad till dig som lever med hiv. \ud83e\udd70 Under denna helg f\u00e5r du m\u00f6jlighet att utbyta erfarenheter och delta i sociala aktiviteter med andra.\u2728Helgen \u00e4r kostndadsfri...","og_url":"https:\/\/noaksark.org\/gvg\/en\/kalender\/kropp-sjalhelg-med-noaks-ark-goteborg-vastra-gotaland\/","og_site_name":"Noaks Ark G\u00f6teborg &amp; V\u00e4stra G\u00f6taland","article_modified_time":"2024-12-19T10:15:12+00:00","og_image":[{"width":1068,"height":1080,"url":"https:\/\/noaksark.org\/gvg\/wp-content\/uploads\/sites\/7\/2023\/10\/Instagram-ruta-4.png","type":"image\/png"}],"twitter_card":"summary_large_image","twitter_misc":{"Est. reading time":"1 minute"},"schema":{"@context":"https:\/\/schema.org","@graph":[{"@type":"WebPage","@id":"https:\/\/noaksark.org\/gvg\/en\/kalender\/kropp-sjalhelg-med-noaks-ark-goteborg-vastra-gotaland\/","url":"https:\/\/noaksark.org\/gvg\/en\/kalender\/kropp-sjalhelg-med-noaks-ark-goteborg-vastra-gotaland\/","name":"Kropp- &amp; Sj\u00e4lhelg Med Noaks Ark G\u00f6teborg &amp; V\u00e4stra G\u00f6taland - Noaks Ark G\u00f6teborg &amp; V\u00e4stra G\u00f6taland","isPartOf":{"@id":"https:\/\/noaksark.org\/gvg\/en\/#website"},"primaryImageOfPage":{"@id":"https:\/\/noaksark.org\/gvg\/en\/kalender\/kropp-sjalhelg-med-noaks-ark-goteborg-vastra-gotaland\/#primaryimage"},"image":{"@id":"https:\/\/noaksark.org\/gvg\/en\/kalender\/kropp-sjalhelg-med-noaks-ark-goteborg-vastra-gotaland\/#primaryimage"},"thumbnailUrl":"https:\/\/noaksark.org\/gvg\/wp-content\/uploads\/sites\/7\/2023\/10\/Instagram-ruta-4.png","datePublished":"2023-10-05T13:25:16+00:00","dateModified":"2024-12-19T10:15:12+00:00","breadcrumb":{"@id":"https:\/\/noaksark.org\/gvg\/en\/kalender\/kropp-sjalhelg-med-noaks-ark-goteborg-vastra-gotaland\/#breadcrumb"},"inLanguage":"en-US","potentialAction":[{"@type":"ReadAction","target":["https:\/\/noaksark.org\/gvg\/en\/kalender\/kropp-sjalhelg-med-noaks-ark-goteborg-vastra-gotaland\/"]}]},{"@type":"ImageObject","inLanguage":"en-US","@id":"https:\/\/noaksark.org\/gvg\/en\/kalender\/kropp-sjalhelg-med-noaks-ark-goteborg-vastra-gotaland\/#primaryimage","url":"https:\/\/noaksark.org\/gvg\/wp-content\/uploads\/sites\/7\/2023\/10\/Instagram-ruta-4.png","contentUrl":"https:\/\/noaksark.org\/gvg\/wp-content\/uploads\/sites\/7\/2023\/10\/Instagram-ruta-4.png","width":1068,"height":1080},{"@type":"BreadcrumbList","@id":"https:\/\/noaksark.org\/gvg\/en\/kalender\/kropp-sjalhelg-med-noaks-ark-goteborg-vastra-gotaland\/#breadcrumb","itemListElement":[{"@type":"ListItem","position":1,"name":"Home","item":"https:\/\/noaksark.org\/gvg\/en\/"},{"@type":"ListItem","position":2,"name":"Kropp- &amp; Sj\u00e4lhelg Med Noaks Ark G\u00f6teborg &amp; V\u00e4stra G\u00f6taland"}]},{"@type":"WebSite","@id":"https:\/\/noaksark.org\/gvg\/en\/#website","url":"https:\/\/noaksark.org\/gvg\/en\/","name":"Noaks Ark G\u00f6teborg &amp; V\u00e4stra G\u00f6taland","description":"","potentialAction":[{"@type":"SearchAction","target":{"@type":"EntryPoint","urlTemplate":"https:\/\/noaksark.org\/gvg\/en\/?s={search_term_string}"},"query-input":{"@type":"PropertyValueSpecification","valueRequired":true,"valueName":"search_term_string"}}],"inLanguage":"en-US"}]}},"_links":{"self":[{"href":"https:\/\/noaksark.org\/gvg\/en\/wp-json\/wp\/v2\/calendar\/2789","targetHints":{"allow":["GET"]}}],"collection":[{"href":"https:\/\/noaksark.org\/gvg\/en\/wp-json\/wp\/v2\/calendar"}],"about":[{"href":"https:\/\/noaksark.org\/gvg\/en\/wp-json\/wp\/v2\/types\/calendar"}],"wp:featuredmedia":[{"embeddable":true,"href":"https:\/\/noaksark.org\/gvg\/en\/wp-json\/wp\/v2\/media\/2790"}],"wp:attachment":[{"href":"https:\/\/noaksark.org\/gvg\/en\/wp-json\/wp\/v2\/media?parent=2789"}],"wp:term":[{"taxonomy":"calendar-category","embeddable":true,"href":"https:\/\/noaksark.org\/gvg\/en\/wp-json\/wp\/v2\/calendar-category?post=2789"},{"taxonomy":"target-group","embeddable":true,"href":"https:\/\/noaksark.org\/gvg\/en\/wp-json\/wp\/v2\/target-group?post=2789"},{"taxonomy":"calendar_tag","embeddable":true,"href":"https:\/\/noaksark.org\/gvg\/en\/wp-json\/wp\/v2\/calendar_tag?post=2789"}],"curies":[{"name":"wp","href":"https:\/\/api.w.org\/{rel}","templated":true}]}}

Kropp- &amp; Själhelg Med Noaks Ark Göteborg &amp; Västra Götaland

<p>Välkommen till var årliga helg för hälsa och välmående riktad till dig som lever med hiv. 🥰</p>



<p>Under denna helg får du möjlighet att utbyta erfarenheter och delta i sociala aktiviteter med andra.✨<br>Helgen är kostndadsfri och detta ingår:<br>Lunch • Kortare föreläsning • Tankeväckande föreställning • Relax med bast och badtunna bland trädtopparna • 3-rättersmiddag • Övernattning på hotellet • Frukostbuffé.</p>



<p>När: 18-19 november<br>Vart: Treetop Spa, Hangout &amp; Hotel Hisingen<br>Läs mer och anmäl dig själv eller om du vill ha med en vän eller anhörig &#8211; <a href="https://docs.google.com/forms/d/1z98jDvuEfLi4UXZkpFINeB6TEPmtePmiQ-ScSP6Q3sw/viewform?pli=1&amp;pli=1&amp;edit_requested=true">här</a>.</p>

<p>Välkommen till var årliga helg för hälsa och välmående riktad till dig som lever med hiv. 🥰 Under denna helg får du möjlighet att utbyta erfarenheter och delta i sociala aktiviteter med andra.✨Helgen är kostndadsfri&#8230;</p>

<!-- This site is optimized with the Yoast SEO Premium plugin v27.4 (Yoast SEO v27.5) - https://yoast.com/product/yoast-seo-premium-wordpress/ -->
<title>Kropp- &amp; Själhelg Med Noaks Ark Göteborg &amp; Västra Götaland - Noaks Ark Göteborg &amp; Västra Götaland</title>
<meta name="robots" content="index, follow, max-snippet:-1, max-image-preview:large, max-video-preview:-1" />
<link rel="canonical" href="https://noaksark.org/gvg/en/kalender/kropp-sjalhelg-med-noaks-ark-goteborg-vastra-gotaland/" />
<meta property="og:locale" content="en_US" />
<meta property="og:type" content="article" />
<meta property="og:title" content="Kropp- &amp; Själhelg Med Noaks Ark Göteborg &amp; Västra Götaland" />
<meta property="og:description" content="Välkommen till var årliga helg för hälsa och välmående riktad till dig som lever med hiv. 🥰 Under denna helg får du möjlighet att utbyta erfarenheter och delta i sociala aktiviteter med andra.✨Helgen är kostndadsfri..." />
<meta property="og:url" content="https://noaksark.org/gvg/en/kalender/kropp-sjalhelg-med-noaks-ark-goteborg-vastra-gotaland/" />
<meta property="og:site_name" content="Noaks Ark Göteborg &amp; Västra Götaland" />
<meta property="article:modified_time" content="2024-12-19T10:15:12+00:00" />
<meta property="og:image" content="https://noaksark.org/gvg/wp-content/uploads/sites/7/2023/10/Instagram-ruta-4.png" />
	<meta property="og:image:width" content="1068" />
	<meta property="og:image:height" content="1080" />
	<meta property="og:image:type" content="image/png" />
<meta name="twitter:card" content="summary_large_image" />
<meta name="twitter:label1" content="Est. reading time" />
	<meta name="twitter:data1" content="1 minute" />
<script type="application/ld+json" class="yoast-schema-graph">{"@context":"https:\/\/schema.org","@graph":[{"@type":"WebPage","@id":"https:\/\/noaksark.org\/gvg\/en\/kalender\/kropp-sjalhelg-med-noaks-ark-goteborg-vastra-gotaland\/","url":"https:\/\/noaksark.org\/gvg\/en\/kalender\/kropp-sjalhelg-med-noaks-ark-goteborg-vastra-gotaland\/","name":"Kropp- &amp; Själhelg Med Noaks Ark Göteborg &amp; Västra Götaland - Noaks Ark Göteborg &amp; Västra Götaland","isPartOf":{"@id":"https:\/\/noaksark.org\/gvg\/en\/#website"},"primaryImageOfPage":{"@id":"https:\/\/noaksark.org\/gvg\/en\/kalender\/kropp-sjalhelg-med-noaks-ark-goteborg-vastra-gotaland\/#primaryimage"},"image":{"@id":"https:\/\/noaksark.org\/gvg\/en\/kalender\/kropp-sjalhelg-med-noaks-ark-goteborg-vastra-gotaland\/#primaryimage"},"thumbnailUrl":"https:\/\/noaksark.org\/gvg\/wp-content\/uploads\/sites\/7\/2023\/10\/Instagram-ruta-4.png","datePublished":"2023-10-05T13:25:16+00:00","dateModified":"2024-12-19T10:15:12+00:00","breadcrumb":{"@id":"https:\/\/noaksark.org\/gvg\/en\/kalender\/kropp-sjalhelg-med-noaks-ark-goteborg-vastra-gotaland\/#breadcrumb"},"inLanguage":"en-US","potentialAction":[{"@type":"ReadAction","target":["https:\/\/noaksark.org\/gvg\/en\/kalender\/kropp-sjalhelg-med-noaks-ark-goteborg-vastra-gotaland\/"]}]},{"@type":"ImageObject","inLanguage":"en-US","@id":"https:\/\/noaksark.org\/gvg\/en\/kalender\/kropp-sjalhelg-med-noaks-ark-goteborg-vastra-gotaland\/#primaryimage","url":"https:\/\/noaksark.org\/gvg\/wp-content\/uploads\/sites\/7\/2023\/10\/Instagram-ruta-4.png","contentUrl":"https:\/\/noaksark.org\/gvg\/wp-content\/uploads\/sites\/7\/2023\/10\/Instagram-ruta-4.png","width":1068,"height":1080},{"@type":"BreadcrumbList","@id":"https:\/\/noaksark.org\/gvg\/en\/kalender\/kropp-sjalhelg-med-noaks-ark-goteborg-vastra-gotaland\/#breadcrumb","itemListElement":[{"@type":"ListItem","position":1,"name":"Home","item":"https:\/\/noaksark.org\/gvg\/en\/"},{"@type":"ListItem","position":2,"name":"Kropp- &amp; Själhelg Med Noaks Ark Göteborg &amp; Västra Götaland"}]},{"@type":"WebSite","@id":"https:\/\/noaksark.org\/gvg\/en\/#website","url":"https:\/\/noaksark.org\/gvg\/en\/","name":"Noaks Ark Göteborg &amp; Västra Götaland","description":"","potentialAction":[{"@type":"SearchAction","target":{"@type":"EntryPoint","urlTemplate":"https:\/\/noaksark.org\/gvg\/en\/?s={search_term_string}"},"query-input":{"@type":"PropertyValueSpecification","valueRequired":true,"valueName":"search_term_string"}}],"inLanguage":"en-US"}]}</script>
<!-- / Yoast SEO Premium plugin. -->

Kropp- &amp; Själhelg Med Noaks Ark Göteborg &amp; Västra Götaland - Noaks Ark Göteborg &amp; Västra Götaland

Välkommen till var årliga helg för hälsa och välmående riktad till dig som lever med hiv. 🥰 Under denna helg får du möjlighet att utbyta erfarenheter och delta i sociala aktiviteter med andra.✨Helgen är kostndadsfri...

Noaks Ark Göteborg &amp; Västra Götaland
